{"id":20411,"date":"2025-06-20T20:03:00","date_gmt":"2025-06-21T00:03:00","guid":{"rendered":"https:\/\/www.multicasa.com.br\/inicio\/?post_type=product&#038;p=20411"},"modified":"2025-06-20T20:04:23","modified_gmt":"2025-06-21T00:04:23","slug":"sacola-para-vinho-com-velcro-uny-home","status":"publish","type":"product","link":"https:\/\/www.multicasa.com.br\/inicio\/produto\/sacola-para-vinho-com-velcro-uny-home\/","title":{"rendered":"Sacola para Vinho com Velcro Uny Home"},"content":{"rendered":"<p>A sacola com feltro para vinho Uny Home \u00e9 revestida em alum\u00ednio e foi desenvolvida para admiradores de um bom vinho. Pr\u00e1tica e elegante, preserva o vinho das varia\u00e7\u00f5es de temperatura, conservando-o por mais tempo. Na cor vermelha com preto, \u00e9 uma \u00f3tima op\u00e7\u00e3o de presente!<\/p>\n","protected":false},"excerpt":{"rendered":"<h4 style=\"margin: 0px;padding: 0px 0px 16px;font-family: Lato, sans-serif;font-weight: bold;line-height: 3rem;color: var(--dark-grey3);font-size: 22px;font-style: normal;letter-spacing: normal;text-align: start;text-indent: 0px;text-transform: none\">Informa\u00e7\u00f5es t\u00e9cnicas<\/h4>\n<p><span style=\"margin: 0px;padding: 0px;font-weight: 450;font-size: 14px;line-height: 21px;color: var(--dark-grey2);font-family: Lato, sans-serif;font-style: normal;letter-spacing: normal;text-align: start;text-indent: 0px;text-transform: none\">Produto: Sacola para Vinho<br \/>\nMarca: Uny Home<br \/>\nMaterial: Feltro<br \/>\nRevestimento em alum\u00ednio<br \/>\nCor: Vinho e preto<br \/>\nCaracter\u00edsticas: Fechamento por velcro<br \/>\nPreserva o vinho de oscila\u00e7\u00f5es de temperatura<br \/>\nItens Inclusos: 1 Sacola para Vinho<br \/>\nDimens\u00f5es do produto (A X L X P): 36 x 14,5 x 9,8cm<\/span><\/p>\n","protected":false},"featured_media":20494,"template":"","meta":{"_joinchat":[]},"product_brand":[],"product_cat":[93],"product_tag":[],"class_list":{"0":"post-20411","1":"product","2":"type-product","3":"status-publish","4":"has-post-thumbnail","6":"product_cat-utensilios-para-cozinha","8":"first","9":"outofstock","10":"shipping-taxable","11":"product-type-simple"},"_links":{"self":[{"href":"https:\/\/www.multicasa.com.br\/inicio\/wp-json\/wp\/v2\/product\/20411","targetHints":{"allow":["GET"]}}],"collection":[{"href":"https:\/\/www.multicasa.com.br\/inicio\/wp-json\/wp\/v2\/product"}],"about":[{"href":"https:\/\/www.multicasa.com.br\/inicio\/wp-json\/wp\/v2\/types\/product"}],"wp:featuredmedia":[{"embeddable":true,"href":"https:\/\/www.multicasa.com.br\/inicio\/wp-json\/wp\/v2\/media\/20494"}],"wp:attachment":[{"href":"https:\/\/www.multicasa.com.br\/inicio\/wp-json\/wp\/v2\/media?parent=20411"}],"wp:term":[{"taxonomy":"product_brand","embeddable":true,"href":"https:\/\/www.multicasa.com.br\/inicio\/wp-json\/wp\/v2\/product_brand?post=20411"},{"taxonomy":"product_cat","embeddable":true,"href":"https:\/\/www.multicasa.com.br\/inicio\/wp-json\/wp\/v2\/product_cat?post=20411"},{"taxonomy":"product_tag","embeddable":true,"href":"https:\/\/www.multicasa.com.br\/inicio\/wp-json\/wp\/v2\/product_tag?post=20411"}],"curies":[{"name":"wp","href":"https:\/\/api.w.org\/{rel}","templated":true}]}}