{"id":20509,"date":"2025-06-20T20:04:39","date_gmt":"2025-06-21T00:04:39","guid":{"rendered":"https:\/\/www.multicasa.com.br\/inicio\/?post_type=product&#038;p=20509"},"modified":"2026-02-04T14:18:53","modified_gmt":"2026-02-04T18:18:53","slug":"corda-poliester-8mmx1m-pt-27288-vap","status":"publish","type":"product","link":"https:\/\/www.multicasa.com.br\/inicio\/produto\/corda-poliester-8mmx1m-pt-27288-vap\/","title":{"rendered":"Corda Poliester 8Mmx1M Pt 27288 Vap"},"content":{"rendered":"<p>A corda poliester \u00e9 ideal para amarra\u00e7\u00e3o de cargas, acampamentos, fardos, confec\u00e7\u00e3o de barrigueiras, redes de prote\u00e7\u00e3o esportivas, utiliza\u00e7\u00e3o em frigor\u00edficos, cortinas de avi\u00e1rios, amarra de cargas e na agricultura em geral. N\u00e3o utilizar em cadeiras suspensas, cabos de guia de seguran\u00e7a e fixa\u00e7\u00e3o de trava quedas.<\/p>\n","protected":false},"excerpt":{"rendered":"<h4 style=\"margin: 0px;padding: 0px 0px 16px;font-family: Lato, sans-serif;font-weight: bold;line-height: 3rem;color: var(--dark-grey3);font-size: 22px;font-style: normal;letter-spacing: normal;text-align: start;text-indent: 0px;text-transform: none\">Informa\u00e7\u00f5es t\u00e9cnicas<\/h4>\n<p><span style=\"margin: 0px;padding: 0px;font-weight: 450;font-size: 14px;line-height: 21px;color: var(--dark-grey2);font-family: Lato, sans-serif;font-style: normal;letter-spacing: normal;text-align: start;text-indent: 0px;text-transform: none\">Produto: CORDA POLIES.8MMX1M PT 27288 VAP<br \/>\nMarca: DMM Lopes<br \/>\nMaterial: Polipropileno<br \/>\nCor: Preta<br \/>\nCaracter\u00edsticas<br \/>\n&#8211; Ideal para amarra\u00e7\u00e3o de cargas;<br \/>\n&#8211; Acampamentos;<br \/>\n&#8211; Fardos;<br \/>\n&#8211; Confec\u00e7\u00e3o de barrigueiras;<br \/>\n&#8211; Redes de prote\u00e7\u00e3o esportivas;<br \/>\n&#8211; Utiliza\u00e7\u00e3o em frigor\u00edficos;<br \/>\n&#8211; Cortinas de avi\u00e1rios.<\/p>\n<p>Dimens\u00f5es(mm)<br \/>\n8 mm<\/span><\/p>\n","protected":false},"featured_media":27274,"template":"","meta":{"_joinchat":[]},"product_brand":[],"product_cat":[161],"product_tag":[],"class_list":{"0":"post-20509","1":"product","2":"type-product","3":"status-publish","4":"has-post-thumbnail","6":"product_cat-seguranca","8":"first","9":"outofstock","10":"shipping-taxable","11":"product-type-simple"},"_links":{"self":[{"href":"https:\/\/www.multicasa.com.br\/inicio\/wp-json\/wp\/v2\/product\/20509","targetHints":{"allow":["GET"]}}],"collection":[{"href":"https:\/\/www.multicasa.com.br\/inicio\/wp-json\/wp\/v2\/product"}],"about":[{"href":"https:\/\/www.multicasa.com.br\/inicio\/wp-json\/wp\/v2\/types\/product"}],"wp:featuredmedia":[{"embeddable":true,"href":"https:\/\/www.multicasa.com.br\/inicio\/wp-json\/wp\/v2\/media\/27274"}],"wp:attachment":[{"href":"https:\/\/www.multicasa.com.br\/inicio\/wp-json\/wp\/v2\/media?parent=20509"}],"wp:term":[{"taxonomy":"product_brand","embeddable":true,"href":"https:\/\/www.multicasa.com.br\/inicio\/wp-json\/wp\/v2\/product_brand?post=20509"},{"taxonomy":"product_cat","embeddable":true,"href":"https:\/\/www.multicasa.com.br\/inicio\/wp-json\/wp\/v2\/product_cat?post=20509"},{"taxonomy":"product_tag","embeddable":true,"href":"https:\/\/www.multicasa.com.br\/inicio\/wp-json\/wp\/v2\/product_tag?post=20509"}],"curies":[{"name":"wp","href":"https:\/\/api.w.org\/{rel}","templated":true}]}}