{"id":20572,"date":"2025-06-20T20:05:41","date_gmt":"2025-06-21T00:05:41","guid":{"rendered":"https:\/\/www.multicasa.com.br\/inicio\/?post_type=product&#038;p=20572"},"modified":"2026-04-17T10:30:12","modified_gmt":"2026-04-17T14:30:12","slug":"pincel-de-silicone-duplo-laranja-oikos","status":"publish","type":"product","link":"https:\/\/www.multicasa.com.br\/inicio\/produto\/pincel-de-silicone-duplo-laranja-oikos\/","title":{"rendered":"Pincel de Silicone Duplo Laranja Oikos"},"content":{"rendered":"<p>O P\u00edncel de Silicone Duplo Laranja de 21cm da Oikos pode ser utilizado em diversas panelas e tigelas, inclusive antiaderente sem risco de arranh\u00f5es na panela. Fabricado com materiais de excelente qualidade para garantir maior resist\u00eancia ao produto.<\/p>\n<p>Al\u00e9m disso, possui silicone duplo e liso que garante leveza na pegada e na utiliza\u00e7\u00e3o do produto. Sem contar que possui haste que auxilia para retirar o excesso na panela sem amassar a beirada.<\/p>\n","protected":false},"excerpt":{"rendered":"<h4 style=\"margin: 0px;padding: 0px 0px 16px;font-family: Lato, sans-serif;font-weight: bold;line-height: 3rem;color: var(--dark-grey3);font-size: 22px;font-style: normal;letter-spacing: normal;text-align: start;text-indent: 0px;text-transform: none\">Informa\u00e7\u00f5es t\u00e9cnicas<\/h4>\n<p><span style=\"margin: 0px;padding: 0px;font-weight: 450;font-size: 14px;line-height: 21px;color: var(--dark-grey2);font-family: Lato, sans-serif;font-style: normal;letter-spacing: normal;text-align: start;text-indent: 0px;text-transform: none\">Produto: Pincel de Silicone Duplo<br \/>\nMarca: Oikos<br \/>\nMaterial: Silicone Duplo<br \/>\nCor: Laranja<br \/>\nCaracter\u00edsticas: Liso<br \/>\nSem risco de arranh\u00f5es nas panelas<br \/>\nMaterial de silicone duplo resistente<br \/>\nDimens\u00f5es do produto (A x L x P): 2 x 26 x 4 cm<\/span><\/p>\n","protected":false},"featured_media":20633,"template":"","meta":{"_joinchat":[]},"product_brand":[],"product_cat":[93],"product_tag":[],"class_list":{"0":"post-20572","1":"product","2":"type-product","3":"status-publish","4":"has-post-thumbnail","6":"product_cat-utensilios-para-cozinha","8":"first","9":"outofstock","10":"shipping-taxable","11":"purchasable","12":"product-type-simple"},"_links":{"self":[{"href":"https:\/\/www.multicasa.com.br\/inicio\/wp-json\/wp\/v2\/product\/20572","targetHints":{"allow":["GET"]}}],"collection":[{"href":"https:\/\/www.multicasa.com.br\/inicio\/wp-json\/wp\/v2\/product"}],"about":[{"href":"https:\/\/www.multicasa.com.br\/inicio\/wp-json\/wp\/v2\/types\/product"}],"wp:featuredmedia":[{"embeddable":true,"href":"https:\/\/www.multicasa.com.br\/inicio\/wp-json\/wp\/v2\/media\/20633"}],"wp:attachment":[{"href":"https:\/\/www.multicasa.com.br\/inicio\/wp-json\/wp\/v2\/media?parent=20572"}],"wp:term":[{"taxonomy":"product_brand","embeddable":true,"href":"https:\/\/www.multicasa.com.br\/inicio\/wp-json\/wp\/v2\/product_brand?post=20572"},{"taxonomy":"product_cat","embeddable":true,"href":"https:\/\/www.multicasa.com.br\/inicio\/wp-json\/wp\/v2\/product_cat?post=20572"},{"taxonomy":"product_tag","embeddable":true,"href":"https:\/\/www.multicasa.com.br\/inicio\/wp-json\/wp\/v2\/product_tag?post=20572"}],"curies":[{"name":"wp","href":"https:\/\/api.w.org\/{rel}","templated":true}]}}