{"id":20573,"date":"2025-06-20T20:05:41","date_gmt":"2025-06-21T00:05:41","guid":{"rendered":"https:\/\/www.multicasa.com.br\/inicio\/?post_type=product&#038;p=20573"},"modified":"2026-02-12T17:21:13","modified_gmt":"2026-02-12T21:21:13","slug":"pincel-de-silicone-preto-oikos-206cm","status":"publish","type":"product","link":"https:\/\/www.multicasa.com.br\/inicio\/produto\/pincel-de-silicone-preto-oikos-206cm\/","title":{"rendered":"Pincel de Silicone Preto Oikos 20,6cm"},"content":{"rendered":"<p>O Pincel de Silicone da Oikos \u00e9 ideal para pincelar manteiga, mel e outros l\u00edquidos nos alimentos. Perfeito para maior aproveitamento na hora de preparar suas receitas, \u00e9 produzido em silicone preto e mede 20,6cm. Leve e seguro, proporciona manuseio pr\u00e1tico e \u00e1gil. Voc\u00ea ainda pode bater a haste para tirar o excesso sem amassar o utens\u00edlio ou a borda dos recipientes. Seu material \u00e9 de f\u00e1cil limpeza e sua superf\u00edcie lisa n\u00e3o ret\u00e9m cheiro, n\u00e3o prolifera bact\u00e9rias e n\u00e3o conduz calor. Um item indispens\u00e1vel na sua cozinha.<\/p>\n","protected":false},"excerpt":{"rendered":"<h4 style=\"margin: 0px;padding: 0px 0px 16px;font-family: Lato, sans-serif;font-weight: bold;line-height: 3rem;color: var(--dark-grey3);font-size: 22px;font-style: normal;letter-spacing: normal;text-align: start;text-indent: 0px;text-transform: none\">Informa\u00e7\u00f5es t\u00e9cnicas<\/h4>\n<p><span style=\"margin: 0px;padding: 0px;font-weight: 450;font-size: 14px;line-height: 21px;color: var(--dark-grey2);font-family: Lato, sans-serif;font-style: normal;letter-spacing: normal;text-align: start;text-indent: 0px;text-transform: none\">Produto: Pincel de silicone<br \/>\nMarca: Oikos<br \/>\nMaterial: Silicone<br \/>\nCor: Preto<br \/>\nItens Inclusos: 1 Pincel de silicone<br \/>\nDimens\u00f5es do produto (A): 20,6cm<\/span><\/p>\n","protected":false},"featured_media":20634,"template":"","meta":{"_joinchat":[]},"product_brand":[],"product_cat":[93],"product_tag":[],"class_list":{"0":"post-20573","1":"product","2":"type-product","3":"status-publish","4":"has-post-thumbnail","6":"product_cat-utensilios-para-cozinha","8":"first","9":"instock","10":"shipping-taxable","11":"purchasable","12":"product-type-simple"},"_links":{"self":[{"href":"https:\/\/www.multicasa.com.br\/inicio\/wp-json\/wp\/v2\/product\/20573","targetHints":{"allow":["GET"]}}],"collection":[{"href":"https:\/\/www.multicasa.com.br\/inicio\/wp-json\/wp\/v2\/product"}],"about":[{"href":"https:\/\/www.multicasa.com.br\/inicio\/wp-json\/wp\/v2\/types\/product"}],"wp:featuredmedia":[{"embeddable":true,"href":"https:\/\/www.multicasa.com.br\/inicio\/wp-json\/wp\/v2\/media\/20634"}],"wp:attachment":[{"href":"https:\/\/www.multicasa.com.br\/inicio\/wp-json\/wp\/v2\/media?parent=20573"}],"wp:term":[{"taxonomy":"product_brand","embeddable":true,"href":"https:\/\/www.multicasa.com.br\/inicio\/wp-json\/wp\/v2\/product_brand?post=20573"},{"taxonomy":"product_cat","embeddable":true,"href":"https:\/\/www.multicasa.com.br\/inicio\/wp-json\/wp\/v2\/product_cat?post=20573"},{"taxonomy":"product_tag","embeddable":true,"href":"https:\/\/www.multicasa.com.br\/inicio\/wp-json\/wp\/v2\/product_tag?post=20573"}],"curies":[{"name":"wp","href":"https:\/\/api.w.org\/{rel}","templated":true}]}}