{"id":20699,"date":"2025-06-20T20:07:40","date_gmt":"2025-06-21T00:07:40","guid":{"rendered":"https:\/\/www.multicasa.com.br\/inicio\/?post_type=product&#038;p=20699"},"modified":"2025-06-20T20:08:15","modified_gmt":"2025-06-21T00:08:15","slug":"jogo-de-potes-de-inox-uny-home-3-pecas","status":"publish","type":"product","link":"https:\/\/www.multicasa.com.br\/inicio\/produto\/jogo-de-potes-de-inox-uny-home-3-pecas\/","title":{"rendered":"Jogo de Potes de Inox Uny Home 3 Pe\u00e7as"},"content":{"rendered":"<p>O Jogo de Potes de Inox Uny Home vai facilitar a armazenagem de alimentos de forma higi\u00eanica e pr\u00e1tica. Com tampa pl\u00e1stica, leva beleza e versatilidade \u00e0 cozinha. S\u00e3o 3 potes redondos de tamanhos diferentes: pote P com 10,5 x 5cm; pote M que mede 13 x 5,5cm e pote G de 15,5 x 6,5cm.<\/p>\n","protected":false},"excerpt":{"rendered":"<h4 style=\"margin: 0px;padding: 0px 0px 16px;font-family: Lato, sans-serif;font-weight: bold;line-height: 3rem;color: var(--dark-grey3);font-size: 22px;font-style: normal;letter-spacing: normal;text-align: start;text-indent: 0px;text-transform: none\">Informa\u00e7\u00f5es t\u00e9cnicas<\/h4>\n<p><span style=\"margin: 0px;padding: 0px;font-weight: 450;font-size: 14px;line-height: 21px;color: var(--dark-grey2);font-family: Lato, sans-serif;font-style: normal;letter-spacing: normal;text-align: start;text-indent: 0px;text-transform: none\">Produto: Jogo de Potes<br \/>\nMarca: Uny Home<br \/>\nMaterial: pote de a\u00e7o inox, tampa de pl\u00e1stico<br \/>\nCor: prata, transparente<br \/>\nItens Inclusos: 3 potes de a\u00e7o inox com tampa<br \/>\nDimens\u00f5es do produto (A x L x P): Pote P: 10,5 x 5cm; Pote M: 13 x 5,5cm; Pote G: 15,5 x 6,5cm                                   Peso: P: 0,049kg; M: 0,074kg; G: 0,103kg <\/span><\/p>\n","protected":false},"featured_media":20742,"template":"","meta":{"_joinchat":[]},"product_brand":[],"product_cat":[93],"product_tag":[],"class_list":{"0":"post-20699","1":"product","2":"type-product","3":"status-publish","4":"has-post-thumbnail","6":"product_cat-utensilios-para-cozinha","8":"first","9":"outofstock","10":"shipping-taxable","11":"product-type-simple"},"_links":{"self":[{"href":"https:\/\/www.multicasa.com.br\/inicio\/wp-json\/wp\/v2\/product\/20699","targetHints":{"allow":["GET"]}}],"collection":[{"href":"https:\/\/www.multicasa.com.br\/inicio\/wp-json\/wp\/v2\/product"}],"about":[{"href":"https:\/\/www.multicasa.com.br\/inicio\/wp-json\/wp\/v2\/types\/product"}],"wp:featuredmedia":[{"embeddable":true,"href":"https:\/\/www.multicasa.com.br\/inicio\/wp-json\/wp\/v2\/media\/20742"}],"wp:attachment":[{"href":"https:\/\/www.multicasa.com.br\/inicio\/wp-json\/wp\/v2\/media?parent=20699"}],"wp:term":[{"taxonomy":"product_brand","embeddable":true,"href":"https:\/\/www.multicasa.com.br\/inicio\/wp-json\/wp\/v2\/product_brand?post=20699"},{"taxonomy":"product_cat","embeddable":true,"href":"https:\/\/www.multicasa.com.br\/inicio\/wp-json\/wp\/v2\/product_cat?post=20699"},{"taxonomy":"product_tag","embeddable":true,"href":"https:\/\/www.multicasa.com.br\/inicio\/wp-json\/wp\/v2\/product_tag?post=20699"}],"curies":[{"name":"wp","href":"https:\/\/api.w.org\/{rel}","templated":true}]}}