{"id":20735,"date":"2025-06-20T20:08:06","date_gmt":"2025-06-21T00:08:06","guid":{"rendered":"https:\/\/www.multicasa.com.br\/inicio\/?post_type=product&#038;p=20735"},"modified":"2025-06-20T20:09:07","modified_gmt":"2025-06-21T00:09:07","slug":"pote-hermetico-de-vidro-quadrado-brascooker-320ml","status":"publish","type":"product","link":"https:\/\/www.multicasa.com.br\/inicio\/produto\/pote-hermetico-de-vidro-quadrado-brascooker-320ml\/","title":{"rendered":"Pote Herm\u00e9tico de Vidro Quadrado Brascooker 320ml"},"content":{"rendered":"<p>O pote BrasCooker feito em vidro borossilicato, veio no formato quadrado com capacidade de 320ml. \u00c9 ideal para armazenar seus alimentos, deixando frescos por mais tempo. S\u00e3o pr\u00e1ticos e f\u00e1ceis de usar, livres de BPA, que \u00e9 uma subst\u00e2ncia presente em pl\u00e1sticos. S\u00e3o 100% herm\u00e9ticos (a prova de vazamentos). Barreira contra odores. Pode ser levado ao micro-ondas, freezer e m\u00e1quina de lavar lou\u00e7as. Tampa com 4 travas, vem com anel de silicone remov\u00edvel.<\/p>\n","protected":false},"excerpt":{"rendered":"<h4 style=\"margin: 0px;padding: 0px 0px 16px;font-family: Lato, sans-serif;font-weight: bold;line-height: 3rem;color: var(--dark-grey3);font-size: 22px;font-style: normal;letter-spacing: normal;text-align: start;text-indent: 0px;text-transform: none\">Informa\u00e7\u00f5es t\u00e9cnicas<\/h4>\n<p><span style=\"margin: 0px;padding: 0px;font-weight: 450;font-size: 14px;line-height: 21px;color: var(--dark-grey2);font-family: Lato, sans-serif;font-style: normal;letter-spacing: normal;text-align: start;text-indent: 0px;text-transform: none\">Produto: Pote                                                                                                                                                                   Tipo: Herm\u00e9tico<br \/>\nMarca: BrasCooker<br \/>\nMaterial: Vidro Borossilicato, polietileno, anel de silicone<br \/>\nCor: Transparente<br \/>\nCapacidade: 320ml<br \/>\nCaracter\u00edsticas: Formato quadrado, tampa herm\u00e9tica<br \/>\nItens Inclusos: 1 pote<br \/>\nDimens\u00f5es do produto (A x L x P): 11,5 x 11,5 x 6,4cm<br \/>\nPeso: 0,31kg<\/span><\/p>\n","protected":false},"featured_media":20795,"template":"","meta":{"_joinchat":[]},"product_brand":[],"product_cat":[93],"product_tag":[],"class_list":{"0":"post-20735","1":"product","2":"type-product","3":"status-publish","4":"has-post-thumbnail","6":"product_cat-utensilios-para-cozinha","8":"first","9":"outofstock","10":"shipping-taxable","11":"product-type-simple"},"_links":{"self":[{"href":"https:\/\/www.multicasa.com.br\/inicio\/wp-json\/wp\/v2\/product\/20735","targetHints":{"allow":["GET"]}}],"collection":[{"href":"https:\/\/www.multicasa.com.br\/inicio\/wp-json\/wp\/v2\/product"}],"about":[{"href":"https:\/\/www.multicasa.com.br\/inicio\/wp-json\/wp\/v2\/types\/product"}],"wp:featuredmedia":[{"embeddable":true,"href":"https:\/\/www.multicasa.com.br\/inicio\/wp-json\/wp\/v2\/media\/20795"}],"wp:attachment":[{"href":"https:\/\/www.multicasa.com.br\/inicio\/wp-json\/wp\/v2\/media?parent=20735"}],"wp:term":[{"taxonomy":"product_brand","embeddable":true,"href":"https:\/\/www.multicasa.com.br\/inicio\/wp-json\/wp\/v2\/product_brand?post=20735"},{"taxonomy":"product_cat","embeddable":true,"href":"https:\/\/www.multicasa.com.br\/inicio\/wp-json\/wp\/v2\/product_cat?post=20735"},{"taxonomy":"product_tag","embeddable":true,"href":"https:\/\/www.multicasa.com.br\/inicio\/wp-json\/wp\/v2\/product_tag?post=20735"}],"curies":[{"name":"wp","href":"https:\/\/api.w.org\/{rel}","templated":true}]}}