{"id":20759,"date":"2025-06-20T20:08:28","date_gmt":"2025-06-21T00:08:28","guid":{"rendered":"https:\/\/www.multicasa.com.br\/inicio\/?post_type=product&#038;p=20759"},"modified":"2026-04-24T15:50:49","modified_gmt":"2026-04-24T19:50:49","slug":"canaleta-branca-20x10-c-divisoria-e-fita-adesiva-steck","status":"publish","type":"product","link":"https:\/\/www.multicasa.com.br\/inicio\/produto\/canaleta-branca-20x10-c-divisoria-e-fita-adesiva-steck\/","title":{"rendered":"Canaleta Branca 20X10 C\/Divis\u00f3ria E Fita Adesiva Steck"},"content":{"rendered":"<p>Canaletas aparente s\u00e3o ideais para a organiza\u00e7\u00e3o e prote\u00e7\u00e3o em sistemas de cabeamento residencial e comerciais el\u00e9tricos, de voz, dados, som e imagem. Indicados para atender as necessidades de sistemas com deriva\u00e7\u00e3o de cabos. As canaletas acomodam os condutores de forma organizada, e auxiliam em um instala\u00e7\u00e3o r\u00e1pida, limpa e segura preservando a est\u00e9tica do ambiente. Alguns modelos contam com uma fita dupla face adesiva de alta resist\u00eancia e facilitando a aplica\u00e7\u00e3o, dispensando o uso de ferramentas.<\/p>\n","protected":false},"excerpt":{"rendered":"<h4 style=\"margin: 0px;padding: 0px 0px 16px;font-family: Lato, sans-serif;font-weight: bold;line-height: 3rem;color: var(--dark-grey3);font-size: 22px;font-style: normal;letter-spacing: normal;text-align: start;text-indent: 0px;text-transform: none\">Informa\u00e7\u00f5es t\u00e9cnicas<\/h4>\n<p><span style=\"margin: 0px;padding: 0px;font-weight: 450;font-size: 14px;line-height: 21px;color: var(--dark-grey2);font-family: Lato, sans-serif;font-style: normal;letter-spacing: normal;text-align: start;text-indent: 0px;text-transform: none\">PRODUTO: CANALETA BRANCA 20X10 C\/DIVIS\u00d3RIA E FITA ADESIVA<br \/>\nMARCA: STECK<br \/>\nMATERIAL: Termopl\u00e1stico autoextingu\u00edvel.<br \/>\nCOR: Branco<br \/>\nCARACTER\u00cdSTICAS:<br \/>\n? Em conformidade com a Norma NBR IEC 61084-1;<br \/>\n? Resist\u00eancia ao calor anormal e ao fogo 650\u00b0C;<br \/>\n? Temperatura de trabalho: -5 a 70\u00b0C;<br \/>\n? Grau de prote\u00e7\u00e3o IP 42;<br \/>\n? Tampa: PVC (Policloreto de Vinila);<br \/>\n? Base: PVC (Policloreto de Vinila);<br \/>\n? Fita Adesiva: Polietileno.<br \/>\nDIMENS\u00d5ES: 20&#215;10 mm<\/span><\/p>\n","protected":false},"featured_media":24875,"template":"","meta":{"_joinchat":[]},"product_brand":[],"product_cat":[119],"product_tag":[],"class_list":{"0":"post-20759","1":"product","2":"type-product","3":"status-publish","4":"has-post-thumbnail","6":"product_cat-materiais-eletricos","8":"first","9":"instock","10":"shipping-taxable","11":"purchasable","12":"product-type-simple"},"_links":{"self":[{"href":"https:\/\/www.multicasa.com.br\/inicio\/wp-json\/wp\/v2\/product\/20759","targetHints":{"allow":["GET"]}}],"collection":[{"href":"https:\/\/www.multicasa.com.br\/inicio\/wp-json\/wp\/v2\/product"}],"about":[{"href":"https:\/\/www.multicasa.com.br\/inicio\/wp-json\/wp\/v2\/types\/product"}],"wp:featuredmedia":[{"embeddable":true,"href":"https:\/\/www.multicasa.com.br\/inicio\/wp-json\/wp\/v2\/media\/24875"}],"wp:attachment":[{"href":"https:\/\/www.multicasa.com.br\/inicio\/wp-json\/wp\/v2\/media?parent=20759"}],"wp:term":[{"taxonomy":"product_brand","embeddable":true,"href":"https:\/\/www.multicasa.com.br\/inicio\/wp-json\/wp\/v2\/product_brand?post=20759"},{"taxonomy":"product_cat","embeddable":true,"href":"https:\/\/www.multicasa.com.br\/inicio\/wp-json\/wp\/v2\/product_cat?post=20759"},{"taxonomy":"product_tag","embeddable":true,"href":"https:\/\/www.multicasa.com.br\/inicio\/wp-json\/wp\/v2\/product_tag?post=20759"}],"curies":[{"name":"wp","href":"https:\/\/api.w.org\/{rel}","templated":true}]}}