{"id":20932,"date":"2025-06-20T20:11:26","date_gmt":"2025-06-21T00:11:26","guid":{"rendered":"https:\/\/www.multicasa.com.br\/inicio\/?post_type=product&#038;p=20932"},"modified":"2025-10-31T10:38:42","modified_gmt":"2025-10-31T14:38:42","slug":"organizador-multiuso-clear-fresh-acrilico-com-cesto-para-geladeira-ou-5l","status":"publish","type":"product","link":"https:\/\/www.multicasa.com.br\/inicio\/produto\/organizador-multiuso-clear-fresh-acrilico-com-cesto-para-geladeira-ou-5l\/","title":{"rendered":"Organizador Multiuso Clear Fresh Acr\u00edlico com Cesto para Geladeira OU 5L"},"content":{"rendered":"<p>Organize e otimize os espa\u00e7os da sua geladeira com o Organizador Multiuso OU. Feito de acr\u00edlico, \u00e9 ideal para ajudar na ordem dos alimentos refrigerados porque \u00e9 livre de BPA e n\u00e3o interfere no sabor. Com tampa e cesto, mant\u00e9m frutas, verduras e outras comidas sempre frescas e ajuda na visualiza\u00e7\u00e3o do que h\u00e1 no interior do seu eletrodom\u00e9stico. O Organizador Clear Fresh tem capacidade para at\u00e9 5 litros. <\/p>\n","protected":false},"excerpt":{"rendered":"<h4 style=\"margin: 0px;padding: 0px 0px 16px;font-family: Lato, sans-serif;font-weight: bold;line-height: 3rem;color: var(--dark-grey3);font-size: 22px;font-style: normal;letter-spacing: normal;text-align: start;text-indent: 0px;text-transform: none\">Informa\u00e7\u00f5es t\u00e9cnicas<\/h4>\n<p><span style=\"margin: 0px;padding: 0px;font-weight: 450;font-size: 14px;line-height: 21px;color: var(--dark-grey2);font-family: Lato, sans-serif;font-style: normal;letter-spacing: normal;text-align: start;text-indent: 0px;text-transform: none\">Produto: Organizador Multiuso com Cesto<br \/>\nMarca: OU<br \/>\nMaterial: Pl\u00e1stico<br \/>\nItens Inclusos: 1 organizador multiuso<br \/>\nDimens\u00f5es do produto (A x L x P): 13 x 15 x 30cm<\/span><\/p>\n","protected":false},"featured_media":27421,"template":"","meta":{"_joinchat":[]},"product_brand":[],"product_cat":[93],"product_tag":[],"class_list":{"0":"post-20932","1":"product","2":"type-product","3":"status-publish","4":"has-post-thumbnail","6":"product_cat-utensilios-para-cozinha","8":"first","9":"outofstock","10":"shipping-taxable","11":"purchasable","12":"product-type-simple"},"_links":{"self":[{"href":"https:\/\/www.multicasa.com.br\/inicio\/wp-json\/wp\/v2\/product\/20932","targetHints":{"allow":["GET"]}}],"collection":[{"href":"https:\/\/www.multicasa.com.br\/inicio\/wp-json\/wp\/v2\/product"}],"about":[{"href":"https:\/\/www.multicasa.com.br\/inicio\/wp-json\/wp\/v2\/types\/product"}],"wp:featuredmedia":[{"embeddable":true,"href":"https:\/\/www.multicasa.com.br\/inicio\/wp-json\/wp\/v2\/media\/27421"}],"wp:attachment":[{"href":"https:\/\/www.multicasa.com.br\/inicio\/wp-json\/wp\/v2\/media?parent=20932"}],"wp:term":[{"taxonomy":"product_brand","embeddable":true,"href":"https:\/\/www.multicasa.com.br\/inicio\/wp-json\/wp\/v2\/product_brand?post=20932"},{"taxonomy":"product_cat","embeddable":true,"href":"https:\/\/www.multicasa.com.br\/inicio\/wp-json\/wp\/v2\/product_cat?post=20932"},{"taxonomy":"product_tag","embeddable":true,"href":"https:\/\/www.multicasa.com.br\/inicio\/wp-json\/wp\/v2\/product_tag?post=20932"}],"curies":[{"name":"wp","href":"https:\/\/api.w.org\/{rel}","templated":true}]}}