{"id":21006,"date":"2025-06-20T20:12:39","date_gmt":"2025-06-21T00:12:39","guid":{"rendered":"https:\/\/www.multicasa.com.br\/inicio\/?post_type=product&#038;p=21006"},"modified":"2025-06-20T20:13:08","modified_gmt":"2025-06-21T00:13:08","slug":"paliteiro-de-vidro-e-inox-euro-home-5x9cm","status":"publish","type":"product","link":"https:\/\/www.multicasa.com.br\/inicio\/produto\/paliteiro-de-vidro-e-inox-euro-home-5x9cm\/","title":{"rendered":"Paliteiro de Vidro e Inox Euro Home 5x9cm"},"content":{"rendered":"<p>O Paliteiro de Vidro e Inox Euro Home 5x9cm far\u00e1 toda a diferen\u00e7a na hora de servir! Al\u00e9m da praticidade, ele combina com qualquer ambiente e vai trazer um charme especial para a sua mesa. Pode ser lavado na m\u00e1quina de lavar lou\u00e7as, facilitando suas tarefas na cozinha.<\/p>\n","protected":false},"excerpt":{"rendered":"<h4 style=\"margin: 0px;padding: 0px 0px 16px;font-family: Lato, sans-serif;font-weight: bold;line-height: 3rem;color: var(--dark-grey3);font-size: 22px;font-style: normal;letter-spacing: normal;text-align: start;text-indent: 0px;text-transform: none\">Informa\u00e7\u00f5es t\u00e9cnicas<\/h4>\n<p><span style=\"margin: 0px;padding: 0px;font-weight: 450;font-size: 14px;line-height: 21px;color: var(--dark-grey2);font-family: Lato, sans-serif;font-style: normal;letter-spacing: normal;text-align: start;text-indent: 0px;text-transform: none\">Produto: Paliteiro<br \/>\nMarca: Euro Home<br \/>\nMaterial: Vidro e Inox<br \/>\nCor: Incolor e prata                                                                                                                                         Capacidade: 120ml<br \/>\nItens Inclusos: 1 Paliteiro<br \/>\nDimens\u00f5es do produto (A X L X P): 5 x 5 x 9cm                                                                                                           Peso: 110g<\/span><\/p>\n","protected":false},"featured_media":21050,"template":"","meta":{"_joinchat":[]},"product_brand":[],"product_cat":[93],"product_tag":[],"class_list":{"0":"post-21006","1":"product","2":"type-product","3":"status-publish","4":"has-post-thumbnail","6":"product_cat-utensilios-para-cozinha","8":"first","9":"outofstock","10":"shipping-taxable","11":"product-type-simple"},"_links":{"self":[{"href":"https:\/\/www.multicasa.com.br\/inicio\/wp-json\/wp\/v2\/product\/21006","targetHints":{"allow":["GET"]}}],"collection":[{"href":"https:\/\/www.multicasa.com.br\/inicio\/wp-json\/wp\/v2\/product"}],"about":[{"href":"https:\/\/www.multicasa.com.br\/inicio\/wp-json\/wp\/v2\/types\/product"}],"wp:featuredmedia":[{"embeddable":true,"href":"https:\/\/www.multicasa.com.br\/inicio\/wp-json\/wp\/v2\/media\/21050"}],"wp:attachment":[{"href":"https:\/\/www.multicasa.com.br\/inicio\/wp-json\/wp\/v2\/media?parent=21006"}],"wp:term":[{"taxonomy":"product_brand","embeddable":true,"href":"https:\/\/www.multicasa.com.br\/inicio\/wp-json\/wp\/v2\/product_brand?post=21006"},{"taxonomy":"product_cat","embeddable":true,"href":"https:\/\/www.multicasa.com.br\/inicio\/wp-json\/wp\/v2\/product_cat?post=21006"},{"taxonomy":"product_tag","embeddable":true,"href":"https:\/\/www.multicasa.com.br\/inicio\/wp-json\/wp\/v2\/product_tag?post=21006"}],"curies":[{"name":"wp","href":"https:\/\/api.w.org\/{rel}","templated":true}]}}