{"id":21009,"date":"2025-06-20T20:12:40","date_gmt":"2025-06-21T00:12:40","guid":{"rendered":"https:\/\/www.multicasa.com.br\/inicio\/?post_type=product&#038;p=21009"},"modified":"2026-04-30T13:20:08","modified_gmt":"2026-04-30T17:20:08","slug":"fita-dupla-face-25mmx20m-transparente-tekbond","status":"publish","type":"product","link":"https:\/\/www.multicasa.com.br\/inicio\/produto\/fita-dupla-face-25mmx20m-transparente-tekbond\/","title":{"rendered":"Fita Dupla Face 25MMX20M Transparente Tekbond"},"content":{"rendered":"<p>Fita Fixa Tudo \u00e9 uma fita acr\u00edlica indicada para promover fixa\u00e7\u00e3o ultra forte de maneira f\u00e1cil, r\u00e1pida e segura. Indicada para uso interno em ambientes protegidos da luz solar e intemp\u00e9ries. Permite pendurar quadros, objetos de decora\u00e7\u00e3o, canaletas, entre outras pe\u00e7as. Adere em v\u00e1rias superf\u00edcies, como madeira, parede, vidro, acr\u00edlico e metal. <\/p>\n","protected":false},"excerpt":{"rendered":"<h4 style=\"margin: 0px;padding: 0px 0px 16px;font-family: Lato, sans-serif;font-weight: bold;line-height: 3rem;color: var(--dark-grey3);font-size: 22px;font-style: normal;letter-spacing: normal;text-align: start;text-indent: 0px;text-transform: none\">Informa\u00e7\u00f5es t\u00e9cnicas<\/h4>\n<p><span style=\"margin: 0px;padding: 0px;font-weight: 450;font-size: 14px;line-height: 21px;color: var(--dark-grey2);font-family: Lato, sans-serif;font-style: normal;letter-spacing: normal;text-align: start;text-indent: 0px;text-transform: none\"> Especifica\u00e7\u00f5es T\u00e9cnicas:<br \/>\n:: Medida: 25mm x 2m<br \/>\n:: Material: Acr\u00edlico<br \/>\n:: Adesivo: Adesivo Acr\u00edlico<br \/>\n:: Odor: Sem odor<br \/>\n:: Superf\u00edcie de ades\u00e3o: 20 N\/cm<br \/>\n:: Resist\u00eancia ao tempo de ades\u00e3o: 48 horas<br \/>\n:: Alongamento de ruptura: 280%<br \/>\n:: Teor de S\u00f3lidos: 100%<br \/>\n:: Tra\u00e7\u00e3o de ruptura: 0,7 Mpa<br \/>\n:: Temperatura de aplica\u00e7\u00e3o: 5 a 40\u00b0C<br \/>\n:: Resist\u00eancia t\u00e9rmica: &#8211; 40 a 120\u00b0C<\/span><\/p>\n","protected":false},"featured_media":27313,"template":"","meta":{"_joinchat":[]},"product_brand":[],"product_cat":[162],"product_tag":[],"class_list":{"0":"post-21009","1":"product","2":"type-product","3":"status-publish","4":"has-post-thumbnail","6":"product_cat-colas-e-cia","8":"first","9":"instock","10":"shipping-taxable","11":"purchasable","12":"product-type-simple"},"_links":{"self":[{"href":"https:\/\/www.multicasa.com.br\/inicio\/wp-json\/wp\/v2\/product\/21009","targetHints":{"allow":["GET"]}}],"collection":[{"href":"https:\/\/www.multicasa.com.br\/inicio\/wp-json\/wp\/v2\/product"}],"about":[{"href":"https:\/\/www.multicasa.com.br\/inicio\/wp-json\/wp\/v2\/types\/product"}],"wp:featuredmedia":[{"embeddable":true,"href":"https:\/\/www.multicasa.com.br\/inicio\/wp-json\/wp\/v2\/media\/27313"}],"wp:attachment":[{"href":"https:\/\/www.multicasa.com.br\/inicio\/wp-json\/wp\/v2\/media?parent=21009"}],"wp:term":[{"taxonomy":"product_brand","embeddable":true,"href":"https:\/\/www.multicasa.com.br\/inicio\/wp-json\/wp\/v2\/product_brand?post=21009"},{"taxonomy":"product_cat","embeddable":true,"href":"https:\/\/www.multicasa.com.br\/inicio\/wp-json\/wp\/v2\/product_cat?post=21009"},{"taxonomy":"product_tag","embeddable":true,"href":"https:\/\/www.multicasa.com.br\/inicio\/wp-json\/wp\/v2\/product_tag?post=21009"}],"curies":[{"name":"wp","href":"https:\/\/api.w.org\/{rel}","templated":true}]}}