{"id":21013,"date":"2025-06-20T20:12:40","date_gmt":"2025-06-21T00:12:40","guid":{"rendered":"https:\/\/www.multicasa.com.br\/inicio\/?post_type=product&#038;p=21013"},"modified":"2025-12-16T19:40:05","modified_gmt":"2025-12-16T23:40:05","slug":"abracadeira-nylon-300x37-100un-nt-frontec","status":"publish","type":"product","link":"https:\/\/www.multicasa.com.br\/inicio\/produto\/abracadeira-nylon-300x37-100un-nt-frontec\/","title":{"rendered":"Abracadeira Nylon 300X3,7 100Un Nt Frontec"},"content":{"rendered":"<p>A abra\u00e7adeira \u00e9 um item que, apesar de pequeno, pode ser muito \u00fatil. Com uma simples abra\u00e7adeira de nylon, fica muito mais f\u00e1cil e pr\u00e1tico garantir a fixa\u00e7\u00e3o de uma mangueira em algum conector, prender um cano em uma parede ou ainda organizar fios.<\/p>\n","protected":false},"excerpt":{"rendered":"<h4 style=\"margin: 0px;padding: 0px 0px 16px;font-family: Lato, sans-serif;font-weight: bold;line-height: 3rem;color: var(--dark-grey3);font-size: 22px;font-style: normal;letter-spacing: normal;text-align: start;text-indent: 0px;text-transform: none\">Informa\u00e7\u00f5es t\u00e9cnicas<\/h4>\n<p><span style=\"margin: 0px;padding: 0px;font-weight: 450;font-size: 14px;line-height: 21px;color: var(--dark-grey2);font-family: Lato, sans-serif;font-style: normal;letter-spacing: normal;text-align: start;text-indent: 0px;text-transform: none\">Produto: ABRACADEIRA NY.300X3,7 100UN NT FRO<br \/>\nMarca: Frontec<br \/>\nMaterial: PA 6.6<br \/>\nCor: Natural<br \/>\nCaracter\u00edsticas<br \/>\n&#8211; Firma cabos el\u00e9tricos, embalagens, componentes e diversos outros objetos \u00e0s mais diversificadas superf\u00edcies.<\/p>\n<p>Dimens\u00f5es:<br \/>\n300 X 3,7 mm<\/span><\/p>\n","protected":false},"featured_media":24559,"template":"","meta":{"_joinchat":[]},"product_brand":[],"product_cat":[119],"product_tag":[],"class_list":{"0":"post-21013","1":"product","2":"type-product","3":"status-publish","4":"has-post-thumbnail","6":"product_cat-materiais-eletricos","8":"first","9":"instock","10":"shipping-taxable","11":"purchasable","12":"product-type-simple"},"_links":{"self":[{"href":"https:\/\/www.multicasa.com.br\/inicio\/wp-json\/wp\/v2\/product\/21013","targetHints":{"allow":["GET"]}}],"collection":[{"href":"https:\/\/www.multicasa.com.br\/inicio\/wp-json\/wp\/v2\/product"}],"about":[{"href":"https:\/\/www.multicasa.com.br\/inicio\/wp-json\/wp\/v2\/types\/product"}],"wp:featuredmedia":[{"embeddable":true,"href":"https:\/\/www.multicasa.com.br\/inicio\/wp-json\/wp\/v2\/media\/24559"}],"wp:attachment":[{"href":"https:\/\/www.multicasa.com.br\/inicio\/wp-json\/wp\/v2\/media?parent=21013"}],"wp:term":[{"taxonomy":"product_brand","embeddable":true,"href":"https:\/\/www.multicasa.com.br\/inicio\/wp-json\/wp\/v2\/product_brand?post=21013"},{"taxonomy":"product_cat","embeddable":true,"href":"https:\/\/www.multicasa.com.br\/inicio\/wp-json\/wp\/v2\/product_cat?post=21013"},{"taxonomy":"product_tag","embeddable":true,"href":"https:\/\/www.multicasa.com.br\/inicio\/wp-json\/wp\/v2\/product_tag?post=21013"}],"curies":[{"name":"wp","href":"https:\/\/api.w.org\/{rel}","templated":true}]}}