{"id":21036,"date":"2025-06-20T20:13:04","date_gmt":"2025-06-21T00:13:04","guid":{"rendered":"https:\/\/www.multicasa.com.br\/inicio\/?post_type=product&#038;p=21036"},"modified":"2026-04-06T11:20:16","modified_gmt":"2026-04-06T15:20:16","slug":"suporte-organizador-porta-vassouras-command-adesivo-3m","status":"publish","type":"product","link":"https:\/\/www.multicasa.com.br\/inicio\/produto\/suporte-organizador-porta-vassouras-command-adesivo-3m\/","title":{"rendered":"Suporte Organizador Porta Vassouras Command Adesivo 3M"},"content":{"rendered":"<p>O Suporte Organizador Porta Vassouras Command Adesivo da 3M permite que voc\u00ea organize vassouras e rodos da sua \u00e1rea de servi\u00e7o de forma pr\u00e1tica e r\u00e1pida, sem necessidade de ferramentas. Possui tecnologia inovadora que permite a remo\u00e7\u00e3o sem danificar a superf\u00edcie aplicada.<\/p>\n","protected":false},"excerpt":{"rendered":"<h4 style=\"margin: 0px;padding: 0px 0px 16px;font-family: Lato, sans-serif;font-weight: bold;line-height: 3rem;color: var(--dark-grey3);font-size: 22px;font-style: normal;letter-spacing: normal;text-align: start;text-indent: 0px;text-transform: none\">Informa\u00e7\u00f5es t\u00e9cnicas<\/h4>\n<p><span style=\"margin: 0px;padding: 0px;font-weight: 450;font-size: 14px;line-height: 21px;color: var(--dark-grey2);font-family: Lato, sans-serif;font-style: normal;letter-spacing: normal;text-align: start;text-indent: 0px;text-transform: none\">Produto: Suporte para vassoura<br \/>\nMarca: 3M                                                                                                                                                                Linha: Command<br \/>\nMaterial: Poliestireno<br \/>\nCor: Branco e cinza<br \/>\nCaracter\u00edsticas: Suporta at\u00e9 1,8kg<br \/>\nItens Inclusos: 1 suporte para vassoura<br \/>\nDimens\u00f5es do produto (A X L X P): 17 x 10,7 x 6,6cm<br \/>\nPeso: 50,7g<\/span><\/p>\n","protected":false},"featured_media":21079,"template":"","meta":{"_joinchat":[]},"product_brand":[],"product_cat":[162],"product_tag":[],"class_list":{"0":"post-21036","1":"product","2":"type-product","3":"status-publish","4":"has-post-thumbnail","6":"product_cat-colas-e-cia","8":"first","9":"instock","10":"shipping-taxable","11":"purchasable","12":"product-type-simple"},"_links":{"self":[{"href":"https:\/\/www.multicasa.com.br\/inicio\/wp-json\/wp\/v2\/product\/21036","targetHints":{"allow":["GET"]}}],"collection":[{"href":"https:\/\/www.multicasa.com.br\/inicio\/wp-json\/wp\/v2\/product"}],"about":[{"href":"https:\/\/www.multicasa.com.br\/inicio\/wp-json\/wp\/v2\/types\/product"}],"wp:featuredmedia":[{"embeddable":true,"href":"https:\/\/www.multicasa.com.br\/inicio\/wp-json\/wp\/v2\/media\/21079"}],"wp:attachment":[{"href":"https:\/\/www.multicasa.com.br\/inicio\/wp-json\/wp\/v2\/media?parent=21036"}],"wp:term":[{"taxonomy":"product_brand","embeddable":true,"href":"https:\/\/www.multicasa.com.br\/inicio\/wp-json\/wp\/v2\/product_brand?post=21036"},{"taxonomy":"product_cat","embeddable":true,"href":"https:\/\/www.multicasa.com.br\/inicio\/wp-json\/wp\/v2\/product_cat?post=21036"},{"taxonomy":"product_tag","embeddable":true,"href":"https:\/\/www.multicasa.com.br\/inicio\/wp-json\/wp\/v2\/product_tag?post=21036"}],"curies":[{"name":"wp","href":"https:\/\/api.w.org\/{rel}","templated":true}]}}