{"id":21227,"date":"2025-06-20T20:15:53","date_gmt":"2025-06-21T00:15:53","guid":{"rendered":"https:\/\/www.multicasa.com.br\/inicio\/?post_type=product&#038;p=21227"},"modified":"2025-12-16T19:08:46","modified_gmt":"2025-12-16T23:08:46","slug":"sensor-de-presenca-de-parede-para-iluminacao-multicraft","status":"publish","type":"product","link":"https:\/\/www.multicasa.com.br\/inicio\/produto\/sensor-de-presenca-de-parede-para-iluminacao-multicraft\/","title":{"rendered":"Sensor de Presen\u00e7a de Parede para Ilumina\u00e7\u00e3o Multicraft"},"content":{"rendered":"<p>O Sensor de Presen\u00e7a de Parede Multicraft, anuncia automaticamente com campainha ding-dong quando h\u00e1 movimento no ambiente. Com bateria de 9v e tempo de an\u00fancio de 2 \u00e0 3 segundos, seu alcance frontal \u00e9 de 12 metros e seu alcance lateral \u00e9 de 2, 5 metros com angula\u00e7\u00e3o de 120\u00b0. Ideal para usar em lojas, com\u00e9rcios ou recep\u00e7\u00f5es. <\/p>\n","protected":false},"excerpt":{"rendered":"<h4 style=\"margin: 0px;padding: 0px 0px 16px;font-family: Lato, sans-serif;font-weight: bold;line-height: 3rem;color: var(--dark-grey3);font-size: 22px;font-style: normal;letter-spacing: normal;text-align: start;text-indent: 0px;text-transform: none\">Informa\u00e7\u00f5es t\u00e9cnicas<\/h4>\n<p><span style=\"margin: 0px;padding: 0px;font-weight: 450;font-size: 14px;line-height: 21px;color: var(--dark-grey2);font-family: Lato, sans-serif;font-style: normal;letter-spacing: normal;text-align: start;text-indent: 0px;text-transform: none\">Produto: Sensor anunciador<br \/>\nMarca: Multicraft<br \/>\nMaterial: Abs<br \/>\nCor: Branca<br \/>\nAlimenta\u00e7\u00e3o: Bateria 9v<br \/>\nCaracter\u00edsticas: Anuncia automaticamente<br \/>\nCampainha Ding-Dong<br \/>\nTempo de an\u00fancio de 2 a 3 segundos<br \/>\nAlcance total ajust\u00e1vel de 12m<br \/>\nAlcance lateral de 2,5m<br \/>\nFaixa de detec\u00e7\u00e3o de \u00e2ngulo 120\u00b0<br \/>\nItens Inclusos: 1 sensor anunciador<br \/>\nDimens\u00f5es (A X L): 20 x 12cm<\/span><\/p>\n","protected":false},"featured_media":21290,"template":"","meta":{"_joinchat":[]},"product_brand":[],"product_cat":[161],"product_tag":[],"class_list":{"0":"post-21227","1":"product","2":"type-product","3":"status-publish","4":"has-post-thumbnail","6":"product_cat-seguranca","8":"first","9":"outofstock","10":"shipping-taxable","11":"product-type-simple"},"_links":{"self":[{"href":"https:\/\/www.multicasa.com.br\/inicio\/wp-json\/wp\/v2\/product\/21227","targetHints":{"allow":["GET"]}}],"collection":[{"href":"https:\/\/www.multicasa.com.br\/inicio\/wp-json\/wp\/v2\/product"}],"about":[{"href":"https:\/\/www.multicasa.com.br\/inicio\/wp-json\/wp\/v2\/types\/product"}],"wp:featuredmedia":[{"embeddable":true,"href":"https:\/\/www.multicasa.com.br\/inicio\/wp-json\/wp\/v2\/media\/21290"}],"wp:attachment":[{"href":"https:\/\/www.multicasa.com.br\/inicio\/wp-json\/wp\/v2\/media?parent=21227"}],"wp:term":[{"taxonomy":"product_brand","embeddable":true,"href":"https:\/\/www.multicasa.com.br\/inicio\/wp-json\/wp\/v2\/product_brand?post=21227"},{"taxonomy":"product_cat","embeddable":true,"href":"https:\/\/www.multicasa.com.br\/inicio\/wp-json\/wp\/v2\/product_cat?post=21227"},{"taxonomy":"product_tag","embeddable":true,"href":"https:\/\/www.multicasa.com.br\/inicio\/wp-json\/wp\/v2\/product_tag?post=21227"}],"curies":[{"name":"wp","href":"https:\/\/api.w.org\/{rel}","templated":true}]}}