{"id":21360,"date":"2025-06-20T20:17:58","date_gmt":"2025-06-21T00:17:58","guid":{"rendered":"https:\/\/www.multicasa.com.br\/inicio\/?post_type=product&#038;p=21360"},"modified":"2025-06-20T20:18:50","modified_gmt":"2025-06-21T00:18:50","slug":"afiador-de-facas-fantastico-jlk","status":"publish","type":"product","link":"https:\/\/www.multicasa.com.br\/inicio\/produto\/afiador-de-facas-fantastico-jlk\/","title":{"rendered":"Afiador de Facas Fant\u00e1stico JLK"},"content":{"rendered":"<p>Afiador de Facas Fant\u00e1stico JLK alia praticidade e efici\u00eancia. O exclusivo amolador de facas da linha Fant\u00e1stico oferece facilidade e resultado efetivo na afia\u00e7\u00e3o de facas e tesouras. O segredo est\u00e1 em seu design anat\u00f4mico e suas roldanas em a\u00e7o especial que garantem qualidade na afia\u00e7\u00e3o. Item indispens\u00e1vel para sua cozinha, tenha facilidade para amolar suas facas e preparar \u00f3timas receitas sem esfor\u00e7o!<\/p>\n","protected":false},"excerpt":{"rendered":"<h4 style=\"margin: 0px;padding: 0px 0px 16px;font-family: Lato, sans-serif;font-weight: bold;line-height: 3rem;color: var(--dark-grey3);font-size: 22px;font-style: normal;letter-spacing: normal;text-align: start;text-indent: 0px;text-transform: none\">Informa\u00e7\u00f5es t\u00e9cnicas<\/h4>\n<p><span style=\"margin: 0px;padding: 0px;font-weight: 450;font-size: 14px;line-height: 21px;color: var(--dark-grey2);font-family: Lato, sans-serif;font-style: normal;letter-spacing: normal;text-align: start;text-indent: 0px;text-transform: none\">Produto: Afiador de faca<br \/>\nMarca: JLK<br \/>\nMaterial: A\u00e7o<br \/>\nPl\u00e1stico<br \/>\nCor: Branco<br \/>\nUso indicado: Afiar e amolar facas<br \/>\nItens Inclusos: 1 afiador de faca<br \/>\nDimens\u00f5es do produto (A x L x P): 5 x 15 x 3cm<\/span><\/p>\n","protected":false},"featured_media":21419,"template":"","meta":{"_joinchat":[]},"product_brand":[],"product_cat":[93],"product_tag":[],"class_list":{"0":"post-21360","1":"product","2":"type-product","3":"status-publish","4":"has-post-thumbnail","6":"product_cat-utensilios-para-cozinha","8":"first","9":"outofstock","10":"shipping-taxable","11":"product-type-simple"},"_links":{"self":[{"href":"https:\/\/www.multicasa.com.br\/inicio\/wp-json\/wp\/v2\/product\/21360","targetHints":{"allow":["GET"]}}],"collection":[{"href":"https:\/\/www.multicasa.com.br\/inicio\/wp-json\/wp\/v2\/product"}],"about":[{"href":"https:\/\/www.multicasa.com.br\/inicio\/wp-json\/wp\/v2\/types\/product"}],"wp:featuredmedia":[{"embeddable":true,"href":"https:\/\/www.multicasa.com.br\/inicio\/wp-json\/wp\/v2\/media\/21419"}],"wp:attachment":[{"href":"https:\/\/www.multicasa.com.br\/inicio\/wp-json\/wp\/v2\/media?parent=21360"}],"wp:term":[{"taxonomy":"product_brand","embeddable":true,"href":"https:\/\/www.multicasa.com.br\/inicio\/wp-json\/wp\/v2\/product_brand?post=21360"},{"taxonomy":"product_cat","embeddable":true,"href":"https:\/\/www.multicasa.com.br\/inicio\/wp-json\/wp\/v2\/product_cat?post=21360"},{"taxonomy":"product_tag","embeddable":true,"href":"https:\/\/www.multicasa.com.br\/inicio\/wp-json\/wp\/v2\/product_tag?post=21360"}],"curies":[{"name":"wp","href":"https:\/\/api.w.org\/{rel}","templated":true}]}}