{"id":21416,"date":"2025-06-20T20:18:45","date_gmt":"2025-06-21T00:18:45","guid":{"rendered":"https:\/\/www.multicasa.com.br\/inicio\/?post_type=product&#038;p=21416"},"modified":"2025-06-20T20:20:29","modified_gmt":"2025-06-21T00:20:29","slug":"fita-dupla-face-de-papel-3m-12mmx30m","status":"publish","type":"product","link":"https:\/\/www.multicasa.com.br\/inicio\/produto\/fita-dupla-face-de-papel-3m-12mmx30m\/","title":{"rendered":"Fita Dupla Face de Papel 3M &#8211; 12mmx30m"},"content":{"rendered":"<p>A Fita Crepe Dupla Face de Papel da 3M \u00e9 a melhor op\u00e7\u00e3o para colar cartazes, al\u00e9m de possibilitar a utiliza\u00e7\u00e3o em maquetes, artesanato, uso escolar, escrit\u00f3rios e outros. \u00c9 f\u00e1cil de cortar com as m\u00e3os, evitando o uso de tesouras ou estiletes e \u00e9 a solu\u00e7\u00e3o pr\u00e1tica para fixa\u00e7\u00e3o de papeis e materiais leves.<br \/>\nO rolo possui 30 metros de comprimento e 12mm de largura.<\/p>\n","protected":false},"excerpt":{"rendered":"<h4 style=\"margin: 0px;padding: 0px 0px 16px;font-family: Lato, sans-serif;font-weight: bold;line-height: 3rem;color: var(--dark-grey3);font-size: 22px;font-style: normal;letter-spacing: normal;text-align: start;text-indent: 0px;text-transform: none\">Informa\u00e7\u00f5es t\u00e9cnicas<\/h4>\n<p><span style=\"margin: 0px;padding: 0px;font-weight: 450;font-size: 14px;line-height: 21px;color: var(--dark-grey2);font-family: Lato, sans-serif;font-style: normal;letter-spacing: normal;text-align: start;text-indent: 0px;text-transform: none\">Produto: Fita Dupla Face<br \/>\nMarca: 3M<br \/>\nCor: Branco<br \/>\nCaracter\u00edsticas: F\u00e1cil de cortar com as m\u00e3os<br \/>\nItens Inclusos: 1 Fita Dupla Face<br \/>\nDimens\u00f5es do produto (A X C): 12mm x 30m<br \/>\n<\/span><\/p>\n","protected":false},"featured_media":21516,"template":"","meta":{"_joinchat":[]},"product_brand":[],"product_cat":[162],"product_tag":[],"class_list":{"0":"post-21416","1":"product","2":"type-product","3":"status-publish","4":"has-post-thumbnail","6":"product_cat-colas-e-cia","8":"first","9":"outofstock","10":"shipping-taxable","11":"product-type-simple"},"_links":{"self":[{"href":"https:\/\/www.multicasa.com.br\/inicio\/wp-json\/wp\/v2\/product\/21416","targetHints":{"allow":["GET"]}}],"collection":[{"href":"https:\/\/www.multicasa.com.br\/inicio\/wp-json\/wp\/v2\/product"}],"about":[{"href":"https:\/\/www.multicasa.com.br\/inicio\/wp-json\/wp\/v2\/types\/product"}],"wp:featuredmedia":[{"embeddable":true,"href":"https:\/\/www.multicasa.com.br\/inicio\/wp-json\/wp\/v2\/media\/21516"}],"wp:attachment":[{"href":"https:\/\/www.multicasa.com.br\/inicio\/wp-json\/wp\/v2\/media?parent=21416"}],"wp:term":[{"taxonomy":"product_brand","embeddable":true,"href":"https:\/\/www.multicasa.com.br\/inicio\/wp-json\/wp\/v2\/product_brand?post=21416"},{"taxonomy":"product_cat","embeddable":true,"href":"https:\/\/www.multicasa.com.br\/inicio\/wp-json\/wp\/v2\/product_cat?post=21416"},{"taxonomy":"product_tag","embeddable":true,"href":"https:\/\/www.multicasa.com.br\/inicio\/wp-json\/wp\/v2\/product_tag?post=21416"}],"curies":[{"name":"wp","href":"https:\/\/api.w.org\/{rel}","templated":true}]}}