{"id":21491,"date":"2025-06-20T20:19:59","date_gmt":"2025-06-21T00:19:59","guid":{"rendered":"https:\/\/www.multicasa.com.br\/inicio\/?post_type=product&#038;p=21491"},"modified":"2025-06-20T20:21:25","modified_gmt":"2025-06-21T00:21:25","slug":"kit-com-3-espatulas-de-acrilico-para-manteiga-arredondada-acrylic","status":"publish","type":"product","link":"https:\/\/www.multicasa.com.br\/inicio\/produto\/kit-com-3-espatulas-de-acrilico-para-manteiga-arredondada-acrylic\/","title":{"rendered":"Kit com 3 Esp\u00e1tulas de Acr\u00edlico Para Manteiga Arredondada Acrylic"},"content":{"rendered":"<p>Com o Kit de Esp\u00e1tulas Arredondada Acrylic voc\u00ea tem 3 pe\u00e7as perfeitas para utilizar em manteiga, pat\u00eas, cremes e outras pastas. Em acr\u00edlico transparente, este kit de facas arredondadas \u00e9 perfeito para ter na sua cozinha.<\/p>\n","protected":false},"excerpt":{"rendered":"<h4 style=\"margin: 0px;padding: 0px 0px 16px;font-family: Lato, sans-serif;font-weight: bold;line-height: 3rem;color: var(--dark-grey3);font-size: 22px;font-style: normal;letter-spacing: normal;text-align: start;text-indent: 0px;text-transform: none\">Informa\u00e7\u00f5es t\u00e9cnicas<\/h4>\n<p><span style=\"margin: 0px;padding: 0px;font-weight: 450;font-size: 14px;line-height: 21px;color: var(--dark-grey2);font-family: Lato, sans-serif;font-style: normal;letter-spacing: normal;text-align: start;text-indent: 0px;text-transform: none\">Produto: Esp\u00e1tula arredondada<br \/>\nMarca: Acryllic<br \/>\nMaterial: Acr\u00edlica<br \/>\nCor: Incolor<br \/>\nQuantidade de pe\u00e7as: 3<br \/>\nItens Inclusos: 3 esp\u00e1tula arredondada<br \/>\nDimens\u00f5es do produto (L X P): 14,5 x 2,3cm<\/span><\/p>\n","protected":false},"featured_media":21577,"template":"","meta":{"_joinchat":[]},"product_brand":[],"product_cat":[93],"product_tag":[],"class_list":{"0":"post-21491","1":"product","2":"type-product","3":"status-publish","4":"has-post-thumbnail","6":"product_cat-utensilios-para-cozinha","8":"first","9":"outofstock","10":"shipping-taxable","11":"product-type-simple"},"_links":{"self":[{"href":"https:\/\/www.multicasa.com.br\/inicio\/wp-json\/wp\/v2\/product\/21491","targetHints":{"allow":["GET"]}}],"collection":[{"href":"https:\/\/www.multicasa.com.br\/inicio\/wp-json\/wp\/v2\/product"}],"about":[{"href":"https:\/\/www.multicasa.com.br\/inicio\/wp-json\/wp\/v2\/types\/product"}],"wp:featuredmedia":[{"embeddable":true,"href":"https:\/\/www.multicasa.com.br\/inicio\/wp-json\/wp\/v2\/media\/21577"}],"wp:attachment":[{"href":"https:\/\/www.multicasa.com.br\/inicio\/wp-json\/wp\/v2\/media?parent=21491"}],"wp:term":[{"taxonomy":"product_brand","embeddable":true,"href":"https:\/\/www.multicasa.com.br\/inicio\/wp-json\/wp\/v2\/product_brand?post=21491"},{"taxonomy":"product_cat","embeddable":true,"href":"https:\/\/www.multicasa.com.br\/inicio\/wp-json\/wp\/v2\/product_cat?post=21491"},{"taxonomy":"product_tag","embeddable":true,"href":"https:\/\/www.multicasa.com.br\/inicio\/wp-json\/wp\/v2\/product_tag?post=21491"}],"curies":[{"name":"wp","href":"https:\/\/api.w.org\/{rel}","templated":true}]}}