{"id":21513,"date":"2025-06-20T20:20:26","date_gmt":"2025-06-21T00:20:26","guid":{"rendered":"https:\/\/www.multicasa.com.br\/inicio\/?post_type=product&#038;p=21513"},"modified":"2025-06-20T20:21:33","modified_gmt":"2025-06-21T00:21:33","slug":"garrafa-termica-vogue-invicta-750ml","status":"publish","type":"product","link":"https:\/\/www.multicasa.com.br\/inicio\/produto\/garrafa-termica-vogue-invicta-750ml\/","title":{"rendered":"Garrafa T\u00e9rmica Vogue Invicta 750ml"},"content":{"rendered":"<p>A Garrafa T\u00e9rmica Vogue Invicta desenvolvida em pl\u00e1stico e ampola em vidro, \u00e9 perfeita para a conserva\u00e7\u00e3o dos l\u00edquidos quentes ou frios. Com capacidade de 750ml e rosca dosadora, ela \u00e9 perfeita para sua rotina. Conserve ch\u00e1s, caf\u00e9, sucos e outros com efici\u00eancia.<\/p>\n","protected":false},"excerpt":{"rendered":"<h4 style=\"margin: 0px;padding: 0px 0px 16px;font-family: Lato, sans-serif;font-weight: bold;line-height: 3rem;color: var(--dark-grey3);font-size: 22px;font-style: normal;letter-spacing: normal;text-align: start;text-indent: 0px;text-transform: none\">Informa\u00e7\u00f5es t\u00e9cnicas<\/h4>\n<p><span style=\"margin: 0px;padding: 0px;font-weight: 450;font-size: 14px;line-height: 21px;color: var(--dark-grey2);font-family: Lato, sans-serif;font-style: normal;letter-spacing: normal;text-align: start;text-indent: 0px;text-transform: none\">Produto: Garrafa<br \/>\nTipo: T\u00e9rmica<br \/>\nMarca: Invicta<br \/>\nMaterial: Pl\u00e1stico<br \/>\nVidro<br \/>\nCor: Sortido<br \/>\nCapacidade: 750ml<br \/>\nCaracter\u00edsticas: Possui rosca dosadora<br \/>\nItens Inclusos: 1 garrafa<br \/>\nDimens\u00f5es do produto (A x L x P): 26,3 x 14,5 x 12,6cm<\/span><\/p>\n","protected":false},"featured_media":21583,"template":"","meta":{"_joinchat":[]},"product_brand":[],"product_cat":[93],"product_tag":[],"class_list":{"0":"post-21513","1":"product","2":"type-product","3":"status-publish","4":"has-post-thumbnail","6":"product_cat-utensilios-para-cozinha","8":"first","9":"outofstock","10":"shipping-taxable","11":"product-type-simple"},"_links":{"self":[{"href":"https:\/\/www.multicasa.com.br\/inicio\/wp-json\/wp\/v2\/product\/21513","targetHints":{"allow":["GET"]}}],"collection":[{"href":"https:\/\/www.multicasa.com.br\/inicio\/wp-json\/wp\/v2\/product"}],"about":[{"href":"https:\/\/www.multicasa.com.br\/inicio\/wp-json\/wp\/v2\/types\/product"}],"wp:featuredmedia":[{"embeddable":true,"href":"https:\/\/www.multicasa.com.br\/inicio\/wp-json\/wp\/v2\/media\/21583"}],"wp:attachment":[{"href":"https:\/\/www.multicasa.com.br\/inicio\/wp-json\/wp\/v2\/media?parent=21513"}],"wp:term":[{"taxonomy":"product_brand","embeddable":true,"href":"https:\/\/www.multicasa.com.br\/inicio\/wp-json\/wp\/v2\/product_brand?post=21513"},{"taxonomy":"product_cat","embeddable":true,"href":"https:\/\/www.multicasa.com.br\/inicio\/wp-json\/wp\/v2\/product_cat?post=21513"},{"taxonomy":"product_tag","embeddable":true,"href":"https:\/\/www.multicasa.com.br\/inicio\/wp-json\/wp\/v2\/product_tag?post=21513"}],"curies":[{"name":"wp","href":"https:\/\/api.w.org\/{rel}","templated":true}]}}