{"id":21535,"date":"2025-06-20T20:20:49","date_gmt":"2025-06-21T00:20:49","guid":{"rendered":"https:\/\/www.multicasa.com.br\/inicio\/?post_type=product&#038;p=21535"},"modified":"2025-06-20T20:21:51","modified_gmt":"2025-06-21T00:21:51","slug":"maquina-de-churros-facil-manual-plastico-decor-util","status":"publish","type":"product","link":"https:\/\/www.multicasa.com.br\/inicio\/produto\/maquina-de-churros-facil-manual-plastico-decor-util\/","title":{"rendered":"M\u00e1quina de Churros F\u00e1cil Manual Pl\u00e1stico Decor-\u00fatil"},"content":{"rendered":"<p>A M\u00e1quina de Churros f\u00e1cil Decor-\u00fatil acompanha o modelador de churros recheados, o bico recheador e a nova forminha para moldar mini churros mais finos, sem recheio, para molhar em calda separada. Produzida em pl\u00e1stico com aproximadamente 16,5 cm \u00e9 pr\u00e1tica e f\u00e1cil de operar. Acompanha receita de churros e modo de usar.<\/p>\n","protected":false},"excerpt":{"rendered":"<h4 style=\"margin: 0px;padding: 0px 0px 16px;font-family: Lato, sans-serif;font-weight: bold;line-height: 3rem;color: var(--dark-grey3);font-size: 22px;font-style: normal;letter-spacing: normal;text-align: start;text-indent: 0px;text-transform: none\">Informa\u00e7\u00f5es t\u00e9cnicas<\/h4>\n<p><span style=\"margin: 0px;padding: 0px;font-weight: 450;font-size: 14px;line-height: 21px;color: var(--dark-grey2);font-family: Lato, sans-serif;font-style: normal;letter-spacing: normal;text-align: start;text-indent: 0px;text-transform: none\">Produto: Recheador de churros<br \/>\nMarca: Decor-\u00datil<br \/>\nMaterial: Pl\u00e1stico<br \/>\nCor:<br \/>\nCaracter\u00edsticas: Faz churros tradicional e mini<br \/>\nQuantidade de pe\u00e7as: 4<br \/>\nItens Inclusos: 1 recheador de churros<br \/>\n1 modelador de churros<br \/>\n1 bico mini churros<br \/>\n1 bico churros<br \/>\nDimens\u00f5es do produto (A X L): 16,5 x 5,5cm<\/span><\/p>\n","protected":false},"featured_media":21598,"template":"","meta":{"_joinchat":[]},"product_brand":[],"product_cat":[93],"product_tag":[],"class_list":{"0":"post-21535","1":"product","2":"type-product","3":"status-publish","4":"has-post-thumbnail","6":"product_cat-utensilios-para-cozinha","8":"first","9":"outofstock","10":"shipping-taxable","11":"product-type-simple"},"_links":{"self":[{"href":"https:\/\/www.multicasa.com.br\/inicio\/wp-json\/wp\/v2\/product\/21535","targetHints":{"allow":["GET"]}}],"collection":[{"href":"https:\/\/www.multicasa.com.br\/inicio\/wp-json\/wp\/v2\/product"}],"about":[{"href":"https:\/\/www.multicasa.com.br\/inicio\/wp-json\/wp\/v2\/types\/product"}],"wp:featuredmedia":[{"embeddable":true,"href":"https:\/\/www.multicasa.com.br\/inicio\/wp-json\/wp\/v2\/media\/21598"}],"wp:attachment":[{"href":"https:\/\/www.multicasa.com.br\/inicio\/wp-json\/wp\/v2\/media?parent=21535"}],"wp:term":[{"taxonomy":"product_brand","embeddable":true,"href":"https:\/\/www.multicasa.com.br\/inicio\/wp-json\/wp\/v2\/product_brand?post=21535"},{"taxonomy":"product_cat","embeddable":true,"href":"https:\/\/www.multicasa.com.br\/inicio\/wp-json\/wp\/v2\/product_cat?post=21535"},{"taxonomy":"product_tag","embeddable":true,"href":"https:\/\/www.multicasa.com.br\/inicio\/wp-json\/wp\/v2\/product_tag?post=21535"}],"curies":[{"name":"wp","href":"https:\/\/api.w.org\/{rel}","templated":true}]}}