{"id":21627,"date":"2025-06-20T20:22:26","date_gmt":"2025-06-21T00:22:26","guid":{"rendered":"https:\/\/www.multicasa.com.br\/inicio\/?post_type=product&#038;p=21627"},"modified":"2025-12-16T19:20:33","modified_gmt":"2025-12-16T23:20:33","slug":"saca-rolha-abridor-de-vinho-eletrico-emborrachado-uny-home","status":"publish","type":"product","link":"https:\/\/www.multicasa.com.br\/inicio\/produto\/saca-rolha-abridor-de-vinho-eletrico-emborrachado-uny-home\/","title":{"rendered":"Saca Rolha Abridor de Vinho El\u00e9trico Emborrachado Uny Home"},"content":{"rendered":"<p>O Saca Rolha Abridor de Vinho Uny Home \u00e9 perfeito para abrir rolhas sem esfor\u00e7o e com facilidade. Produzido em metal e com revestimento emborrachado \u00e9 ergonomicamente desenvolvido para caber na palma da m\u00e3o. Sua alimenta\u00e7\u00e3o \u00e9 feita atrav\u00e9s de 4 pilhas AA (n\u00e3o inclusas), acompanhando cortador de lacre de garrafas. O item que ir\u00e1 facilitar o consumo das suas bebidas favoritas.<\/p>\n","protected":false},"excerpt":{"rendered":"<h4 style=\"margin: 0px;padding: 0px 0px 16px;font-family: Lato, sans-serif;font-weight: bold;line-height: 3rem;color: var(--dark-grey3);font-size: 22px;font-style: normal;letter-spacing: normal;text-align: start;text-indent: 0px;text-transform: none\">Informa\u00e7\u00f5es t\u00e9cnicas<\/h4>\n<p><span style=\"margin: 0px;padding: 0px;font-weight: 450;font-size: 14px;line-height: 21px;color: var(--dark-grey2);font-family: Lato, sans-serif;font-style: normal;letter-spacing: normal;text-align: start;text-indent: 0px;text-transform: none\">Produto: Saca rolhas<br \/>\nTipo: Autom\u00e1tico<br \/>\nMarca: Uny Home<br \/>\nMaterial: Pl\u00e1stico emborrachado e metal<br \/>\nCor: Prata e preto<br \/>\nAlimenta\u00e7\u00e3o: 4 pilhas AA (n\u00e3o inclusas)<br \/>\nQuantidade de pe\u00e7as: 2<br \/>\nItens Inclusos: 1 saca rolhas e 1 Cortador de lacre<br \/>\nDimens\u00f5es do produto (A x L x P): 27 x 5,5 x 5cm<br \/>\nPeso do produto: 330g<\/span><\/p>\n","protected":false},"featured_media":25946,"template":"","meta":{"_joinchat":[]},"product_brand":[],"product_cat":[93],"product_tag":[],"class_list":{"0":"post-21627","1":"product","2":"type-product","3":"status-publish","4":"has-post-thumbnail","6":"product_cat-utensilios-para-cozinha","8":"first","9":"outofstock","10":"shipping-taxable","11":"product-type-simple"},"_links":{"self":[{"href":"https:\/\/www.multicasa.com.br\/inicio\/wp-json\/wp\/v2\/product\/21627","targetHints":{"allow":["GET"]}}],"collection":[{"href":"https:\/\/www.multicasa.com.br\/inicio\/wp-json\/wp\/v2\/product"}],"about":[{"href":"https:\/\/www.multicasa.com.br\/inicio\/wp-json\/wp\/v2\/types\/product"}],"wp:featuredmedia":[{"embeddable":true,"href":"https:\/\/www.multicasa.com.br\/inicio\/wp-json\/wp\/v2\/media\/25946"}],"wp:attachment":[{"href":"https:\/\/www.multicasa.com.br\/inicio\/wp-json\/wp\/v2\/media?parent=21627"}],"wp:term":[{"taxonomy":"product_brand","embeddable":true,"href":"https:\/\/www.multicasa.com.br\/inicio\/wp-json\/wp\/v2\/product_brand?post=21627"},{"taxonomy":"product_cat","embeddable":true,"href":"https:\/\/www.multicasa.com.br\/inicio\/wp-json\/wp\/v2\/product_cat?post=21627"},{"taxonomy":"product_tag","embeddable":true,"href":"https:\/\/www.multicasa.com.br\/inicio\/wp-json\/wp\/v2\/product_tag?post=21627"}],"curies":[{"name":"wp","href":"https:\/\/api.w.org\/{rel}","templated":true}]}}