{"id":21684,"date":"2025-06-20T20:23:15","date_gmt":"2025-06-21T00:23:15","guid":{"rendered":"https:\/\/www.multicasa.com.br\/inicio\/?post_type=product&#038;p=21684"},"modified":"2026-02-14T08:30:27","modified_gmt":"2026-02-14T12:30:27","slug":"cola-epoxi-liquida-loctite-16g","status":"publish","type":"product","link":"https:\/\/www.multicasa.com.br\/inicio\/produto\/cola-epoxi-liquida-loctite-16g\/","title":{"rendered":"Cola Ep\u00f3xi L\u00edquida Loctite 16g"},"content":{"rendered":"<p>Use a cola ep\u00f3xi l\u00edquida Durepoxi transparente de secagem r\u00e1pida para pequenas colagens e reparos. De ader\u00eancia super forte, tem secagem parcial em 10 minutos e secagem total em 8 horas \u00e0 temperatura ambiente, resistindo a at\u00e9 70\u00baC. Use em azulejos, madeira, vidro, couro, concreto, borracha, fibras naturais, isopor, pedras e pl\u00e1sticos (exceto polietileno, polipropileno, silicone e resina antiaderente e metais como alum\u00ednio, a\u00e7o, ferro, cobre, lat\u00e3o, prata e ouro).<\/p>\n","protected":false},"excerpt":{"rendered":"<h4 style=\"margin: 0px;padding: 0px 0px 16px;font-family: Lato, sans-serif;font-weight: bold;line-height: 3rem;color: var(--dark-grey3);font-size: 22px;font-style: normal;letter-spacing: normal;text-align: start;text-indent: 0px;text-transform: none\">Informa\u00e7\u00f5es t\u00e9cnicas<\/h4>\n<p><span style=\"margin: 0px;padding: 0px;font-weight: 450;font-size: 14px;line-height: 21px;color: var(--dark-grey2);font-family: Lato, sans-serif;font-style: normal;letter-spacing: normal;text-align: start;text-indent: 0px;text-transform: none\">Produto: Cola Ep\u00f3xi<br \/>\nMarca: Loctite<br \/>\nComposi\u00e7\u00e3o: \u00c0 base de resina ep\u00f3xi<br \/>\nConte\u00fado:16g<br \/>\nCaracter\u00edsticas: Transparente<br \/>\nSecagem r\u00e1pida<br \/>\nAder\u00eancia super forte<br \/>\nTempo de secagem inicial de 10 minutos<br \/>\nSecagem cura total em 8 horas<br \/>\nTempo de manuseio de 5 minutos<br \/>\nResistente at\u00e9 70\u00b0C<br \/>\nItens inclusos: 1 Cola Ep\u00f3xi<br \/>\n<\/span><\/p>\n","protected":false},"featured_media":21747,"template":"","meta":{"_joinchat":[]},"product_brand":[],"product_cat":[162],"product_tag":[],"class_list":{"0":"post-21684","1":"product","2":"type-product","3":"status-publish","4":"has-post-thumbnail","6":"product_cat-colas-e-cia","8":"first","9":"outofstock","10":"shipping-taxable","11":"purchasable","12":"product-type-simple"},"_links":{"self":[{"href":"https:\/\/www.multicasa.com.br\/inicio\/wp-json\/wp\/v2\/product\/21684","targetHints":{"allow":["GET"]}}],"collection":[{"href":"https:\/\/www.multicasa.com.br\/inicio\/wp-json\/wp\/v2\/product"}],"about":[{"href":"https:\/\/www.multicasa.com.br\/inicio\/wp-json\/wp\/v2\/types\/product"}],"wp:featuredmedia":[{"embeddable":true,"href":"https:\/\/www.multicasa.com.br\/inicio\/wp-json\/wp\/v2\/media\/21747"}],"wp:attachment":[{"href":"https:\/\/www.multicasa.com.br\/inicio\/wp-json\/wp\/v2\/media?parent=21684"}],"wp:term":[{"taxonomy":"product_brand","embeddable":true,"href":"https:\/\/www.multicasa.com.br\/inicio\/wp-json\/wp\/v2\/product_brand?post=21684"},{"taxonomy":"product_cat","embeddable":true,"href":"https:\/\/www.multicasa.com.br\/inicio\/wp-json\/wp\/v2\/product_cat?post=21684"},{"taxonomy":"product_tag","embeddable":true,"href":"https:\/\/www.multicasa.com.br\/inicio\/wp-json\/wp\/v2\/product_tag?post=21684"}],"curies":[{"name":"wp","href":"https:\/\/api.w.org\/{rel}","templated":true}]}}