{"id":21761,"date":"2025-06-20T20:24:28","date_gmt":"2025-06-21T00:24:28","guid":{"rendered":"https:\/\/www.multicasa.com.br\/inicio\/?post_type=product&#038;p=21761"},"modified":"2026-02-24T09:53:23","modified_gmt":"2026-02-24T13:53:23","slug":"cadeado-com-haste-de-aco-para-bicicleta-brasfort-8mmx40-cm","status":"publish","type":"product","link":"https:\/\/www.multicasa.com.br\/inicio\/produto\/cadeado-com-haste-de-aco-para-bicicleta-brasfort-8mmx40-cm\/","title":{"rendered":"Cadeado com haste de A\u00e7o para Bicicleta Brasfort 8mmx40 cm"},"content":{"rendered":"<p>Use o cadeado para bicicleta da Brasfort para garantir seguran\u00e7a a sua bike se precisar deix\u00e1-la exposta. Com cabo de a\u00e7o, \u00e9 revestido com capa pl\u00e1stica e mede 8mm x 40cm. Est\u00e3o inclusas 2 chaves. Mais tranquilidade para voc\u00ea circular pelas ruas. <\/p>\n","protected":false},"excerpt":{"rendered":"<h4 style=\"margin: 0px;padding: 0px 0px 16px;font-family: Lato, sans-serif;font-weight: bold;line-height: 3rem;color: var(--dark-grey3);font-size: 22px;font-style: normal;letter-spacing: normal;text-align: start;text-indent: 0px;text-transform: none\">Informa\u00e7\u00f5es t\u00e9cnicas<\/h4>\n<p><span style=\"margin: 0px;padding: 0px;font-weight: 450;font-size: 14px;line-height: 21px;color: var(--dark-grey2);font-family: Lato, sans-serif;font-style: normal;letter-spacing: normal;text-align: start;text-indent: 0px;text-transform: none\">Produto: Cadeado para Bicicleta<br \/>\nMarca: Brasfort<br \/>\nMaterial: Lat\u00e3o Maci\u00e7o revestido com capa pl\u00e1stica<br \/>\nCor: Preto<br \/>\nCaracter\u00edsticas: Cabo de a\u00e7o revestido em pl\u00e1stico<br \/>\nHaste em a\u00e7o cromado<br \/>\nQuantidade de Pe\u00e7as: 3<br \/>\nItens Inclusos: 1 Cadeado para bicicleta<br \/>\n2 chaves<br \/>\nDimens\u00f5es (L): 8mm x 40cm<br \/>\n<\/span><\/p>\n","protected":false},"featured_media":21819,"template":"","meta":{"_joinchat":[]},"product_brand":[],"product_cat":[161],"product_tag":[],"class_list":{"0":"post-21761","1":"product","2":"type-product","3":"status-publish","4":"has-post-thumbnail","6":"product_cat-seguranca","8":"first","9":"outofstock","10":"shipping-taxable","11":"purchasable","12":"product-type-simple"},"_links":{"self":[{"href":"https:\/\/www.multicasa.com.br\/inicio\/wp-json\/wp\/v2\/product\/21761","targetHints":{"allow":["GET"]}}],"collection":[{"href":"https:\/\/www.multicasa.com.br\/inicio\/wp-json\/wp\/v2\/product"}],"about":[{"href":"https:\/\/www.multicasa.com.br\/inicio\/wp-json\/wp\/v2\/types\/product"}],"wp:featuredmedia":[{"embeddable":true,"href":"https:\/\/www.multicasa.com.br\/inicio\/wp-json\/wp\/v2\/media\/21819"}],"wp:attachment":[{"href":"https:\/\/www.multicasa.com.br\/inicio\/wp-json\/wp\/v2\/media?parent=21761"}],"wp:term":[{"taxonomy":"product_brand","embeddable":true,"href":"https:\/\/www.multicasa.com.br\/inicio\/wp-json\/wp\/v2\/product_brand?post=21761"},{"taxonomy":"product_cat","embeddable":true,"href":"https:\/\/www.multicasa.com.br\/inicio\/wp-json\/wp\/v2\/product_cat?post=21761"},{"taxonomy":"product_tag","embeddable":true,"href":"https:\/\/www.multicasa.com.br\/inicio\/wp-json\/wp\/v2\/product_tag?post=21761"}],"curies":[{"name":"wp","href":"https:\/\/api.w.org\/{rel}","templated":true}]}}