{"id":21764,"date":"2025-06-20T20:24:28","date_gmt":"2025-06-21T00:24:28","guid":{"rendered":"https:\/\/www.multicasa.com.br\/inicio\/?post_type=product&#038;p=21764"},"modified":"2026-02-24T09:53:28","modified_gmt":"2026-02-24T13:53:28","slug":"abridor-de-latas-aco-inox-uny-gift","status":"publish","type":"product","link":"https:\/\/www.multicasa.com.br\/inicio\/produto\/abridor-de-latas-aco-inox-uny-gift\/","title":{"rendered":"Abridor de Latas A\u00e7o Inox Uny Gift"},"content":{"rendered":"<p>O Abridor de Latas em a\u00e7o inox Uny Gift tipo borboleta \u00e9 pr\u00e1tico e f\u00e1cil de usar, possui cabo emborrachado que absorve o impacto e n\u00e3o machuca a m\u00e3o. Para utilizar, basta posicionar a engrenagem e o aro na borda da lata, apertar os pregadores e furar a tampa, gire a v\u00e1lvula enquanto segura os pregadores e pronto! Item essencial para a sua cozinha.<\/p>\n","protected":false},"excerpt":{"rendered":"<h4 style=\"margin: 0px;padding: 0px 0px 16px;font-family: Lato, sans-serif;font-weight: bold;line-height: 3rem;color: var(--dark-grey3);font-size: 22px;font-style: normal;letter-spacing: normal;text-align: start;text-indent: 0px;text-transform: none\">Informa\u00e7\u00f5es t\u00e9cnicas<\/h4>\n<p><span style=\"margin: 0px;padding: 0px;font-weight: 450;font-size: 14px;line-height: 21px;color: var(--dark-grey2);font-family: Lato, sans-serif;font-style: normal;letter-spacing: normal;text-align: start;text-indent: 0px;text-transform: none\">Produto: Abridor de Lata<br \/>\nTipo: Borboleta<br \/>\nMarca: Uny Gift<br \/>\nMaterial: A\u00e7o Inox<br \/>\nCor: Prata, preto<br \/>\nCaracter\u00edsticas: Cabo emborrachado<br \/>\nItens Inclusos: 1 abridor de latas<br \/>\nDimens\u00f5es do produto (A): 21cm<\/span><\/p>\n","protected":false},"featured_media":24560,"template":"","meta":{"_joinchat":[]},"product_brand":[],"product_cat":[93],"product_tag":[],"class_list":{"0":"post-21764","1":"product","2":"type-product","3":"status-publish","4":"has-post-thumbnail","6":"product_cat-utensilios-para-cozinha","8":"first","9":"outofstock","10":"shipping-taxable","11":"purchasable","12":"product-type-simple"},"_links":{"self":[{"href":"https:\/\/www.multicasa.com.br\/inicio\/wp-json\/wp\/v2\/product\/21764","targetHints":{"allow":["GET"]}}],"collection":[{"href":"https:\/\/www.multicasa.com.br\/inicio\/wp-json\/wp\/v2\/product"}],"about":[{"href":"https:\/\/www.multicasa.com.br\/inicio\/wp-json\/wp\/v2\/types\/product"}],"wp:featuredmedia":[{"embeddable":true,"href":"https:\/\/www.multicasa.com.br\/inicio\/wp-json\/wp\/v2\/media\/24560"}],"wp:attachment":[{"href":"https:\/\/www.multicasa.com.br\/inicio\/wp-json\/wp\/v2\/media?parent=21764"}],"wp:term":[{"taxonomy":"product_brand","embeddable":true,"href":"https:\/\/www.multicasa.com.br\/inicio\/wp-json\/wp\/v2\/product_brand?post=21764"},{"taxonomy":"product_cat","embeddable":true,"href":"https:\/\/www.multicasa.com.br\/inicio\/wp-json\/wp\/v2\/product_cat?post=21764"},{"taxonomy":"product_tag","embeddable":true,"href":"https:\/\/www.multicasa.com.br\/inicio\/wp-json\/wp\/v2\/product_tag?post=21764"}],"curies":[{"name":"wp","href":"https:\/\/api.w.org\/{rel}","templated":true}]}}