{"id":21992,"date":"2025-06-20T20:28:30","date_gmt":"2025-06-21T00:28:30","guid":{"rendered":"https:\/\/www.multicasa.com.br\/inicio\/?post_type=product&#038;p=21992"},"modified":"2025-12-16T19:32:17","modified_gmt":"2025-12-16T23:32:17","slug":"cofre-eletronico-digital-ordene-20x31cm","status":"publish","type":"product","link":"https:\/\/www.multicasa.com.br\/inicio\/produto\/cofre-eletronico-digital-ordene-20x31cm\/","title":{"rendered":"Cofre Eletr\u00f4nico Digital Ordene 20x31cm"},"content":{"rendered":"<p>Guarde suas j\u00f3ias, pertences importantes, documentos e outros objetos no cofre eletr\u00f4nico digital da Ordene. Feito de chapa refor\u00e7ada cinza, mede 20 x 20 x 31cm e pode ser facilmente instalado e camuflado sem precisar modificar o ambiente e sem dificuldades. Tem dupla trava de seguran\u00e7a com acionamento manual que garante um funcionamento simples e eficiente, al\u00e9m de possuir um pr\u00e1tico painel de LED indicador de opera\u00e7\u00e3o. Funciona com 4 pilhas pequenas AA j\u00e1 inclusas e 2 chaves de emerg\u00eancia codificadas tamb\u00e9m fazem parte do produto. A forra\u00e7\u00e3o interna garante a integridade dos objetos e o kit de fixa\u00e7\u00e3o deixa o processo de instala\u00e7\u00e3o mais r\u00e1pido. Pode ser aberto com a inser\u00e7\u00e3o da sua senha que pode ter de 3 a 8 d\u00edgitos.<\/p>\n","protected":false},"excerpt":{"rendered":"<h4 style=\"margin: 0px;padding: 0px 0px 16px;font-family: Lato, sans-serif;font-weight: bold;line-height: 3rem;color: var(--dark-grey3);font-size: 22px;font-style: normal;letter-spacing: normal;text-align: start;text-indent: 0px;text-transform: none\">Informa\u00e7\u00f5es t\u00e9cnicas<\/h4>\n<p><span style=\"margin: 0px;padding: 0px;font-weight: 450;font-size: 14px;line-height: 21px;color: var(--dark-grey2);font-family: Lato, sans-serif;font-style: normal;letter-spacing: normal;text-align: start;text-indent: 0px;text-transform: none\">Produto: Cofre Eletr\u00f4nico<br \/>\nMarca: Ordene<br \/>\nMaterial: Metal<br \/>\nCor: Cinza<br \/>\nCaracter\u00edsticas: Painel eletr\u00f4nico com c\u00f3digo de abertura 3 a 8 d\u00edgitos<br \/>\nAcionamento manual das travas (dupla trava de seguran\u00e7a)<br \/>\nLed indicador de opera\u00e7\u00e3o<br \/>\nForra\u00e7\u00e3o interna<br \/>\nQuantidade de Pe\u00e7as: 8<br \/>\nItens Inclusos: 1 Cofre eletr\u00f4nico<br \/>\n1 Kit de fixa\u00e7\u00e3o (parafuso e bucha)<br \/>\n2 chaves de emerg\u00eancia codificadas<br \/>\n4 pilhas pequenas AA<br \/>\nDimens\u00f5es do produto (A X L X P): 20 x 31 x 20cm<br \/>\n<\/span><\/p>\n","protected":false},"featured_media":22056,"template":"","meta":{"_joinchat":[]},"product_brand":[],"product_cat":[161],"product_tag":[],"class_list":{"0":"post-21992","1":"product","2":"type-product","3":"status-publish","4":"has-post-thumbnail","6":"product_cat-seguranca","8":"first","9":"outofstock","10":"shipping-taxable","11":"product-type-simple"},"_links":{"self":[{"href":"https:\/\/www.multicasa.com.br\/inicio\/wp-json\/wp\/v2\/product\/21992","targetHints":{"allow":["GET"]}}],"collection":[{"href":"https:\/\/www.multicasa.com.br\/inicio\/wp-json\/wp\/v2\/product"}],"about":[{"href":"https:\/\/www.multicasa.com.br\/inicio\/wp-json\/wp\/v2\/types\/product"}],"wp:featuredmedia":[{"embeddable":true,"href":"https:\/\/www.multicasa.com.br\/inicio\/wp-json\/wp\/v2\/media\/22056"}],"wp:attachment":[{"href":"https:\/\/www.multicasa.com.br\/inicio\/wp-json\/wp\/v2\/media?parent=21992"}],"wp:term":[{"taxonomy":"product_brand","embeddable":true,"href":"https:\/\/www.multicasa.com.br\/inicio\/wp-json\/wp\/v2\/product_brand?post=21992"},{"taxonomy":"product_cat","embeddable":true,"href":"https:\/\/www.multicasa.com.br\/inicio\/wp-json\/wp\/v2\/product_cat?post=21992"},{"taxonomy":"product_tag","embeddable":true,"href":"https:\/\/www.multicasa.com.br\/inicio\/wp-json\/wp\/v2\/product_tag?post=21992"}],"curies":[{"name":"wp","href":"https:\/\/api.w.org\/{rel}","templated":true}]}}