{"id":22050,"date":"2025-06-20T20:29:21","date_gmt":"2025-06-21T00:29:21","guid":{"rendered":"https:\/\/www.multicasa.com.br\/inicio\/?post_type=product&#038;p=22050"},"modified":"2026-02-24T09:54:31","modified_gmt":"2026-02-24T13:54:31","slug":"abridor-de-latas-e-garrafas-aco-inox-viel","status":"publish","type":"product","link":"https:\/\/www.multicasa.com.br\/inicio\/produto\/abridor-de-latas-e-garrafas-aco-inox-viel\/","title":{"rendered":"Abridor de Latas e Garrafas A\u00e7o Inox Viel"},"content":{"rendered":"<p>O Abridor de Latas e Garrafas Viel \u00e9 um acess\u00f3rio perfeito para deixar ainda mais pr\u00e1tica sua vida na cozinha. Fabricado em a\u00e7o inox, tem maior durabilidade e resist\u00eancia e pode ser levado em lava lou\u00e7as. Item essencial para a sua cozinha!<\/p>\n","protected":false},"excerpt":{"rendered":"<h4 style=\"margin: 0px;padding: 0px 0px 16px;font-family: Lato, sans-serif;font-weight: bold;line-height: 3rem;color: var(--dark-grey3);font-size: 22px;font-style: normal;letter-spacing: normal;text-align: start;text-indent: 0px;text-transform: none\">Informa\u00e7\u00f5es t\u00e9cnicas<\/h4>\n<p><span style=\"margin: 0px;padding: 0px;font-weight: 450;font-size: 14px;line-height: 21px;color: var(--dark-grey2);font-family: Lato, sans-serif;font-style: normal;letter-spacing: normal;text-align: start;text-indent: 0px;text-transform: none\">Produto: Abridor de lata<br \/>\nTipo: Multiuso<br \/>\nMarca: Viel<br \/>\nMaterial: A\u00e7o Inox<br \/>\nCor: Prata<br \/>\nCaracter\u00edsticas: Pode ir no lava lou\u00e7as<br \/>\nTamb\u00e9m abre garrafas<br \/>\nItens Inclusos: 1 abridor de latas<br \/>\nDimens\u00f5es do produto (A): 10cm<\/span><\/p>\n","protected":false},"featured_media":22129,"template":"","meta":{"_joinchat":[]},"product_brand":[],"product_cat":[93],"product_tag":[],"class_list":{"0":"post-22050","1":"product","2":"type-product","3":"status-publish","4":"has-post-thumbnail","6":"product_cat-utensilios-para-cozinha","8":"first","9":"instock","10":"shipping-taxable","11":"purchasable","12":"product-type-simple"},"_links":{"self":[{"href":"https:\/\/www.multicasa.com.br\/inicio\/wp-json\/wp\/v2\/product\/22050","targetHints":{"allow":["GET"]}}],"collection":[{"href":"https:\/\/www.multicasa.com.br\/inicio\/wp-json\/wp\/v2\/product"}],"about":[{"href":"https:\/\/www.multicasa.com.br\/inicio\/wp-json\/wp\/v2\/types\/product"}],"wp:featuredmedia":[{"embeddable":true,"href":"https:\/\/www.multicasa.com.br\/inicio\/wp-json\/wp\/v2\/media\/22129"}],"wp:attachment":[{"href":"https:\/\/www.multicasa.com.br\/inicio\/wp-json\/wp\/v2\/media?parent=22050"}],"wp:term":[{"taxonomy":"product_brand","embeddable":true,"href":"https:\/\/www.multicasa.com.br\/inicio\/wp-json\/wp\/v2\/product_brand?post=22050"},{"taxonomy":"product_cat","embeddable":true,"href":"https:\/\/www.multicasa.com.br\/inicio\/wp-json\/wp\/v2\/product_cat?post=22050"},{"taxonomy":"product_tag","embeddable":true,"href":"https:\/\/www.multicasa.com.br\/inicio\/wp-json\/wp\/v2\/product_tag?post=22050"}],"curies":[{"name":"wp","href":"https:\/\/api.w.org\/{rel}","templated":true}]}}