{"id":22091,"date":"2025-06-20T20:30:08","date_gmt":"2025-06-21T00:30:08","guid":{"rendered":"https:\/\/www.multicasa.com.br\/inicio\/?post_type=product&#038;p=22091"},"modified":"2026-03-11T11:04:12","modified_gmt":"2026-03-11T15:04:12","slug":"bomba-manual-para-galao-de-agua-cobrirel-10l-20l","status":"publish","type":"product","link":"https:\/\/www.multicasa.com.br\/inicio\/produto\/bomba-manual-para-galao-de-agua-cobrirel-10l-20l\/","title":{"rendered":"Bomba Manual para Gal\u00e3o de \u00c1gua Cobrirel 10L\/20L"},"content":{"rendered":"<p>Feita de pl\u00e1stico at\u00f3xico, a Bomba para Gal\u00e3o de \u00c1gua \u00e9 indicada para retirar \u00e1gua de gal\u00f5es de 10L e 20L. F\u00e1cil de carregar, \u00e9 a solu\u00e7\u00e3o ideal para utilizar em casa ou durante viagens. Higi\u00eanica, tamb\u00e9m evita desperd\u00edcios e tem seu uso facilitado: basta encaixa-la para que funcione. Tem dimens\u00f5es de 20 x 46 cm e acompanha extensores para utiliza\u00e7\u00e3o em gal\u00f5es de 20L.<\/p>\n","protected":false},"excerpt":{"rendered":"<h4 style=\"margin: 0px;padding: 0px 0px 16px;font-family: Lato, sans-serif;font-weight: bold;line-height: 3rem;color: var(--dark-grey3);font-size: 22px;font-style: normal;letter-spacing: normal;text-align: start;text-indent: 0px;text-transform: none\">Informa\u00e7\u00f5es t\u00e9cnicas<\/h4>\n<p><span style=\"margin: 0px;padding: 0px;font-weight: 450;font-size: 14px;line-height: 21px;color: var(--dark-grey2);font-family: Lato, sans-serif;font-style: normal;letter-spacing: normal;text-align: start;text-indent: 0px;text-transform: none\">Produto: Bomba Manual para gal\u00e3o de \u00e1gua<br \/>\nMarca: Cobrirel<br \/>\nMaterial: Pl\u00e1stico At\u00f3xico<br \/>\nCor: Branco<br \/>\nQuantidade de Pe\u00e7as: 3<br \/>\nItens Inclusos: 1 Bomba Manual para gal\u00e3o de \u00e1gua e 2 extensores para gal\u00f5es de 20L<br \/>\nDimens\u00f5es do produto (A x L): 46 x 20cm &#8211; Gal\u00e3o 10L; 59 x 20cm &#8211; Gal\u00e3o 20L<\/span><\/p>\n","protected":false},"featured_media":22159,"template":"","meta":{"_joinchat":[]},"product_brand":[],"product_cat":[93],"product_tag":[],"class_list":{"0":"post-22091","1":"product","2":"type-product","3":"status-publish","4":"has-post-thumbnail","6":"product_cat-utensilios-para-cozinha","8":"first","9":"outofstock","10":"shipping-taxable","11":"purchasable","12":"product-type-simple"},"_links":{"self":[{"href":"https:\/\/www.multicasa.com.br\/inicio\/wp-json\/wp\/v2\/product\/22091","targetHints":{"allow":["GET"]}}],"collection":[{"href":"https:\/\/www.multicasa.com.br\/inicio\/wp-json\/wp\/v2\/product"}],"about":[{"href":"https:\/\/www.multicasa.com.br\/inicio\/wp-json\/wp\/v2\/types\/product"}],"wp:featuredmedia":[{"embeddable":true,"href":"https:\/\/www.multicasa.com.br\/inicio\/wp-json\/wp\/v2\/media\/22159"}],"wp:attachment":[{"href":"https:\/\/www.multicasa.com.br\/inicio\/wp-json\/wp\/v2\/media?parent=22091"}],"wp:term":[{"taxonomy":"product_brand","embeddable":true,"href":"https:\/\/www.multicasa.com.br\/inicio\/wp-json\/wp\/v2\/product_brand?post=22091"},{"taxonomy":"product_cat","embeddable":true,"href":"https:\/\/www.multicasa.com.br\/inicio\/wp-json\/wp\/v2\/product_cat?post=22091"},{"taxonomy":"product_tag","embeddable":true,"href":"https:\/\/www.multicasa.com.br\/inicio\/wp-json\/wp\/v2\/product_tag?post=22091"}],"curies":[{"name":"wp","href":"https:\/\/api.w.org\/{rel}","templated":true}]}}