{"id":22188,"date":"2025-06-20T20:31:46","date_gmt":"2025-06-21T00:31:46","guid":{"rendered":"https:\/\/www.multicasa.com.br\/inicio\/?post_type=product&#038;p=22188"},"modified":"2025-12-16T19:37:03","modified_gmt":"2025-12-16T23:37:03","slug":"refil-de-cola-quente-fina-interneed-11mm-7-unidades","status":"publish","type":"product","link":"https:\/\/www.multicasa.com.br\/inicio\/produto\/refil-de-cola-quente-fina-interneed-11mm-7-unidades\/","title":{"rendered":"Refil de Cola Quente Fina Interneed 11mm &#8211; 7 Unidades"},"content":{"rendered":"<p>Refil de Cola Quente Fina Interneed, ideal para colagem de madeira, couro, papel, papel\u00e3o, pl\u00e1stico, borracha, cer\u00e2mica, etc. \u00c9 transparente e de secagem r\u00e1pida, indicada para uso em pistola de cola quente.<br \/>\nPossui 11mm e vem com 7 unidades na embalagem.<\/p>\n","protected":false},"excerpt":{"rendered":"<h4 style=\"margin: 0px;padding: 0px 0px 16px;font-family: Lato, sans-serif;font-weight: bold;line-height: 3rem;color: var(--dark-grey3);font-size: 22px;font-style: normal;letter-spacing: normal;text-align: start;text-indent: 0px;text-transform: none\">Informa\u00e7\u00f5es t\u00e9cnicas<\/h4>\n<p><span style=\"margin: 0px;padding: 0px;font-weight: 450;font-size: 14px;line-height: 21px;color: var(--dark-grey2);font-family: Lato, sans-serif;font-style: normal;letter-spacing: normal;text-align: start;text-indent: 0px;text-transform: none\">Produto: Refil de Cola Quente<br \/>\nTipo: Fina<br \/>\nMarca: Interneed<br \/>\nComposi\u00e7\u00e3o: Termopl\u00e1sticos de engenharia<br \/>\nCaracter\u00edsticas: Semi transparente<br \/>\nSecagem r\u00e1pida<br \/>\nItens Inclusos: 7 bast\u00f5es de cola quente<br \/>\nDimens\u00f5es do produto (L): 11mm<br \/>\nPeso do produto: 100g<br \/>\n<\/span><\/p>\n","protected":false},"featured_media":22229,"template":"","meta":{"_joinchat":[]},"product_brand":[],"product_cat":[162],"product_tag":[],"class_list":{"0":"post-22188","1":"product","2":"type-product","3":"status-publish","4":"has-post-thumbnail","6":"product_cat-colas-e-cia","8":"first","9":"outofstock","10":"shipping-taxable","11":"product-type-simple"},"_links":{"self":[{"href":"https:\/\/www.multicasa.com.br\/inicio\/wp-json\/wp\/v2\/product\/22188","targetHints":{"allow":["GET"]}}],"collection":[{"href":"https:\/\/www.multicasa.com.br\/inicio\/wp-json\/wp\/v2\/product"}],"about":[{"href":"https:\/\/www.multicasa.com.br\/inicio\/wp-json\/wp\/v2\/types\/product"}],"wp:featuredmedia":[{"embeddable":true,"href":"https:\/\/www.multicasa.com.br\/inicio\/wp-json\/wp\/v2\/media\/22229"}],"wp:attachment":[{"href":"https:\/\/www.multicasa.com.br\/inicio\/wp-json\/wp\/v2\/media?parent=22188"}],"wp:term":[{"taxonomy":"product_brand","embeddable":true,"href":"https:\/\/www.multicasa.com.br\/inicio\/wp-json\/wp\/v2\/product_brand?post=22188"},{"taxonomy":"product_cat","embeddable":true,"href":"https:\/\/www.multicasa.com.br\/inicio\/wp-json\/wp\/v2\/product_cat?post=22188"},{"taxonomy":"product_tag","embeddable":true,"href":"https:\/\/www.multicasa.com.br\/inicio\/wp-json\/wp\/v2\/product_tag?post=22188"}],"curies":[{"name":"wp","href":"https:\/\/api.w.org\/{rel}","templated":true}]}}