{"id":22282,"date":"2025-06-20T20:33:05","date_gmt":"2025-06-21T00:33:05","guid":{"rendered":"https:\/\/www.multicasa.com.br\/inicio\/?post_type=product&#038;p=22282"},"modified":"2025-12-16T19:39:49","modified_gmt":"2025-12-16T23:39:49","slug":"suporte-deslizatudo-convexo-talentos-22mm-8-unidades","status":"publish","type":"product","link":"https:\/\/www.multicasa.com.br\/inicio\/produto\/suporte-deslizatudo-convexo-talentos-22mm-8-unidades\/","title":{"rendered":"Suporte Deslizatudo Convexo Talentos 22mm &#8211; 8 Unidades"},"content":{"rendered":"<p>Movimente seus m\u00f3veis e pe\u00e7as sem dificuldades com o suporte Deslizatudo Talentos. Com design convexo, \u00e9 ideal para ser utilizado em pisos cer\u00e2micos, assoalhos e carpetes. Evita que voc\u00ea precise fazer esfor\u00e7os e sobrecarregue coluna ou danifique a mob\u00edlia. Pode ser usado para dias de faxina, reformas, mudan\u00e7as e outras ocasic\u00f5es. S\u00e3o 8 pe\u00e7as que medem 22 mm.<\/p>\n","protected":false},"excerpt":{"rendered":"<h4 style=\"margin: 0px;padding: 0px 0px 16px;font-family: Lato, sans-serif;font-weight: bold;line-height: 3rem;color: var(--dark-grey3);font-size: 22px;font-style: normal;letter-spacing: normal;text-align: start;text-indent: 0px;text-transform: none\">Informa\u00e7\u00f5es t\u00e9cnicas<\/h4>\n<p><span style=\"margin: 0px;padding: 0px;font-weight: 450;font-size: 14px;line-height: 21px;color: var(--dark-grey2);font-family: Lato, sans-serif;font-style: normal;letter-spacing: normal;text-align: start;text-indent: 0px;text-transform: none\">Produto: Suporte Deslizatudo<br \/>\nMarca: Talentos<br \/>\nMaterial: P.e.a.d alta densidade<br \/>\nCor: Branco<br \/>\nUso indicado: Movimentar m\u00f3veis de madeira sobre pisos<br \/>\nCaracter\u00edsticas: Resistente<br \/>\nN\u00e3o riscam<br \/>\nSuporta 25kg<br \/>\nQuantidade de Pe\u00e7as: 8<br \/>\nitens inclusos: 8 Suportes Deslizatudo<br \/>\nDi\u00e2metro do produto: 22mm<br \/>\nDimens\u00f5es do produto (L X P): 22 x 5mm<br \/>\n<\/span><\/p>\n","protected":false},"featured_media":22363,"template":"","meta":{"_joinchat":[]},"product_brand":[],"product_cat":[162],"product_tag":[],"class_list":{"0":"post-22282","1":"product","2":"type-product","3":"status-publish","4":"has-post-thumbnail","6":"product_cat-colas-e-cia","8":"first","9":"instock","10":"shipping-taxable","11":"purchasable","12":"product-type-simple"},"_links":{"self":[{"href":"https:\/\/www.multicasa.com.br\/inicio\/wp-json\/wp\/v2\/product\/22282","targetHints":{"allow":["GET"]}}],"collection":[{"href":"https:\/\/www.multicasa.com.br\/inicio\/wp-json\/wp\/v2\/product"}],"about":[{"href":"https:\/\/www.multicasa.com.br\/inicio\/wp-json\/wp\/v2\/types\/product"}],"wp:featuredmedia":[{"embeddable":true,"href":"https:\/\/www.multicasa.com.br\/inicio\/wp-json\/wp\/v2\/media\/22363"}],"wp:attachment":[{"href":"https:\/\/www.multicasa.com.br\/inicio\/wp-json\/wp\/v2\/media?parent=22282"}],"wp:term":[{"taxonomy":"product_brand","embeddable":true,"href":"https:\/\/www.multicasa.com.br\/inicio\/wp-json\/wp\/v2\/product_brand?post=22282"},{"taxonomy":"product_cat","embeddable":true,"href":"https:\/\/www.multicasa.com.br\/inicio\/wp-json\/wp\/v2\/product_cat?post=22282"},{"taxonomy":"product_tag","embeddable":true,"href":"https:\/\/www.multicasa.com.br\/inicio\/wp-json\/wp\/v2\/product_tag?post=22282"}],"curies":[{"name":"wp","href":"https:\/\/api.w.org\/{rel}","templated":true}]}}