{"id":22330,"date":"2025-06-20T20:33:56","date_gmt":"2025-06-21T00:33:56","guid":{"rendered":"https:\/\/www.multicasa.com.br\/inicio\/?post_type=product&#038;p=22330"},"modified":"2026-04-24T14:30:10","modified_gmt":"2026-04-24T18:30:10","slug":"folha-de-lixa-ferro-no180-preta-3m","status":"publish","type":"product","link":"https:\/\/www.multicasa.com.br\/inicio\/produto\/folha-de-lixa-ferro-no180-preta-3m\/","title":{"rendered":"Folha de Lixa Ferro N\u00ba180 Preta 3M"},"content":{"rendered":"<p>Use a folha de lixa de ferro de gr??o 180 da 3M para lixar superf\u00edcies de ferro e metais em geral. De alto rendimento, pode ser usada para o desbaste, acabamento e prepara\u00e7\u00e3o para pintura. Entrega resultados superiores, garantindo excelente resist\u00eancia e flexibilidade.<\/p>\n","protected":false},"excerpt":{"rendered":"<h4 style=\"margin: 0px;padding: 0px 0px 16px;font-family: Lato, sans-serif;font-weight: bold;line-height: 3rem;color: var(--dark-grey3);font-size: 22px;font-style: normal;letter-spacing: normal;text-align: start;text-indent: 0px;text-transform: none\">Informa\u00e7\u00f5es t\u00e9cnicas<\/h4>\n<p><span style=\"margin: 0px;padding: 0px;font-weight: 450;font-size: 14px;line-height: 21px;color: var(--dark-grey2);font-family: Lato, sans-serif;font-style: normal;letter-spacing: normal;text-align: start;text-indent: 0px;text-transform: none\">Produto: Lixa Ferro<br \/>\nMarca: 3M<br \/>\nMaterial: Costado de pano<br \/>\n\u00d3xido de alum\u00ednio<br \/>\nCor: Preto<br \/>\nGr\u00e3o: 180<br \/>\nCaracter\u00edsticas: Possui variedade de gr\u00e3os<br \/>\nAlto rendimento<br \/>\nAcabamento superior<br \/>\nAlta flexibilidade<br \/>\nItens Inclusos: 1 Lixa Ferro<br \/>\nDimens\u00f5es do produto (A X L): 225 x 275mm<br \/>\n<\/span><\/p>\n","protected":false},"featured_media":22389,"template":"","meta":{"_joinchat":[]},"product_brand":[],"product_cat":[143],"product_tag":[],"class_list":{"0":"post-22330","1":"product","2":"type-product","3":"status-publish","4":"has-post-thumbnail","6":"product_cat-tintas-e-cia","8":"first","9":"instock","10":"shipping-taxable","11":"purchasable","12":"product-type-simple"},"_links":{"self":[{"href":"https:\/\/www.multicasa.com.br\/inicio\/wp-json\/wp\/v2\/product\/22330","targetHints":{"allow":["GET"]}}],"collection":[{"href":"https:\/\/www.multicasa.com.br\/inicio\/wp-json\/wp\/v2\/product"}],"about":[{"href":"https:\/\/www.multicasa.com.br\/inicio\/wp-json\/wp\/v2\/types\/product"}],"wp:featuredmedia":[{"embeddable":true,"href":"https:\/\/www.multicasa.com.br\/inicio\/wp-json\/wp\/v2\/media\/22389"}],"wp:attachment":[{"href":"https:\/\/www.multicasa.com.br\/inicio\/wp-json\/wp\/v2\/media?parent=22330"}],"wp:term":[{"taxonomy":"product_brand","embeddable":true,"href":"https:\/\/www.multicasa.com.br\/inicio\/wp-json\/wp\/v2\/product_brand?post=22330"},{"taxonomy":"product_cat","embeddable":true,"href":"https:\/\/www.multicasa.com.br\/inicio\/wp-json\/wp\/v2\/product_cat?post=22330"},{"taxonomy":"product_tag","embeddable":true,"href":"https:\/\/www.multicasa.com.br\/inicio\/wp-json\/wp\/v2\/product_tag?post=22330"}],"curies":[{"name":"wp","href":"https:\/\/api.w.org\/{rel}","templated":true}]}}