{"id":22381,"date":"2025-06-20T20:34:47","date_gmt":"2025-06-21T00:34:47","guid":{"rendered":"https:\/\/www.multicasa.com.br\/inicio\/?post_type=product&#038;p=22381"},"modified":"2025-08-18T01:55:21","modified_gmt":"2025-08-18T05:55:21","slug":"adaptador-de-tomada-2pt-bivolt-wi-fi-geonav-10a","status":"publish","type":"product","link":"https:\/\/www.multicasa.com.br\/inicio\/produto\/adaptador-de-tomada-2pt-bivolt-wi-fi-geonav-10a\/","title":{"rendered":"Adaptador de Tomada 2P+T Bivolt Wi-Fi Geonav 10A"},"content":{"rendered":"<p>O Adaptador de Tomada Inteligente Wi-Fi que controla qualquer dispositivo remotamente pelo aplicativo HI by Geonav ou comando de voz. Liga e desliga luzes, agenda o hor\u00e1rio de funcionamento de lumin\u00e1rias, cafeteiras, umidificadores de ambiente e eletrodom\u00e9sticos. Tamb\u00e9m acompanha o consumo de energia direto no smartphone. Ligue ou desligue luzes e aparelhos remotamente. Agende o hor\u00e1rio de funcionamento dos aparelhos. Acompanhe o consumo de energia no seu smartphone.<\/p>\n","protected":false},"excerpt":{"rendered":"<h4 style=\"margin: 0px;padding: 0px 0px 16px;font-family: Lato, sans-serif;font-weight: bold;line-height: 3rem;color: var(--dark-grey3);font-size: 22px;font-style: normal;letter-spacing: normal;text-align: start;text-indent: 0px;text-transform: none\">Informa\u00e7\u00f5es t\u00e9cnicas<\/h4>\n<p><span style=\"margin: 0px;padding: 0px;font-weight: 450;font-size: 14px;line-height: 21px;color: var(--dark-grey2);font-family: Lato, sans-serif;font-style: normal;letter-spacing: normal;text-align: start;text-indent: 0px;text-transform: none\">Produto: Adaptador de Tomada 2P+T<br \/>\nMarca: Geonav<br \/>\nMaterial: Pl\u00e1stico<br \/>\nCor: Branco                                                                                                                                                                     Tens\u00e3o el\u00e9trica: Bivolt<br \/>\nCaracter\u00edsticas: WiFi; Corrente nominal 10A<br \/>\nItens inclusos: 1 Adaptador de tomada 2P+T<br \/>\nDimens\u00f5es do produto (A X L X P): 6,5 x 7 x 7cm                                                                                                        Peso: 0,102kg<\/span><\/p>\n","protected":false},"featured_media":22390,"template":"","meta":{"_joinchat":[]},"product_brand":[],"product_cat":[164],"product_tag":[],"class_list":{"0":"post-22381","1":"product","2":"type-product","3":"status-publish","4":"has-post-thumbnail","6":"product_cat-casa-inteligente","8":"first","9":"outofstock","10":"shipping-taxable","11":"purchasable","12":"product-type-simple"},"_links":{"self":[{"href":"https:\/\/www.multicasa.com.br\/inicio\/wp-json\/wp\/v2\/product\/22381","targetHints":{"allow":["GET"]}}],"collection":[{"href":"https:\/\/www.multicasa.com.br\/inicio\/wp-json\/wp\/v2\/product"}],"about":[{"href":"https:\/\/www.multicasa.com.br\/inicio\/wp-json\/wp\/v2\/types\/product"}],"wp:featuredmedia":[{"embeddable":true,"href":"https:\/\/www.multicasa.com.br\/inicio\/wp-json\/wp\/v2\/media\/22390"}],"wp:attachment":[{"href":"https:\/\/www.multicasa.com.br\/inicio\/wp-json\/wp\/v2\/media?parent=22381"}],"wp:term":[{"taxonomy":"product_brand","embeddable":true,"href":"https:\/\/www.multicasa.com.br\/inicio\/wp-json\/wp\/v2\/product_brand?post=22381"},{"taxonomy":"product_cat","embeddable":true,"href":"https:\/\/www.multicasa.com.br\/inicio\/wp-json\/wp\/v2\/product_cat?post=22381"},{"taxonomy":"product_tag","embeddable":true,"href":"https:\/\/www.multicasa.com.br\/inicio\/wp-json\/wp\/v2\/product_tag?post=22381"}],"curies":[{"name":"wp","href":"https:\/\/api.w.org\/{rel}","templated":true}]}}