{"id":22383,"date":"2025-06-20T20:34:48","date_gmt":"2025-06-21T00:34:48","guid":{"rendered":"https:\/\/www.multicasa.com.br\/inicio\/?post_type=product&#038;p=22383"},"modified":"2025-08-18T02:13:25","modified_gmt":"2025-08-18T06:13:25","slug":"interruptor-inteligente-touch-para-automacao-1-botao-geonav","status":"publish","type":"product","link":"https:\/\/www.multicasa.com.br\/inicio\/produto\/interruptor-inteligente-touch-para-automacao-1-botao-geonav\/","title":{"rendered":"Interruptor Inteligente Touch para automa\u00e7\u00e3o 1 bot\u00e3o GEONAV"},"content":{"rendered":"<p>Os tr\u00eas modelos de interruptores (1, 2 ou 3 bot\u00f5es) da linha Home Intelligence funcionam tanto da forma mais b\u00e1sica, acender e apagar um circuito de ilumina\u00e7\u00e3o quanto como ativador de rotinas pr\u00e9-programadas no app Hi by Geonav. Permite controlar (ligar\/desligar) l\u00e2mpadas tradicionais e as inteligentes (que continuam online para uso com app e comando de voz); Crie circuitos paralelos sem precisar da liga\u00e7\u00e3o el\u00e9trica nos dois lugares, instalando 2 interruptores e conectando-os via app; Compat\u00edvel com Amazon Alexa e Google Assistente.<\/p>\n","protected":false},"excerpt":{"rendered":"<h4 style=\"margin: 0px;padding: 0px 0px 16px;font-family: Lato, sans-serif;font-weight: bold;line-height: 3rem;color: var(--dark-grey3);font-size: 22px;font-style: normal;letter-spacing: normal;text-align: start;text-indent: 0px;text-transform: none\">Informa\u00e7\u00f5es t\u00e9cnicas<\/h4>\n<p><span style=\"margin: 0px;padding: 0px;font-weight: 450;font-size: 14px;line-height: 21px;color: var(--dark-grey2);font-family: Lato, sans-serif;font-style: normal;letter-spacing: normal;text-align: start;text-indent: 0px;text-transform: none\">Produto: Aquecedor de ambiente termoventilador<br \/>\nMarca: Ventisol<br \/>\nVoltagem: 127V<br \/>\nCor: Branco<br \/>\nPeso: 660 gramas<br \/>\nDimens\u00f5es do item: 25 x 7.5 x 37 cm (CxLxA)<br \/>\nPossui dispositivo de seguran\u00e7a<br \/>\n2 L\u00e2mpadas de Quartzo<br \/>\nAl\u00e7a para transporte <\/span><\/p>\n","protected":false},"featured_media":0,"template":"","meta":{"_joinchat":[]},"product_brand":[],"product_cat":[164],"product_tag":[],"class_list":{"0":"post-22383","1":"product","2":"type-product","3":"status-publish","5":"product_cat-casa-inteligente","7":"first","8":"outofstock","9":"shipping-taxable","10":"purchasable","11":"product-type-simple"},"_links":{"self":[{"href":"https:\/\/www.multicasa.com.br\/inicio\/wp-json\/wp\/v2\/product\/22383","targetHints":{"allow":["GET"]}}],"collection":[{"href":"https:\/\/www.multicasa.com.br\/inicio\/wp-json\/wp\/v2\/product"}],"about":[{"href":"https:\/\/www.multicasa.com.br\/inicio\/wp-json\/wp\/v2\/types\/product"}],"wp:attachment":[{"href":"https:\/\/www.multicasa.com.br\/inicio\/wp-json\/wp\/v2\/media?parent=22383"}],"wp:term":[{"taxonomy":"product_brand","embeddable":true,"href":"https:\/\/www.multicasa.com.br\/inicio\/wp-json\/wp\/v2\/product_brand?post=22383"},{"taxonomy":"product_cat","embeddable":true,"href":"https:\/\/www.multicasa.com.br\/inicio\/wp-json\/wp\/v2\/product_cat?post=22383"},{"taxonomy":"product_tag","embeddable":true,"href":"https:\/\/www.multicasa.com.br\/inicio\/wp-json\/wp\/v2\/product_tag?post=22383"}],"curies":[{"name":"wp","href":"https:\/\/api.w.org\/{rel}","templated":true}]}}