{"id":22406,"date":"2025-06-20T20:35:12","date_gmt":"2025-06-21T00:35:12","guid":{"rendered":"https:\/\/www.multicasa.com.br\/inicio\/?post_type=product&#038;p=22406"},"modified":"2026-02-26T16:57:22","modified_gmt":"2026-02-26T20:57:22","slug":"soquete-prolongador-e27-key-west","status":"publish","type":"product","link":"https:\/\/www.multicasa.com.br\/inicio\/produto\/soquete-prolongador-e27-key-west\/","title":{"rendered":"Soquete Prolongador E27 Key West"},"content":{"rendered":"<p>Soquete Prolongador Key West, ideal para instalar l\u00e2mpadas de at\u00e9 150 watts, com roscas padr\u00e3o e-27 em soquetes profundos ou com dif\u00edcil acesso como forros, lumin\u00e1rias tipo spot e etc. Soquete bivolt com frequ\u00eancia de 50\/60hz, ideal para l\u00e2mpadas de led, incandescentes e flurescentes eletr\u00f4nicas.<\/p>\n","protected":false},"excerpt":{"rendered":"<h4 style=\"margin: 0px;padding: 0px 0px 16px;font-family: Lato, sans-serif;font-weight: bold;line-height: 3rem;color: var(--dark-grey3);font-size: 22px;font-style: normal;letter-spacing: normal;text-align: start;text-indent: 0px;text-transform: none\">Informa\u00e7\u00f5es t\u00e9cnicas<\/h4>\n<p><span style=\"margin: 0px;padding: 0px;font-weight: 450;font-size: 14px;line-height: 21px;color: var(--dark-grey2);font-family: Lato, sans-serif;font-style: normal;letter-spacing: normal;text-align: start;text-indent: 0px;text-transform: none\">Produto: Soquete Prolongador<br \/>\nMarca: Key West<br \/>\nCor: Branco<br \/>\nPot\u00eancia: 150w<br \/>\nTens\u00e3o el\u00e9trica: 127v &#8211; 220v<br \/>\nFrequ\u00eancia: 50\/60ghz<br \/>\nCaracter\u00edsticas: Para l\u00e2mpadas com base e-27<br \/>\nPara l\u00e2mpada fluorescente, incandescentes e de led<br \/>\nItens inclusos: 1 Soquete Prolongador<br \/>\nDimens\u00f5es do produto (A X L): 7,5 x 4cm<\/span><\/p>\n","protected":false},"featured_media":22411,"template":"","meta":{"_joinchat":[]},"product_brand":[],"product_cat":[78],"product_tag":[],"class_list":{"0":"post-22406","1":"product","2":"type-product","3":"status-publish","4":"has-post-thumbnail","6":"product_cat-iluminacao-comercial","8":"first","9":"instock","10":"shipping-taxable","11":"purchasable","12":"product-type-simple"},"_links":{"self":[{"href":"https:\/\/www.multicasa.com.br\/inicio\/wp-json\/wp\/v2\/product\/22406","targetHints":{"allow":["GET"]}}],"collection":[{"href":"https:\/\/www.multicasa.com.br\/inicio\/wp-json\/wp\/v2\/product"}],"about":[{"href":"https:\/\/www.multicasa.com.br\/inicio\/wp-json\/wp\/v2\/types\/product"}],"wp:featuredmedia":[{"embeddable":true,"href":"https:\/\/www.multicasa.com.br\/inicio\/wp-json\/wp\/v2\/media\/22411"}],"wp:attachment":[{"href":"https:\/\/www.multicasa.com.br\/inicio\/wp-json\/wp\/v2\/media?parent=22406"}],"wp:term":[{"taxonomy":"product_brand","embeddable":true,"href":"https:\/\/www.multicasa.com.br\/inicio\/wp-json\/wp\/v2\/product_brand?post=22406"},{"taxonomy":"product_cat","embeddable":true,"href":"https:\/\/www.multicasa.com.br\/inicio\/wp-json\/wp\/v2\/product_cat?post=22406"},{"taxonomy":"product_tag","embeddable":true,"href":"https:\/\/www.multicasa.com.br\/inicio\/wp-json\/wp\/v2\/product_tag?post=22406"}],"curies":[{"name":"wp","href":"https:\/\/api.w.org\/{rel}","templated":true}]}}