{"id":28333,"date":"2025-10-31T10:23:42","date_gmt":"2025-10-31T14:23:42","guid":{"rendered":"https:\/\/www.multicasa.com.br\/inicio\/produto\/acucareiro-com-medidor-automatico-cobrirel\/"},"modified":"2025-12-29T09:51:08","modified_gmt":"2025-12-29T13:51:08","slug":"acucareiro-com-medidor-automatico-cobrirel","status":"publish","type":"product","link":"https:\/\/www.multicasa.com.br\/inicio\/produto\/acucareiro-com-medidor-automatico-cobrirel\/","title":{"rendered":"A\u00e7ucareiro com Medidor Autom\u00e1tico Cobrirel"},"content":{"rendered":"<p>A\u00e7ucareiro Cobrirel com medidor autom\u00e1tico: aperte o bot\u00e3o at\u00e9 o fim e adoce o equivalente a uma colher de caf\u00e9 ou aperte o bot\u00e3o at\u00e9 o meio para uma quantidade maior de a\u00e7\u00facar. Fabricado em pl\u00e1stico e acr\u00edlico na cor branco. Item pr\u00e1tico e simples de usar que vai te ajudar a controlar a quantidade de a\u00e7\u00facar inserida na bebida.<\/p>\n","protected":false},"excerpt":{"rendered":"<h4 style=\"margin: 0px;padding: 0px 0px 16px;font-family: Lato, sans-serif;font-weight: bold;line-height: 3rem;color: var(--dark-grey3);font-size: 22px;font-style: normal;letter-spacing: normal;text-align: start;text-indent: 0px;text-transform: none\" data-mce-style=\"margin: 0px; padding: 0px 0px 16px; font-family: Lato, sans-serif; font-weight: bold; line-height: 3rem; color: var(--dark-grey3); font-size: 22px; font-style: normal; letter-spacing: normal; text-align: start; text-indent: 0px; text-transform: none;\">Informa\u00e7\u00f5es t\u00e9cnicas<\/h4>\n<p><span style=\"margin: 0px;padding: 0px;font-weight: 450;font-size: 14px;line-height: 21px;color: var(--dark-grey2);font-family: Lato, sans-serif;font-style: normal;letter-spacing: normal;text-align: start;text-indent: 0px;text-transform: none\" data-mce-style=\"margin: 0px; padding: 0px; font-weight: 450; font-size: 14px; line-height: 21px; color: var(--dark-grey2); font-family: Lato, sans-serif; font-style: normal; letter-spacing: normal; text-align: start; text-indent: 0px; text-transform: none;\">Produto: A\u00e7ucareiro<br \/>Marca: Cobrirel<br \/>Material: Polipropileno<br \/>Acr\u00edlico<br \/>Cor: Branco<br \/>Capacidade: 132g<br \/>Caracter\u00edsticas: Medidor autom\u00e1tico<br \/>Tampa de rosquear<br \/>Itens Inclusos: 1 a\u00e7ucareiro<br \/>Di\u00e2metro: 6cm<br \/>Dimens\u00f5es do produto (A): 18cm<\/span><\/p>\n","protected":false},"featured_media":0,"template":"","meta":{"_joinchat":[]},"product_brand":[],"product_cat":[93],"product_tag":[],"class_list":{"0":"post-28333","1":"product","2":"type-product","3":"status-publish","5":"product_cat-utensilios-para-cozinha","7":"first","8":"instock","9":"shipping-taxable","10":"purchasable","11":"product-type-simple"},"_links":{"self":[{"href":"https:\/\/www.multicasa.com.br\/inicio\/wp-json\/wp\/v2\/product\/28333","targetHints":{"allow":["GET"]}}],"collection":[{"href":"https:\/\/www.multicasa.com.br\/inicio\/wp-json\/wp\/v2\/product"}],"about":[{"href":"https:\/\/www.multicasa.com.br\/inicio\/wp-json\/wp\/v2\/types\/product"}],"wp:attachment":[{"href":"https:\/\/www.multicasa.com.br\/inicio\/wp-json\/wp\/v2\/media?parent=28333"}],"wp:term":[{"taxonomy":"product_brand","embeddable":true,"href":"https:\/\/www.multicasa.com.br\/inicio\/wp-json\/wp\/v2\/product_brand?post=28333"},{"taxonomy":"product_cat","embeddable":true,"href":"https:\/\/www.multicasa.com.br\/inicio\/wp-json\/wp\/v2\/product_cat?post=28333"},{"taxonomy":"product_tag","embeddable":true,"href":"https:\/\/www.multicasa.com.br\/inicio\/wp-json\/wp\/v2\/product_tag?post=28333"}],"curies":[{"name":"wp","href":"https:\/\/api.w.org\/{rel}","templated":true}]}}