{"id":28336,"date":"2025-10-31T10:27:35","date_gmt":"2025-10-31T14:27:35","guid":{"rendered":"https:\/\/www.multicasa.com.br\/inicio\/produto\/jogo-domino-estojo-de-madeira-uny-home-28-pecas\/"},"modified":"2025-12-26T12:00:14","modified_gmt":"2025-12-26T16:00:14","slug":"jogo-domino-estojo-de-madeira-uny-home-28-pecas","status":"publish","type":"product","link":"https:\/\/www.multicasa.com.br\/inicio\/produto\/jogo-domino-estojo-de-madeira-uny-home-28-pecas\/","title":{"rendered":"Jogo Domin\u00f3 Estojo de Madeira Uny Home 28 Pe\u00e7as"},"content":{"rendered":"<p>Jogo Domin\u00f3 da Uny Home com 28 Pe\u00e7as, ideal para os momentos de lazer e acompanha um lindo e estiloso estojo de madeira. Chame os amigos, re\u00fana a fam\u00edlia e tenha momentos agrad\u00e1veis de divers\u00e3o e entretenimento com o jogo domino da Uny Home.<\/p>\n","protected":false},"excerpt":{"rendered":"<h4 style=\"margin: 0px;padding: 0px 0px 16px;font-family: Lato, sans-serif;font-weight: bold;line-height: 3rem;color: var(--dark-grey3);font-size: 22px;font-style: normal;letter-spacing: normal;text-align: start;text-indent: 0px;text-transform: none\">Informa\u00e7\u00f5es t\u00e9cnicas<\/h4>\n<p><span style=\"margin: 0px;padding: 0px;font-weight: 450;font-size: 14px;line-height: 21px;color: var(--dark-grey2);font-family: Lato, sans-serif;font-style: normal;letter-spacing: normal;text-align: start;text-indent: 0px;text-transform: none\">Produto: Domin\u00f3<br \/>\nMarca: Uny Gift<br \/>\nMaterial: Estojo em Madeira<br \/>\nCor: Branco e marrom<br \/>\nCaracter\u00edsticas: Acompanha o estojo<br \/>\nItens Inclusos: 28 pe\u00e7as<br \/>\nDimens\u00f5es do produto (A X L X P): Estojo &#8211; 4,5 x 20,5 x 12,5cm<br \/>\nPe\u00e7as &#8211; 4,7 x 2,4 x 0,9cm<br \/>\n<\/span><\/p>\n","protected":false},"featured_media":0,"template":"","meta":{"_joinchat":[]},"product_brand":[],"product_cat":[136],"product_tag":[],"class_list":{"0":"post-28336","1":"product","2":"type-product","3":"status-publish","5":"product_cat-lazer","7":"first","8":"outofstock","9":"shipping-taxable","10":"purchasable","11":"product-type-simple"},"_links":{"self":[{"href":"https:\/\/www.multicasa.com.br\/inicio\/wp-json\/wp\/v2\/product\/28336","targetHints":{"allow":["GET"]}}],"collection":[{"href":"https:\/\/www.multicasa.com.br\/inicio\/wp-json\/wp\/v2\/product"}],"about":[{"href":"https:\/\/www.multicasa.com.br\/inicio\/wp-json\/wp\/v2\/types\/product"}],"wp:attachment":[{"href":"https:\/\/www.multicasa.com.br\/inicio\/wp-json\/wp\/v2\/media?parent=28336"}],"wp:term":[{"taxonomy":"product_brand","embeddable":true,"href":"https:\/\/www.multicasa.com.br\/inicio\/wp-json\/wp\/v2\/product_brand?post=28336"},{"taxonomy":"product_cat","embeddable":true,"href":"https:\/\/www.multicasa.com.br\/inicio\/wp-json\/wp\/v2\/product_cat?post=28336"},{"taxonomy":"product_tag","embeddable":true,"href":"https:\/\/www.multicasa.com.br\/inicio\/wp-json\/wp\/v2\/product_tag?post=28336"}],"curies":[{"name":"wp","href":"https:\/\/api.w.org\/{rel}","templated":true}]}}