{"id":29644,"date":"2025-12-16T20:15:41","date_gmt":"2025-12-17T00:15:41","guid":{"rendered":"https:\/\/www.multicasa.com.br\/inicio\/produto\/regulador-gas-c-manomet-505-1-alian\/"},"modified":"2026-04-11T12:30:26","modified_gmt":"2026-04-11T16:30:26","slug":"regulador-gas-c-manomet-505-1-alian","status":"publish","type":"product","link":"https:\/\/www.multicasa.com.br\/inicio\/produto\/regulador-gas-c-manomet-505-1-alian\/","title":{"rendered":"REGULADOR GAS C\/MANOMET.505\/1 ALIAN"},"content":{"rendered":"<p>Regulador de G\u00e1s com Man\u00f4metro Alian\u00e7a<\/p>\n","protected":false},"excerpt":{"rendered":"<h4 style=\"margin: 0px;padding: 0px 0px 16px;font-family: Lato, sans-serif;font-weight: bold;line-height: 3rem;color: var(--dark-grey3);font-size: 22px;font-style: normal;letter-spacing: normal;text-align: start;text-indent: 0px;text-transform: none\">Informa\u00e7\u00f5es t\u00e9cnicas<\/h4>\n<p><span style=\"margin: 0px;padding: 0px;font-weight: 450;font-size: 14px;line-height: 21px;color: var(--dark-grey2);font-family: Lato, sans-serif;font-style: normal;letter-spacing: normal;text-align: start;text-indent: 0px;text-transform: none\">Tipo: Regulador de G\u00e1s (Botij\u00e3o). Detalhes: Com Man\u00f4metro. Modelo: 505\/1. Marca: Alian\u00e7a.<\/span><\/p>\n","protected":false},"featured_media":0,"template":"","meta":{"_joinchat":[]},"product_brand":[],"product_cat":[94],"product_tag":[],"class_list":{"0":"post-29644","1":"product","2":"type-product","3":"status-publish","5":"product_cat-gas","7":"first","8":"instock","9":"shipping-taxable","10":"purchasable","11":"product-type-simple"},"_links":{"self":[{"href":"https:\/\/www.multicasa.com.br\/inicio\/wp-json\/wp\/v2\/product\/29644","targetHints":{"allow":["GET"]}}],"collection":[{"href":"https:\/\/www.multicasa.com.br\/inicio\/wp-json\/wp\/v2\/product"}],"about":[{"href":"https:\/\/www.multicasa.com.br\/inicio\/wp-json\/wp\/v2\/types\/product"}],"wp:attachment":[{"href":"https:\/\/www.multicasa.com.br\/inicio\/wp-json\/wp\/v2\/media?parent=29644"}],"wp:term":[{"taxonomy":"product_brand","embeddable":true,"href":"https:\/\/www.multicasa.com.br\/inicio\/wp-json\/wp\/v2\/product_brand?post=29644"},{"taxonomy":"product_cat","embeddable":true,"href":"https:\/\/www.multicasa.com.br\/inicio\/wp-json\/wp\/v2\/product_cat?post=29644"},{"taxonomy":"product_tag","embeddable":true,"href":"https:\/\/www.multicasa.com.br\/inicio\/wp-json\/wp\/v2\/product_tag?post=29644"}],"curies":[{"name":"wp","href":"https:\/\/api.w.org\/{rel}","templated":true}]}}