{"id":7426,"date":"2025-06-20T17:22:39","date_gmt":"2025-06-20T21:22:39","guid":{"rendered":"https:\/\/www.multicasa.com.br\/inicio\/?post_type=product&#038;p=7426"},"modified":"2026-04-11T11:20:10","modified_gmt":"2026-04-11T15:20:10","slug":"miniaparador-de-pelos-nariz-wahl-trimmer","status":"publish","type":"product","link":"https:\/\/www.multicasa.com.br\/inicio\/produto\/miniaparador-de-pelos-nariz-wahl-trimmer\/","title":{"rendered":"Miniaparador de Pelos Nariz Wahl Trimmer"},"content":{"rendered":"<p>O Trimmer da Wahl \u00e9 um eficiente Miniaparador de Pelos que corta suavemente os pelos do nariz e da orelha. Constru\u00eddo com materiais super resistentes, ele comporta duas l\u00e2minas rotativas de corte preciso e n\u00e3o enferrujam. \u00c9 pequeno e eficaz, por isso \u00e9 perfeito para levar para qualquer lugar na mochila ou necessaire. Funciona com 1 pilha AA, j\u00e1 inclusa na embalagem. Tem corpo com acabamento em preto com prata.<\/p>\n","protected":false},"excerpt":{"rendered":"<h4 style=\"margin: 0px;padding: 0px 0px 16px;font-family: Lato, sans-serif;font-weight: bold;line-height: 3rem;color: var(--dark-grey3);font-size: 22px;font-style: normal;letter-spacing: normal;text-align: start;text-indent: 0px;text-transform: none\">Informa\u00e7\u00f5es t\u00e9cnicas<\/h4>\n<p><span style=\"margin: 0px;padding: 0px;font-weight: 450;font-size: 14px;line-height: 21px;color: var(--dark-grey2);font-family: Lato, sans-serif;font-style: normal;letter-spacing: normal;text-align: start;text-indent: 0px;text-transform: none\">Produto: Aparador de pelos<br \/>\nMarca: Wahl<br \/>\nMaterial: A\u00e7o Inox<br \/>\nCor: Preto e prata<br \/>\nUso indicado: Aparar pelos do nariz e da orelha<br \/>\nAlimenta\u00e7\u00e3o: 1 Pilha AA (inclusa)<br \/>\nCaracter\u00edsticas: Port\u00e1til<br \/>\nQuantidade de Pe\u00e7as: 2<br \/>\nItens inclusos: 1 aparador de pelos e 1 pilha AA<br \/>\nDimens\u00f5es do produto (A X L): 14 x 2,6cm                                                                                                          Dimens\u00f5es da embalagem (A X L X P): 14 x 3 x 3cm<br \/>\nGarantia: 2 anos pelo fornecedor<\/span><\/p>\n","protected":false},"featured_media":25566,"template":"","meta":{"_joinchat":[]},"product_brand":[],"product_cat":[101],"product_tag":[],"class_list":{"0":"post-7426","1":"product","2":"type-product","3":"status-publish","4":"has-post-thumbnail","6":"product_cat-cuidados-pessoais","8":"first","9":"instock","10":"shipping-taxable","11":"purchasable","12":"product-type-simple"},"_links":{"self":[{"href":"https:\/\/www.multicasa.com.br\/inicio\/wp-json\/wp\/v2\/product\/7426","targetHints":{"allow":["GET"]}}],"collection":[{"href":"https:\/\/www.multicasa.com.br\/inicio\/wp-json\/wp\/v2\/product"}],"about":[{"href":"https:\/\/www.multicasa.com.br\/inicio\/wp-json\/wp\/v2\/types\/product"}],"wp:featuredmedia":[{"embeddable":true,"href":"https:\/\/www.multicasa.com.br\/inicio\/wp-json\/wp\/v2\/media\/25566"}],"wp:attachment":[{"href":"https:\/\/www.multicasa.com.br\/inicio\/wp-json\/wp\/v2\/media?parent=7426"}],"wp:term":[{"taxonomy":"product_brand","embeddable":true,"href":"https:\/\/www.multicasa.com.br\/inicio\/wp-json\/wp\/v2\/product_brand?post=7426"},{"taxonomy":"product_cat","embeddable":true,"href":"https:\/\/www.multicasa.com.br\/inicio\/wp-json\/wp\/v2\/product_cat?post=7426"},{"taxonomy":"product_tag","embeddable":true,"href":"https:\/\/www.multicasa.com.br\/inicio\/wp-json\/wp\/v2\/product_tag?post=7426"}],"curies":[{"name":"wp","href":"https:\/\/api.w.org\/{rel}","templated":true}]}}

<p>O Trimmer da Wahl é um eficiente Miniaparador de Pelos que corta suavemente os pelos do nariz e da orelha. Construído com materiais super resistentes, ele comporta duas lâminas rotativas de corte preciso e não enferrujam. É pequeno e eficaz, por isso é perfeito para levar para qualquer lugar na mochila ou necessaire. Funciona com 1 pilha AA, já inclusa na embalagem. Tem corpo com acabamento em preto com prata.</p>

<h4 style="margin: 0px;padding: 0px 0px 16px;font-family: Lato, sans-serif;font-weight: bold;line-height: 3rem;color: var(--dark-grey3);font-size: 22px;font-style: normal;letter-spacing: normal;text-align: start;text-indent: 0px;text-transform: none">Informações técnicas</h4>
<p><span style="margin: 0px;padding: 0px;font-weight: 450;font-size: 14px;line-height: 21px;color: var(--dark-grey2);font-family: Lato, sans-serif;font-style: normal;letter-spacing: normal;text-align: start;text-indent: 0px;text-transform: none">Produto: Aparador de pelos<br />
Marca: Wahl<br />
Material: Aço Inox<br />
Cor: Preto e prata<br />
Uso indicado: Aparar pelos do nariz e da orelha<br />
Alimentação: 1 Pilha AA (inclusa)<br />
Características: Portátil<br />
Quantidade de Peças: 2<br />
Itens inclusos: 1 aparador de pelos e 1 pilha AA<br />
Dimensões do produto (A X L): 14 x 2,6cm                                                                                                          Dimensões da embalagem (A X L X P): 14 x 3 x 3cm<br />
Garantia: 2 anos pelo fornecedor</span></p>
