{"id":7462,"date":"2025-06-20T17:23:02","date_gmt":"2025-06-20T21:23:02","guid":{"rendered":"https:\/\/www.multicasa.com.br\/inicio\/?post_type=product&#038;p=7462"},"modified":"2025-06-20T17:23:33","modified_gmt":"2025-06-20T21:23:33","slug":"pastilha-limpa-maquina-de-lavar-loucas-jimo-2-pastilhas-de-20g","status":"publish","type":"product","link":"https:\/\/www.multicasa.com.br\/inicio\/produto\/pastilha-limpa-maquina-de-lavar-loucas-jimo-2-pastilhas-de-20g\/","title":{"rendered":"Pastilha Limpa M\u00e1quina de Lavar Lou\u00e7as Jimo 2 Pastilhas de 20g"},"content":{"rendered":"<p>A Pastilha Limpa M\u00e1quina de Lavar Lou\u00e7as Jimo \u00e9 um produto desenvolvido para higienizar o interior de m\u00e1quinas de lavar lou\u00e7as eliminando odores desagrad\u00e1veis e perfumando com uma suave fragr\u00e2ncia c\u00edtrica. As 2 pastilhas de 20g cada, possuem alto teor enzim\u00e1tico e poder desengordurante removendo at\u00e9 mesmo sujeiras impregnadas.<\/p>\n","protected":false},"excerpt":{"rendered":"<h4 style=\"margin: 0px;padding: 0px 0px 16px;font-family: Lato, sans-serif;font-weight: bold;line-height: 3rem;color: var(--dark-grey3);font-size: 22px;font-style: normal;letter-spacing: normal;text-align: start;text-indent: 0px;text-transform: none\">Informa\u00e7\u00f5es t\u00e9cnicas<\/h4>\n<p><span style=\"margin: 0px;padding: 0px;font-weight: 450;font-size: 14px;line-height: 21px;color: var(--dark-grey2);font-family: Lato, sans-serif;font-style: normal;letter-spacing: normal;text-align: start;text-indent: 0px;text-transform: none\">Produto: Pastilha desinfetante<br \/>\nMarca: Jimo<br \/>\nConte\u00fado: 2 pastilhas 20g<br \/>\nCaracter\u00edsticas: Embalagem hidrossol\u00favel<br \/>\nAlto poder desengordurante<br \/>\nPossui alto teor enzim\u00e1tico<br \/>\nItens Inclusos: 2 pastilhas efervescentes<br \/>\nDimens\u00f5es do produto (A x L): 4 x 4cm<br \/>\n<\/span><\/p>\n","protected":false},"featured_media":7516,"template":"","meta":{"_joinchat":[]},"product_brand":[],"product_cat":[95],"product_tag":[],"class_list":{"0":"post-7462","1":"product","2":"type-product","3":"status-publish","4":"has-post-thumbnail","6":"product_cat-lavanderia","8":"first","9":"outofstock","10":"shipping-taxable","11":"product-type-simple"},"_links":{"self":[{"href":"https:\/\/www.multicasa.com.br\/inicio\/wp-json\/wp\/v2\/product\/7462","targetHints":{"allow":["GET"]}}],"collection":[{"href":"https:\/\/www.multicasa.com.br\/inicio\/wp-json\/wp\/v2\/product"}],"about":[{"href":"https:\/\/www.multicasa.com.br\/inicio\/wp-json\/wp\/v2\/types\/product"}],"wp:featuredmedia":[{"embeddable":true,"href":"https:\/\/www.multicasa.com.br\/inicio\/wp-json\/wp\/v2\/media\/7516"}],"wp:attachment":[{"href":"https:\/\/www.multicasa.com.br\/inicio\/wp-json\/wp\/v2\/media?parent=7462"}],"wp:term":[{"taxonomy":"product_brand","embeddable":true,"href":"https:\/\/www.multicasa.com.br\/inicio\/wp-json\/wp\/v2\/product_brand?post=7462"},{"taxonomy":"product_cat","embeddable":true,"href":"https:\/\/www.multicasa.com.br\/inicio\/wp-json\/wp\/v2\/product_cat?post=7462"},{"taxonomy":"product_tag","embeddable":true,"href":"https:\/\/www.multicasa.com.br\/inicio\/wp-json\/wp\/v2\/product_tag?post=7462"}],"curies":[{"name":"wp","href":"https:\/\/api.w.org\/{rel}","templated":true}]}}