{"id":7534,"date":"2025-06-20T17:23:47","date_gmt":"2025-06-20T21:23:47","guid":{"rendered":"https:\/\/www.multicasa.com.br\/inicio\/?post_type=product&#038;p=7534"},"modified":"2026-04-27T16:30:18","modified_gmt":"2026-04-27T20:30:18","slug":"capa-de-chuva-pvc-laminado-g-amarelo-vonder","status":"publish","type":"product","link":"https:\/\/www.multicasa.com.br\/inicio\/produto\/capa-de-chuva-pvc-laminado-g-amarelo-vonder\/","title":{"rendered":"Capa De Chuva Pvc Laminado G Amarelo Vonder"},"content":{"rendered":"<p>A capa de chuva pvc laminado da Vonder \u00e9 indicada para prote\u00e7\u00e3o contra umidade proveniente de opera\u00e7\u00f5es com uso de \u00e1gua, garantindo prote\u00e7\u00e3o contra a chuva e o vento. evitando assim, que voc\u00ea se molhe e possa ate mesmo ficar doente. Confeccionada em PVC laminado, com capuz e mangas, fechamento em bot\u00f5es de pl\u00e1sticos.<\/p>\n","protected":false},"excerpt":{"rendered":"<h4 style=\"margin: 0px;padding: 0px 0px 16px;font-family: Lato, sans-serif;font-weight: bold;line-height: 3rem;color: var(--dark-grey3);font-size: 22px;font-style: normal;letter-spacing: normal;text-align: start;text-indent: 0px;text-transform: none\">Informa\u00e7\u00f5es t\u00e9cnicas<\/h4>\n<p><span style=\"margin: 0px;padding: 0px;font-weight: 450;font-size: 14px;line-height: 21px;color: var(--dark-grey2);font-family: Lato, sans-serif;font-style: normal;letter-spacing: normal;text-align: start;text-indent: 0px;text-transform: none\">Produto: CAPA DE CHUVA<br \/>\nMarca: VONDER<br \/>\nMaterial: PVC LAMINADO<br \/>\nCor: amarela<br \/>\nCaracter\u00edsticas: para prote\u00e7\u00e3o contra umidade proveniente de opera\u00e7\u00f5es com uso de \u00e1gua<br \/>\nDimens\u00f5es:<br \/>\nEspessura da capa:0,013 mm<br \/>\nComprimento da capa:1,10 m<br \/>\nTipo de forro da capa:Sem forro<br \/>\nTipo da capa:Com capuz e manga<\/span><\/p>\n","protected":false},"featured_media":24887,"template":"","meta":{"_joinchat":[]},"product_brand":[],"product_cat":[136],"product_tag":[],"class_list":{"0":"post-7534","1":"product","2":"type-product","3":"status-publish","4":"has-post-thumbnail","6":"product_cat-lazer","8":"first","9":"instock","10":"shipping-taxable","11":"purchasable","12":"product-type-simple"},"_links":{"self":[{"href":"https:\/\/www.multicasa.com.br\/inicio\/wp-json\/wp\/v2\/product\/7534","targetHints":{"allow":["GET"]}}],"collection":[{"href":"https:\/\/www.multicasa.com.br\/inicio\/wp-json\/wp\/v2\/product"}],"about":[{"href":"https:\/\/www.multicasa.com.br\/inicio\/wp-json\/wp\/v2\/types\/product"}],"wp:featuredmedia":[{"embeddable":true,"href":"https:\/\/www.multicasa.com.br\/inicio\/wp-json\/wp\/v2\/media\/24887"}],"wp:attachment":[{"href":"https:\/\/www.multicasa.com.br\/inicio\/wp-json\/wp\/v2\/media?parent=7534"}],"wp:term":[{"taxonomy":"product_brand","embeddable":true,"href":"https:\/\/www.multicasa.com.br\/inicio\/wp-json\/wp\/v2\/product_brand?post=7534"},{"taxonomy":"product_cat","embeddable":true,"href":"https:\/\/www.multicasa.com.br\/inicio\/wp-json\/wp\/v2\/product_cat?post=7534"},{"taxonomy":"product_tag","embeddable":true,"href":"https:\/\/www.multicasa.com.br\/inicio\/wp-json\/wp\/v2\/product_tag?post=7534"}],"curies":[{"name":"wp","href":"https:\/\/api.w.org\/{rel}","templated":true}]}}

<p>A capa de chuva pvc laminado da Vonder é indicada para proteção contra umidade proveniente de operações com uso de água, garantindo proteção contra a chuva e o vento. evitando assim, que você se molhe e possa ate mesmo ficar doente. Confeccionada em PVC laminado, com capuz e mangas, fechamento em botões de plásticos.</p>

<h4 style="margin: 0px;padding: 0px 0px 16px;font-family: Lato, sans-serif;font-weight: bold;line-height: 3rem;color: var(--dark-grey3);font-size: 22px;font-style: normal;letter-spacing: normal;text-align: start;text-indent: 0px;text-transform: none">Informações técnicas</h4>
<p><span style="margin: 0px;padding: 0px;font-weight: 450;font-size: 14px;line-height: 21px;color: var(--dark-grey2);font-family: Lato, sans-serif;font-style: normal;letter-spacing: normal;text-align: start;text-indent: 0px;text-transform: none">Produto: CAPA DE CHUVA<br />
Marca: VONDER<br />
Material: PVC LAMINADO<br />
Cor: amarela<br />
Características: para proteção contra umidade proveniente de operações com uso de água<br />
Dimensões:<br />
Espessura da capa:0,013 mm<br />
Comprimento da capa:1,10 m<br />
Tipo de forro da capa:Sem forro<br />
Tipo da capa:Com capuz e manga</span></p>
