{"id":7546,"date":"2025-06-20T17:23:48","date_gmt":"2025-06-20T21:23:48","guid":{"rendered":"https:\/\/www.multicasa.com.br\/inicio\/?post_type=product&#038;p=7546"},"modified":"2026-04-01T18:00:19","modified_gmt":"2026-04-01T22:00:19","slug":"suporte-para-secador-de-cabelo-com-ventosa-aco-cromado-future","status":"publish","type":"product","link":"https:\/\/www.multicasa.com.br\/inicio\/produto\/suporte-para-secador-de-cabelo-com-ventosa-aco-cromado-future\/","title":{"rendered":"Suporte para Secador de Cabelo com Ventosa A\u00e7o Cromado Future"},"content":{"rendered":"<p>Suporte para Secador de Cabelo Future, pr\u00e1tico e de f\u00e1cil instala\u00e7\u00e3o. Possui sistema de suc\u00e7\u00e3o por ventosas, eliminando os furos, a sujeira e o uso de ferramentas para a coloca\u00e7\u00e3o da pe\u00e7a na parede. Confeccionado em a\u00e7o cromado, tem formato redondo para encaixar o secador e suporte lateral para colocar o fio.<br \/>\nOtimize espa\u00e7os e organize seus itens com rapidez e praticidade. <\/p>\n","protected":false},"excerpt":{"rendered":"<h4 style=\"margin: 0px;padding: 0px 0px 16px;font-family: Lato, sans-serif;font-weight: bold;line-height: 3rem;color: var(--dark-grey3);font-size: 22px;font-style: normal;letter-spacing: normal;text-align: start;text-indent: 0px;text-transform: none\">Informa\u00e7\u00f5es t\u00e9cnicas<\/h4>\n<p><span style=\"margin: 0px;padding: 0px;font-weight: 450;font-size: 14px;line-height: 21px;color: var(--dark-grey2);font-family: Lato, sans-serif;font-style: normal;letter-spacing: normal;text-align: start;text-indent: 0px;text-transform: none\">Produto: Suporte para secador<br \/>\nMarca: Future<br \/>\nMaterial: A\u00e7o SAE 1010<br \/>\nBorracha<br \/>\nPl\u00e1stico ABS<br \/>\nCor: Prata<br \/>\nCapacidade: 2kg<br \/>\nCaracter\u00edsticas: Fixa\u00e7\u00e3o por ventosa<br \/>\nItens inclusos: 1 Suporte para secador<br \/>\nDimens\u00f5es do produto (A): 19cm<br \/>\n<\/span><\/p>\n","protected":false},"featured_media":7555,"template":"","meta":{"_joinchat":[]},"product_brand":[],"product_cat":[101],"product_tag":[],"class_list":{"0":"post-7546","1":"product","2":"type-product","3":"status-publish","4":"has-post-thumbnail","6":"product_cat-cuidados-pessoais","8":"first","9":"outofstock","10":"shipping-taxable","11":"purchasable","12":"product-type-simple"},"_links":{"self":[{"href":"https:\/\/www.multicasa.com.br\/inicio\/wp-json\/wp\/v2\/product\/7546","targetHints":{"allow":["GET"]}}],"collection":[{"href":"https:\/\/www.multicasa.com.br\/inicio\/wp-json\/wp\/v2\/product"}],"about":[{"href":"https:\/\/www.multicasa.com.br\/inicio\/wp-json\/wp\/v2\/types\/product"}],"wp:featuredmedia":[{"embeddable":true,"href":"https:\/\/www.multicasa.com.br\/inicio\/wp-json\/wp\/v2\/media\/7555"}],"wp:attachment":[{"href":"https:\/\/www.multicasa.com.br\/inicio\/wp-json\/wp\/v2\/media?parent=7546"}],"wp:term":[{"taxonomy":"product_brand","embeddable":true,"href":"https:\/\/www.multicasa.com.br\/inicio\/wp-json\/wp\/v2\/product_brand?post=7546"},{"taxonomy":"product_cat","embeddable":true,"href":"https:\/\/www.multicasa.com.br\/inicio\/wp-json\/wp\/v2\/product_cat?post=7546"},{"taxonomy":"product_tag","embeddable":true,"href":"https:\/\/www.multicasa.com.br\/inicio\/wp-json\/wp\/v2\/product_tag?post=7546"}],"curies":[{"name":"wp","href":"https:\/\/api.w.org\/{rel}","templated":true}]}}

Suporte para Secador de Cabelo com Ventosa Aço Cromado Future

<p>Suporte para Secador de Cabelo Future, prático e de fácil instalação. Possui sistema de sucção por ventosas, eliminando os furos, a sujeira e o uso de ferramentas para a colocação da peça na parede. Confeccionado em aço cromado, tem formato redondo para encaixar o secador e suporte lateral para colocar o fio.<br />
Otimize espaços e organize seus itens com rapidez e praticidade. </p>

<h4 style="margin: 0px;padding: 0px 0px 16px;font-family: Lato, sans-serif;font-weight: bold;line-height: 3rem;color: var(--dark-grey3);font-size: 22px;font-style: normal;letter-spacing: normal;text-align: start;text-indent: 0px;text-transform: none">Informações técnicas</h4>
<p><span style="margin: 0px;padding: 0px;font-weight: 450;font-size: 14px;line-height: 21px;color: var(--dark-grey2);font-family: Lato, sans-serif;font-style: normal;letter-spacing: normal;text-align: start;text-indent: 0px;text-transform: none">Produto: Suporte para secador<br />
Marca: Future<br />
Material: Aço SAE 1010<br />
Borracha<br />
Plástico ABS<br />
Cor: Prata<br />
Capacidade: 2kg<br />
Características: Fixação por ventosa<br />
Itens inclusos: 1 Suporte para secador<br />
Dimensões do produto (A): 19cm<br />
</span></p>
