{"id":7587,"date":"2025-06-20T17:24:08","date_gmt":"2025-06-20T21:24:08","guid":{"rendered":"https:\/\/www.multicasa.com.br\/inicio\/?post_type=product&#038;p=7587"},"modified":"2025-08-17T23:15:27","modified_gmt":"2025-08-18T03:15:27","slug":"caixa-dagua-polietileno-1000-litros-fortlev","status":"publish","type":"product","link":"https:\/\/www.multicasa.com.br\/inicio\/produto\/caixa-dagua-polietileno-1000-litros-fortlev\/","title":{"rendered":"Caixa D\u00c1gua Polietileno 1000 Litros Fortlev"},"content":{"rendered":"<p>Caixa d\u00e1gua Polietileno 1.000L Azul Fortlev<br \/>\nSe voc\u00ea precisa armazenar \u00e1gua com seguran\u00e7a e qualidade, a Caixa d\u00e1gua Polietileno 1.000L Azul Fortlev \u00e9 a escolha ideal. Ela \u00e9 feita de um material resistente e tem ampla capacidade de armazenamento, al\u00e9m de uma instala\u00e7\u00e3o sem complica\u00e7\u00f5es. Pode ser usada em \u00e1reas residenciais ou comerciais .<\/p>\n","protected":false},"excerpt":{"rendered":"<h4 style=\"margin: 0px; padding: 0px 0px 16px; font-family: Lato, sans-serif; font-weight: bold; line-height: 3rem; color: var(--dark-grey3); font-size: 22px; font-style: normal; letter-spacing: normal; text-align: start; text-indent: 0px; text-transform: none;\">Informa\u00e7\u00f5es t\u00e9cnicas<\/h4>\n<p><span style=\"margin: 0px; padding: 0px; font-weight: 450; font-size: 14px; line-height: 21px; color: var(--dark-grey2); font-family: Lato, sans-serif; font-style: normal; letter-spacing: normal; text-align: start; text-indent: 0px; text-transform: none;\">Caracter\u00edsticas da Caixa d\u00e1gua Polietileno 1.000L Azul Fortlev<br \/>\nEssa caixa d\u0092\u00e1gua tem 0,76 m de altura e 1,52 m de di\u00e2metro. Com tampa, suas medidas se alteram para: 0,97 m de altura e 1,51 m de di\u00e2metro. Ela pesa 16,7 kg e sua base tem di\u00e2metro de 1,16 m. Tem capacidade de armazenar at\u00e9 1000 litros e \u00e9 da tonalidade azul cl\u00e1ssica nesse tipo de produto. \u00c9 feita de pl\u00e1stico polietileno, um material muito forte e resistente \u00e0 corros\u00e3o causada pelo tempo, podendo durar por muitos anos com qualidade. Esse pl\u00e1stico \u00e9 feito com material 100% virgem e suporta varia\u00e7\u00f5es clim\u00e1ticas e respeita as normas de seguran\u00e7a e fabrica\u00e7\u00e3o aplicadas pelos \u00f3rg\u00e3os reguladores. Sua instala\u00e7\u00e3o \u00e9 bastante simples, pois ocorre sem necessidade de emendas, gra\u00e7as ao seu sistema de encaixe, que garante a melhor veda\u00e7\u00e3o do produto.<\/span><\/p>\n","protected":false},"featured_media":0,"template":"","meta":{"_joinchat":[]},"product_brand":[],"product_cat":[73],"product_tag":[],"class_list":{"0":"post-7587","1":"product","2":"type-product","3":"status-publish","5":"product_cat-tubos-e-conexoes","7":"first","8":"outofstock","9":"shipping-taxable","10":"purchasable","11":"product-type-simple"},"_links":{"self":[{"href":"https:\/\/www.multicasa.com.br\/inicio\/wp-json\/wp\/v2\/product\/7587","targetHints":{"allow":["GET"]}}],"collection":[{"href":"https:\/\/www.multicasa.com.br\/inicio\/wp-json\/wp\/v2\/product"}],"about":[{"href":"https:\/\/www.multicasa.com.br\/inicio\/wp-json\/wp\/v2\/types\/product"}],"wp:attachment":[{"href":"https:\/\/www.multicasa.com.br\/inicio\/wp-json\/wp\/v2\/media?parent=7587"}],"wp:term":[{"taxonomy":"product_brand","embeddable":true,"href":"https:\/\/www.multicasa.com.br\/inicio\/wp-json\/wp\/v2\/product_brand?post=7587"},{"taxonomy":"product_cat","embeddable":true,"href":"https:\/\/www.multicasa.com.br\/inicio\/wp-json\/wp\/v2\/product_cat?post=7587"},{"taxonomy":"product_tag","embeddable":true,"href":"https:\/\/www.multicasa.com.br\/inicio\/wp-json\/wp\/v2\/product_tag?post=7587"}],"curies":[{"name":"wp","href":"https:\/\/api.w.org\/{rel}","templated":true}]}}