{"id":7634,"date":"2025-06-20T17:24:29","date_gmt":"2025-06-20T21:24:29","guid":{"rendered":"https:\/\/www.multicasa.com.br\/inicio\/?post_type=product&#038;p=7634"},"modified":"2026-02-16T12:30:24","modified_gmt":"2026-02-16T16:30:24","slug":"saboneteira-de-parede-com-ventosa-aco-cromado-future","status":"publish","type":"product","link":"https:\/\/www.multicasa.com.br\/inicio\/produto\/saboneteira-de-parede-com-ventosa-aco-cromado-future\/","title":{"rendered":"Saboneteira de Parede com Ventosa A\u00e7o Cromado Future"},"content":{"rendered":"<p>A Saboneteira de Parede Future utiliza um sistema de suc\u00e7\u00e3o por ventosas, eliminando os furos, sujeira e o uso de ferramentas para a coloca\u00e7\u00e3o das pe\u00e7as na parede. Confeccionado em a\u00e7o cromado com ventosas de borracha e pl\u00e1stico, \u00e9 resistente e suporta at\u00e9 1kg. Produto pr\u00e1tico e de f\u00e1cil instala\u00e7\u00e3o, ideal para ser instalada no lavabo ou area do banho, possui design cl\u00e1ssico que combina com qualquer decora\u00e7\u00e3o!<\/p>\n","protected":false},"excerpt":{"rendered":"<h4 style=\"margin: 0px;padding: 0px 0px 16px;font-family: Lato, sans-serif;font-weight: bold;line-height: 3rem;color: var(--dark-grey3);font-size: 22px;font-style: normal;letter-spacing: normal;text-align: start;text-indent: 0px;text-transform: none\">Informa\u00e7\u00f5es t\u00e9cnicas<\/h4>\n<p><span style=\"margin: 0px;padding: 0px;font-weight: 450;font-size: 14px;line-height: 21px;color: var(--dark-grey2);font-family: Lato, sans-serif;font-style: normal;letter-spacing: normal;text-align: start;text-indent: 0px;text-transform: none\">Produto: Saboneteira<br \/>\nMarca: Future<br \/>\nMaterial: A\u00e7o SAE 1010<br \/>\nBorracha<br \/>\nPl\u00e1stico ABS<br \/>\nAcabamento: Cromado<br \/>\nCor: Prata<br \/>\nCapacidade: 1Kg<br \/>\nCaracter\u00edsticas: Fixa\u00e7\u00e3o por ventosa<br \/>\nItens inclusos: 1 saboneteira<br \/>\nDimens\u00f5es do produto (L): 12cm<\/span><\/p>\n","protected":false},"featured_media":7688,"template":"","meta":{"_joinchat":[]},"product_brand":[],"product_cat":[69],"product_tag":[],"class_list":{"0":"post-7634","1":"product","2":"type-product","3":"status-publish","4":"has-post-thumbnail","6":"product_cat-acessorios-para-banheiro","8":"first","9":"instock","10":"shipping-taxable","11":"purchasable","12":"product-type-simple"},"_links":{"self":[{"href":"https:\/\/www.multicasa.com.br\/inicio\/wp-json\/wp\/v2\/product\/7634","targetHints":{"allow":["GET"]}}],"collection":[{"href":"https:\/\/www.multicasa.com.br\/inicio\/wp-json\/wp\/v2\/product"}],"about":[{"href":"https:\/\/www.multicasa.com.br\/inicio\/wp-json\/wp\/v2\/types\/product"}],"wp:featuredmedia":[{"embeddable":true,"href":"https:\/\/www.multicasa.com.br\/inicio\/wp-json\/wp\/v2\/media\/7688"}],"wp:attachment":[{"href":"https:\/\/www.multicasa.com.br\/inicio\/wp-json\/wp\/v2\/media?parent=7634"}],"wp:term":[{"taxonomy":"product_brand","embeddable":true,"href":"https:\/\/www.multicasa.com.br\/inicio\/wp-json\/wp\/v2\/product_brand?post=7634"},{"taxonomy":"product_cat","embeddable":true,"href":"https:\/\/www.multicasa.com.br\/inicio\/wp-json\/wp\/v2\/product_cat?post=7634"},{"taxonomy":"product_tag","embeddable":true,"href":"https:\/\/www.multicasa.com.br\/inicio\/wp-json\/wp\/v2\/product_tag?post=7634"}],"curies":[{"name":"wp","href":"https:\/\/api.w.org\/{rel}","templated":true}]}}