{"id":7678,"date":"2025-06-20T17:24:52","date_gmt":"2025-06-20T21:24:52","guid":{"rendered":"https:\/\/www.multicasa.com.br\/inicio\/?post_type=product&#038;p=7678"},"modified":"2025-12-16T18:15:24","modified_gmt":"2025-12-16T22:15:24","slug":"pincel-trincha-1-atlas","status":"publish","type":"product","link":"https:\/\/www.multicasa.com.br\/inicio\/produto\/pincel-trincha-1-atlas\/","title":{"rendered":"Pincel Trincha 1 Atlas"},"content":{"rendered":"<p>O pincel trincha da Atlas de 1?? possui cerdas gris selecionadas que medem 4,2cm e s\u00e3o ideais para usar com tinta latex e acr\u00edlica. O pincel para pintura Atlas foi desenvolvido especialmente para quem busca qualidade e efici\u00eancia na hora de aplicar materiais de acabamento.<\/p>\n","protected":false},"excerpt":{"rendered":"<h4 style=\"margin: 0px;padding: 0px 0px 16px;font-family: Lato, sans-serif;font-weight: bold;line-height: 3rem;color: var(--dark-grey3);font-size: 22px;font-style: normal;letter-spacing: normal;text-align: start;text-indent: 0px;text-transform: none\">Informa\u00e7\u00f5es t\u00e9cnicas<\/h4>\n<p><span style=\"margin: 0px;padding: 0px;font-weight: 450;font-size: 14px;line-height: 21px;color: var(--dark-grey2);font-family: Lato, sans-serif;font-style: normal;letter-spacing: normal;text-align: start;text-indent: 0px;text-transform: none\">Produto: Pincel Trincha<br \/>\nMarca: Atlas<br \/>\nMaterial: Cerdas Gris<br \/>\nCor: Laranja e prata<br \/>\nCaracter\u00edsticas: Indicado para l\u00e1tex e acr\u00edlica<br \/>\nItens Inclusos: 1 Pincel Trincha<br \/>\nDimens\u00f5es em polegadas: 1?<br \/>\nDimens\u00f5es (C): Fio &#8211; 4,2cm<\/span><\/p>\n","protected":false},"featured_media":7758,"template":"","meta":{"_joinchat":[]},"product_brand":[],"product_cat":[143],"product_tag":[],"class_list":{"0":"post-7678","1":"product","2":"type-product","3":"status-publish","4":"has-post-thumbnail","6":"product_cat-tintas-e-cia","8":"first","9":"outofstock","10":"shipping-taxable","11":"product-type-simple"},"_links":{"self":[{"href":"https:\/\/www.multicasa.com.br\/inicio\/wp-json\/wp\/v2\/product\/7678","targetHints":{"allow":["GET"]}}],"collection":[{"href":"https:\/\/www.multicasa.com.br\/inicio\/wp-json\/wp\/v2\/product"}],"about":[{"href":"https:\/\/www.multicasa.com.br\/inicio\/wp-json\/wp\/v2\/types\/product"}],"wp:featuredmedia":[{"embeddable":true,"href":"https:\/\/www.multicasa.com.br\/inicio\/wp-json\/wp\/v2\/media\/7758"}],"wp:attachment":[{"href":"https:\/\/www.multicasa.com.br\/inicio\/wp-json\/wp\/v2\/media?parent=7678"}],"wp:term":[{"taxonomy":"product_brand","embeddable":true,"href":"https:\/\/www.multicasa.com.br\/inicio\/wp-json\/wp\/v2\/product_brand?post=7678"},{"taxonomy":"product_cat","embeddable":true,"href":"https:\/\/www.multicasa.com.br\/inicio\/wp-json\/wp\/v2\/product_cat?post=7678"},{"taxonomy":"product_tag","embeddable":true,"href":"https:\/\/www.multicasa.com.br\/inicio\/wp-json\/wp\/v2\/product_tag?post=7678"}],"curies":[{"name":"wp","href":"https:\/\/api.w.org\/{rel}","templated":true}]}}