{"id":7685,"date":"2025-06-20T17:24:53","date_gmt":"2025-06-20T21:24:53","guid":{"rendered":"https:\/\/www.multicasa.com.br\/inicio\/?post_type=product&#038;p=7685"},"modified":"2026-04-23T17:00:17","modified_gmt":"2026-04-23T21:00:17","slug":"protetor-auricular-auditivo-de-espuma-com-cordao-3m","status":"publish","type":"product","link":"https:\/\/www.multicasa.com.br\/inicio\/produto\/protetor-auricular-auditivo-de-espuma-com-cordao-3m\/","title":{"rendered":"Protetor Auricular\/Auditivo de Espuma com Cord\u00e3o 3M"},"content":{"rendered":"<p>O Protetor Auricular\/Auditivo 3M \u00e9 fabricado em espuma macia e hipoalerg\u00eanica, com desenho c\u00f4nico que \u00e9 capaz de criar uma excelente veda\u00e7\u00e3o para redu\u00e7\u00e3o de ru\u00eddo no canal auditivo. Possui cord\u00e3o e sua superf\u00edcie lisa \u00e9 mold\u00e1vel e super f\u00e1cil de limpar, promovendo conforto e qualidade.<\/p>\n","protected":false},"excerpt":{"rendered":"<h4 style=\"margin: 0px;padding: 0px 0px 16px;font-family: Lato, sans-serif;font-weight: bold;line-height: 3rem;color: var(--dark-grey3);font-size: 22px;font-style: normal;letter-spacing: normal;text-align: start;text-indent: 0px;text-transform: none\">Informa\u00e7\u00f5es t\u00e9cnicas<\/h4>\n<p><span style=\"margin: 0px;padding: 0px;font-weight: 450;font-size: 14px;line-height: 21px;color: var(--dark-grey2);font-family: Lato, sans-serif;font-style: normal;letter-spacing: normal;text-align: start;text-indent: 0px;text-transform: none\">Produto: Protetor auricular<br \/>\nMarca: 3M<br \/>\nMaterial: Poli\u00e9ster<br \/>\nCor: Laranja e vermelho<br \/>\nCaracter\u00edsticas: Descart\u00e1vel<br \/>\nPossui cord\u00e3o<br \/>\nTamanho \u00fanico<br \/>\nTaxa de redu\u00e7\u00e3o de ru\u00eddo 16DB (NRRSF)<br \/>\nSuperf\u00edcie lisa resistente \u00e0 sujeira<br \/>\nHipoalerg\u00eanico<br \/>\nItens Inclusos: 1 Protetores auricular<br \/>\nDimens\u00f5es (A X L): 9 x 8,3cm<br \/>\n<\/span><\/p>\n","protected":false},"featured_media":7765,"template":"","meta":{"_joinchat":[]},"product_brand":[],"product_cat":[133],"product_tag":[],"class_list":{"0":"post-7685","1":"product","2":"type-product","3":"status-publish","4":"has-post-thumbnail","6":"product_cat-epis","8":"first","9":"instock","10":"shipping-taxable","11":"purchasable","12":"product-type-simple"},"_links":{"self":[{"href":"https:\/\/www.multicasa.com.br\/inicio\/wp-json\/wp\/v2\/product\/7685","targetHints":{"allow":["GET"]}}],"collection":[{"href":"https:\/\/www.multicasa.com.br\/inicio\/wp-json\/wp\/v2\/product"}],"about":[{"href":"https:\/\/www.multicasa.com.br\/inicio\/wp-json\/wp\/v2\/types\/product"}],"wp:featuredmedia":[{"embeddable":true,"href":"https:\/\/www.multicasa.com.br\/inicio\/wp-json\/wp\/v2\/media\/7765"}],"wp:attachment":[{"href":"https:\/\/www.multicasa.com.br\/inicio\/wp-json\/wp\/v2\/media?parent=7685"}],"wp:term":[{"taxonomy":"product_brand","embeddable":true,"href":"https:\/\/www.multicasa.com.br\/inicio\/wp-json\/wp\/v2\/product_brand?post=7685"},{"taxonomy":"product_cat","embeddable":true,"href":"https:\/\/www.multicasa.com.br\/inicio\/wp-json\/wp\/v2\/product_cat?post=7685"},{"taxonomy":"product_tag","embeddable":true,"href":"https:\/\/www.multicasa.com.br\/inicio\/wp-json\/wp\/v2\/product_tag?post=7685"}],"curies":[{"name":"wp","href":"https:\/\/api.w.org\/{rel}","templated":true}]}}

Protetor Auricular/Auditivo de Espuma com Cordão 3M

<p>O Protetor Auricular/Auditivo 3M é fabricado em espuma macia e hipoalergênica, com desenho cônico que é capaz de criar uma excelente vedação para redução de ruído no canal auditivo. Possui cordão e sua superfície lisa é moldável e super fácil de limpar, promovendo conforto e qualidade.</p>

<h4 style="margin: 0px;padding: 0px 0px 16px;font-family: Lato, sans-serif;font-weight: bold;line-height: 3rem;color: var(--dark-grey3);font-size: 22px;font-style: normal;letter-spacing: normal;text-align: start;text-indent: 0px;text-transform: none">Informações técnicas</h4>
<p><span style="margin: 0px;padding: 0px;font-weight: 450;font-size: 14px;line-height: 21px;color: var(--dark-grey2);font-family: Lato, sans-serif;font-style: normal;letter-spacing: normal;text-align: start;text-indent: 0px;text-transform: none">Produto: Protetor auricular<br />
Marca: 3M<br />
Material: Poliéster<br />
Cor: Laranja e vermelho<br />
Características: Descartável<br />
Possui cordão<br />
Tamanho único<br />
Taxa de redução de ruído 16DB (NRRSF)<br />
Superfície lisa resistente à sujeira<br />
Hipoalergênico<br />
Itens Inclusos: 1 Protetores auricular<br />
Dimensões (A X L): 9 x 8,3cm<br />
</span></p>
