{"id":8041,"date":"2025-06-20T17:28:46","date_gmt":"2025-06-20T21:28:46","guid":{"rendered":"https:\/\/www.multicasa.com.br\/inicio\/?post_type=product&#038;p=8041"},"modified":"2025-08-17T18:59:51","modified_gmt":"2025-08-17T22:59:51","slug":"cabo-flexivel-750v-preto-cobrecom-4mm-1m","status":"publish","type":"product","link":"https:\/\/www.multicasa.com.br\/inicio\/produto\/cabo-flexivel-750v-preto-cobrecom-4mm-1m\/","title":{"rendered":"Cabo Flex\u00edvel 750V Preto Cobrecom 4mm &#8211; 1m"},"content":{"rendered":"<p>Use o cabo flex\u00edvel Cobrebom de cor preta em instala\u00e7\u00f5es internas fixas, industriais comerciais e residenciais de luz e for\u00e7a. Com 4 mm de espessura e tens\u00e3o nominal de at\u00e9 750v, pode ser usado tamb\u00e9m em pain\u00e9is de comando, sinaliza\u00e7\u00e3o, instala\u00e7\u00f5es el\u00e9tricas de autom\u00f3veis e ve\u00edculos motorizados, embutidos em eletrodutos, bandejas ou canaletas. Fabricado em PVC a 70\u00b0C, o cabo flex\u00edvel branco \u00e9 antichama, foi fabricado dentro das normas ABNT para garantir qualidade, economia e seguran\u00e7a para seu lar. Mede 1 metro.<\/p>\n","protected":false},"excerpt":{"rendered":"<h4 style=\"margin: 0px;padding: 0px 0px 16px;font-family: Lato, sans-serif;font-weight: bold;line-height: 3rem;color: var(--dark-grey3);font-size: 22px;font-style: normal;letter-spacing: normal;text-align: start;text-indent: 0px;text-transform: none\">Informa\u00e7\u00f5es t\u00e9cnicas<\/h4>\n<p><span style=\"margin: 0px;padding: 0px;font-weight: 450;font-size: 14px;line-height: 21px;color: var(--dark-grey2);font-family: Lato, sans-serif;font-style: normal;letter-spacing: normal;text-align: start;text-indent: 0px;text-transform: none\">Produto: Cabo<br \/>\nMarca: Cobrecom<br \/>\nMaterial: Cobre<br \/>\nPVC anti chama<br \/>\nCor: Preto<br \/>\nCaracter\u00edsticas: Tens\u00e3o nominal de at\u00e9 450 ~750v<br \/>\nProduto anti chama a 70\u00b0C<br \/>\nItens inclusos: 1 Cabo<br \/>\nDi\u00e2metro do produto: 4,0mm<br \/>\nDimens\u00f5es do produto (C): 1m<br \/>\n<\/span><\/p>\n","protected":false},"featured_media":8093,"template":"","meta":{"_joinchat":[]},"product_brand":[],"product_cat":[121],"product_tag":[],"class_list":{"0":"post-8041","1":"product","2":"type-product","3":"status-publish","4":"has-post-thumbnail","6":"product_cat-fios-e-cabo","8":"first","9":"outofstock","10":"shipping-taxable","11":"purchasable","12":"product-type-simple"},"_links":{"self":[{"href":"https:\/\/www.multicasa.com.br\/inicio\/wp-json\/wp\/v2\/product\/8041","targetHints":{"allow":["GET"]}}],"collection":[{"href":"https:\/\/www.multicasa.com.br\/inicio\/wp-json\/wp\/v2\/product"}],"about":[{"href":"https:\/\/www.multicasa.com.br\/inicio\/wp-json\/wp\/v2\/types\/product"}],"wp:featuredmedia":[{"embeddable":true,"href":"https:\/\/www.multicasa.com.br\/inicio\/wp-json\/wp\/v2\/media\/8093"}],"wp:attachment":[{"href":"https:\/\/www.multicasa.com.br\/inicio\/wp-json\/wp\/v2\/media?parent=8041"}],"wp:term":[{"taxonomy":"product_brand","embeddable":true,"href":"https:\/\/www.multicasa.com.br\/inicio\/wp-json\/wp\/v2\/product_brand?post=8041"},{"taxonomy":"product_cat","embeddable":true,"href":"https:\/\/www.multicasa.com.br\/inicio\/wp-json\/wp\/v2\/product_cat?post=8041"},{"taxonomy":"product_tag","embeddable":true,"href":"https:\/\/www.multicasa.com.br\/inicio\/wp-json\/wp\/v2\/product_tag?post=8041"}],"curies":[{"name":"wp","href":"https:\/\/api.w.org\/{rel}","templated":true}]}}

Cabo Flexível 750V Preto Cobrecom 4mm &#8211; 1m

<p>Use o cabo flexível Cobrebom de cor preta em instalações internas fixas, industriais comerciais e residenciais de luz e força. Com 4 mm de espessura e tensão nominal de até 750v, pode ser usado também em painéis de comando, sinalização, instalações elétricas de automóveis e veículos motorizados, embutidos em eletrodutos, bandejas ou canaletas. Fabricado em PVC a 70°C, o cabo flexível branco é antichama, foi fabricado dentro das normas ABNT para garantir qualidade, economia e segurança para seu lar. Mede 1 metro.</p>

<h4 style="margin: 0px;padding: 0px 0px 16px;font-family: Lato, sans-serif;font-weight: bold;line-height: 3rem;color: var(--dark-grey3);font-size: 22px;font-style: normal;letter-spacing: normal;text-align: start;text-indent: 0px;text-transform: none">Informações técnicas</h4>
<p><span style="margin: 0px;padding: 0px;font-weight: 450;font-size: 14px;line-height: 21px;color: var(--dark-grey2);font-family: Lato, sans-serif;font-style: normal;letter-spacing: normal;text-align: start;text-indent: 0px;text-transform: none">Produto: Cabo<br />
Marca: Cobrecom<br />
Material: Cobre<br />
PVC anti chama<br />
Cor: Preto<br />
Características: Tensão nominal de até 450 ~750v<br />
Produto anti chama a 70°C<br />
Itens inclusos: 1 Cabo<br />
Diâmetro do produto: 4,0mm<br />
Dimensões do produto (C): 1m<br />
</span></p>
