{"id":8042,"date":"2025-06-20T17:28:46","date_gmt":"2025-06-20T21:28:46","guid":{"rendered":"https:\/\/www.multicasa.com.br\/inicio\/?post_type=product&#038;p=8042"},"modified":"2026-01-27T16:30:39","modified_gmt":"2026-01-27T20:30:39","slug":"cabo-usb-2-0-am-bm-para-impressora-5-2m","status":"publish","type":"product","link":"https:\/\/www.multicasa.com.br\/inicio\/produto\/cabo-usb-2-0-am-bm-para-impressora-5-2m\/","title":{"rendered":"Cabo USB 2.0 AM\/BM para Impressora 5+ 2m"},"content":{"rendered":"<p>O Cabo USB 2.0 AM\/BM para Impressora da 5+ tem 2 metros de comprimento, \u00e9 ideal para o uso em computadores e perif\u00e9ricos como impressoras e scanners.<\/p>\n","protected":false},"excerpt":{"rendered":"<h4 style=\"margin: 0px;padding: 0px 0px 16px;font-family: Lato, sans-serif;font-weight: bold;line-height: 3rem;color: var(--dark-grey3);font-size: 22px;font-style: normal;letter-spacing: normal;text-align: start;text-indent: 0px;text-transform: none\">Informa\u00e7\u00f5es t\u00e9cnicas<\/h4>\n<p><span style=\"margin: 0px;padding: 0px;font-weight: 450;font-size: 14px;line-height: 21px;color: var(--dark-grey2);font-family: Lato, sans-serif;font-style: normal;letter-spacing: normal;text-align: start;text-indent: 0px;text-transform: none\">Produto: Cabo USB para impressora<br \/>\nMarca: 5+<br \/>\nCor: Preto<br \/>\nCaracter\u00edsticas: 2.0, USB A macho x USB B macho<br \/>\nItens inclusos: 1 Cabo USB para impressora<br \/>\nDimens\u00f5es do produto (C): 2m<br \/>\nDimens\u00f5es da embalagem (A x L x P): 22,5 x 11,5 x 2cm                                                                                                     Peso: 0,05kg<\/span><\/p>\n","protected":false},"featured_media":8095,"template":"","meta":{"_joinchat":[]},"product_brand":[],"product_cat":[130],"product_tag":[],"class_list":{"0":"post-8042","1":"product","2":"type-product","3":"status-publish","4":"has-post-thumbnail","6":"product_cat-informatica","8":"first","9":"instock","10":"shipping-taxable","11":"purchasable","12":"product-type-simple"},"_links":{"self":[{"href":"https:\/\/www.multicasa.com.br\/inicio\/wp-json\/wp\/v2\/product\/8042","targetHints":{"allow":["GET"]}}],"collection":[{"href":"https:\/\/www.multicasa.com.br\/inicio\/wp-json\/wp\/v2\/product"}],"about":[{"href":"https:\/\/www.multicasa.com.br\/inicio\/wp-json\/wp\/v2\/types\/product"}],"wp:featuredmedia":[{"embeddable":true,"href":"https:\/\/www.multicasa.com.br\/inicio\/wp-json\/wp\/v2\/media\/8095"}],"wp:attachment":[{"href":"https:\/\/www.multicasa.com.br\/inicio\/wp-json\/wp\/v2\/media?parent=8042"}],"wp:term":[{"taxonomy":"product_brand","embeddable":true,"href":"https:\/\/www.multicasa.com.br\/inicio\/wp-json\/wp\/v2\/product_brand?post=8042"},{"taxonomy":"product_cat","embeddable":true,"href":"https:\/\/www.multicasa.com.br\/inicio\/wp-json\/wp\/v2\/product_cat?post=8042"},{"taxonomy":"product_tag","embeddable":true,"href":"https:\/\/www.multicasa.com.br\/inicio\/wp-json\/wp\/v2\/product_tag?post=8042"}],"curies":[{"name":"wp","href":"https:\/\/api.w.org\/{rel}","templated":true}]}}

<p>O Cabo USB 2.0 AM/BM para Impressora da 5+ tem 2 metros de comprimento, é ideal para o uso em computadores e periféricos como impressoras e scanners.</p>

<h4 style="margin: 0px;padding: 0px 0px 16px;font-family: Lato, sans-serif;font-weight: bold;line-height: 3rem;color: var(--dark-grey3);font-size: 22px;font-style: normal;letter-spacing: normal;text-align: start;text-indent: 0px;text-transform: none">Informações técnicas</h4>
<p><span style="margin: 0px;padding: 0px;font-weight: 450;font-size: 14px;line-height: 21px;color: var(--dark-grey2);font-family: Lato, sans-serif;font-style: normal;letter-spacing: normal;text-align: start;text-indent: 0px;text-transform: none">Produto: Cabo USB para impressora<br />
Marca: 5+<br />
Cor: Preto<br />
Características: 2.0, USB A macho x USB B macho<br />
Itens inclusos: 1 Cabo USB para impressora<br />
Dimensões do produto (C): 2m<br />
Dimensões da embalagem (A x L x P): 22,5 x 11,5 x 2cm                                                                                                     Peso: 0,05kg</span></p>
