{"id":8044,"date":"2025-06-20T17:28:46","date_gmt":"2025-06-20T21:28:46","guid":{"rendered":"https:\/\/www.multicasa.com.br\/inicio\/?post_type=product&#038;p=8044"},"modified":"2025-06-23T09:55:33","modified_gmt":"2025-06-23T13:55:33","slug":"cabo-transferencia-de-dados-usb-c-para-usb-c-preto-geonav-1m","status":"publish","type":"product","link":"https:\/\/www.multicasa.com.br\/inicio\/produto\/cabo-transferencia-de-dados-usb-c-para-usb-c-preto-geonav-1m\/","title":{"rendered":"Cabo Transfer\u00eancia de Dados USB-C para USB-C Preto Geonav 1m"},"content":{"rendered":"<p>Cabo Transfer\u00eancia de Dados Geonav pode ser usado com dispositivos usb-c para ligar em outros que usem o padr\u00e3o usb tradicional, como smartphones, carregadores, power banks, laptops, discos externos, entre outros. O conector usb c \u00e9 revers\u00edvel, por isso pode ser utilizado dos dois lados, al\u00e9m de transferir dados e carregamento r\u00e1pido e seguro at\u00e9 480mbps. O cabo \u00e9 confeccionado em nylon tran\u00e7ado refor\u00e7ado na cor preto com 1m de comprimento.<\/p>\n","protected":false},"excerpt":{"rendered":"<h4 style=\"margin: 0px;padding: 0px 0px 16px;font-family: Lato, sans-serif;font-weight: bold;line-height: 3rem;color: var(--dark-grey3);font-size: 22px;font-style: normal;letter-spacing: normal;text-align: start;text-indent: 0px;text-transform: none\">Informa\u00e7\u00f5es t\u00e9cnicas<\/h4>\n<p><span style=\"margin: 0px;padding: 0px;font-weight: 450;font-size: 14px;line-height: 21px;color: var(--dark-grey2);font-family: Lato, sans-serif;font-style: normal;letter-spacing: normal;text-align: start;text-indent: 0px;text-transform: none\">Produto: Cabo USB<br \/>\nTipo: C<br \/>\nMarca: Geonav<br \/>\nMaterial: Nylon Tran\u00e7ado<br \/>\nCor: Preto<br \/>\nCaracter\u00edsticas: Faz carga e transfer\u00eancia de dados<br \/>\nUSB-C para USB-C<br \/>\nAlta velocidade<br \/>\nSeguro at\u00e9 480mbps<br \/>\nSa\u00edda at\u00e9: 3a<br \/>\nConector Revers\u00edvel<br \/>\nItens inclusos: 1 Cabo USB<br \/>\nDimens\u00f5es do produto (C): 1m<\/span><\/p>\n","protected":false},"featured_media":24827,"template":"","meta":{"_joinchat":[]},"product_brand":[],"product_cat":[130],"product_tag":[],"class_list":{"0":"post-8044","1":"product","2":"type-product","3":"status-publish","4":"has-post-thumbnail","6":"product_cat-informatica","8":"first","9":"outofstock","10":"shipping-taxable","11":"product-type-simple"},"_links":{"self":[{"href":"https:\/\/www.multicasa.com.br\/inicio\/wp-json\/wp\/v2\/product\/8044","targetHints":{"allow":["GET"]}}],"collection":[{"href":"https:\/\/www.multicasa.com.br\/inicio\/wp-json\/wp\/v2\/product"}],"about":[{"href":"https:\/\/www.multicasa.com.br\/inicio\/wp-json\/wp\/v2\/types\/product"}],"wp:featuredmedia":[{"embeddable":true,"href":"https:\/\/www.multicasa.com.br\/inicio\/wp-json\/wp\/v2\/media\/24827"}],"wp:attachment":[{"href":"https:\/\/www.multicasa.com.br\/inicio\/wp-json\/wp\/v2\/media?parent=8044"}],"wp:term":[{"taxonomy":"product_brand","embeddable":true,"href":"https:\/\/www.multicasa.com.br\/inicio\/wp-json\/wp\/v2\/product_brand?post=8044"},{"taxonomy":"product_cat","embeddable":true,"href":"https:\/\/www.multicasa.com.br\/inicio\/wp-json\/wp\/v2\/product_cat?post=8044"},{"taxonomy":"product_tag","embeddable":true,"href":"https:\/\/www.multicasa.com.br\/inicio\/wp-json\/wp\/v2\/product_tag?post=8044"}],"curies":[{"name":"wp","href":"https:\/\/api.w.org\/{rel}","templated":true}]}}