{"id":8073,"date":"2025-06-20T17:29:08","date_gmt":"2025-06-20T21:29:08","guid":{"rendered":"https:\/\/www.multicasa.com.br\/inicio\/?post_type=product&#038;p=8073"},"modified":"2025-06-20T17:29:34","modified_gmt":"2025-06-20T21:29:34","slug":"caixa-maleta-de-ferramentas-5-pecas-stanley","status":"publish","type":"product","link":"https:\/\/www.multicasa.com.br\/inicio\/produto\/caixa-maleta-de-ferramentas-5-pecas-stanley\/","title":{"rendered":"Caixa Maleta de Ferramentas 5 Pe\u00e7as Stanley"},"content":{"rendered":"<p>A Caixa de Ferramentas Stanley \u00e9 composta pela maleta de pl\u00e1stico e mais 4 acess\u00f3rios: trena, chave de fenda, chave philips e estilete. Possuindo 41 cm, a caixa conta com trava de metal niquelada, orif\u00edcio para cadeado e tem as seguintes medidas: 41, 1, 2 x 19, 9 x 18, 5cm. Jogo de ferramentas indicado para quem procura por organiza\u00e7\u00e3o e praticidade.<\/p>\n","protected":false},"excerpt":{"rendered":"<h4 style=\"margin: 0px;padding: 0px 0px 16px;font-family: Lato, sans-serif;font-weight: bold;line-height: 3rem;color: var(--dark-grey3);font-size: 22px;font-style: normal;letter-spacing: normal;text-align: start;text-indent: 0px;text-transform: none\">Informa\u00e7\u00f5es t\u00e9cnicas<\/h4>\n<p><span style=\"margin: 0px;padding: 0px;font-weight: 450;font-size: 14px;line-height: 21px;color: var(--dark-grey2);font-family: Lato, sans-serif;font-style: normal;letter-spacing: normal;text-align: start;text-indent: 0px;text-transform: none\">Produto: Kit Ferramentas<br \/>\nMarca: Stanley<br \/>\nMaterial: Caixa em pl\u00e1stico polipropileno<br \/>\nTrava de metal<br \/>\nCor: Preto e amarelo<br \/>\nCaracter\u00edsticas: Possui bandeja interna<br \/>\nCom trava e organizador superiro<br \/>\nQuantidade de pe\u00e7as: 5 pe\u00e7as<br \/>\nItens Inclusos: 1 Trena 5m<br \/>\n1 Chave De Fenda 1\/8&#215;3<br \/>\n1 Chave philips 1\/8&#215;3<br \/>\n1 Estilete De 18mm<br \/>\n1 maleta de pl\u00e1stico<br \/>\nDimens\u00f5es do produto (A X L X P): 18,5 x 19,9 x 41,1cm.<br \/>\n<\/span><\/p>\n","protected":false},"featured_media":8126,"template":"","meta":{"_joinchat":[]},"product_brand":[],"product_cat":[137],"product_tag":[],"class_list":{"0":"post-8073","1":"product","2":"type-product","3":"status-publish","4":"has-post-thumbnail","6":"product_cat-ferramentas-manuais","8":"first","9":"outofstock","10":"shipping-taxable","11":"product-type-simple"},"_links":{"self":[{"href":"https:\/\/www.multicasa.com.br\/inicio\/wp-json\/wp\/v2\/product\/8073","targetHints":{"allow":["GET"]}}],"collection":[{"href":"https:\/\/www.multicasa.com.br\/inicio\/wp-json\/wp\/v2\/product"}],"about":[{"href":"https:\/\/www.multicasa.com.br\/inicio\/wp-json\/wp\/v2\/types\/product"}],"wp:featuredmedia":[{"embeddable":true,"href":"https:\/\/www.multicasa.com.br\/inicio\/wp-json\/wp\/v2\/media\/8126"}],"wp:attachment":[{"href":"https:\/\/www.multicasa.com.br\/inicio\/wp-json\/wp\/v2\/media?parent=8073"}],"wp:term":[{"taxonomy":"product_brand","embeddable":true,"href":"https:\/\/www.multicasa.com.br\/inicio\/wp-json\/wp\/v2\/product_brand?post=8073"},{"taxonomy":"product_cat","embeddable":true,"href":"https:\/\/www.multicasa.com.br\/inicio\/wp-json\/wp\/v2\/product_cat?post=8073"},{"taxonomy":"product_tag","embeddable":true,"href":"https:\/\/www.multicasa.com.br\/inicio\/wp-json\/wp\/v2\/product_tag?post=8073"}],"curies":[{"name":"wp","href":"https:\/\/api.w.org\/{rel}","templated":true}]}}