{"id":8219,"date":"2025-06-20T17:30:39","date_gmt":"2025-06-20T21:30:39","guid":{"rendered":"https:\/\/www.multicasa.com.br\/inicio\/?post_type=product&#038;p=8219"},"modified":"2025-10-31T10:42:11","modified_gmt":"2025-10-31T14:42:11","slug":"elimina-riscos-automotivo-proauto-150g","status":"publish","type":"product","link":"https:\/\/www.multicasa.com.br\/inicio\/produto\/elimina-riscos-automotivo-proauto-150g\/","title":{"rendered":"Elimina Riscos Automotivo Proauto 150G"},"content":{"rendered":"<p>O Elimina Riscos Automotivo da Proauto \u00e9 excelente na remo\u00e7\u00e3o de riscos e arranh\u00f5es superficiais, proporcionando \u00f3timo acabamento sobre a pintura automotiva. Vai deixar seu carro com apar\u00eancia de novo, limpo e bem cuidado! Embalagem cont\u00e9m 150g.<\/p>\n","protected":false},"excerpt":{"rendered":"<h4 style=\"margin: 0px;padding: 0px 0px 16px;font-family: Lato, sans-serif;font-weight: bold;line-height: 3rem;color: var(--dark-grey3);font-size: 22px;font-style: normal;letter-spacing: normal;text-align: start;text-indent: 0px;text-transform: none\">Informa\u00e7\u00f5es t\u00e9cnicas<\/h4>\n<p><span style=\"margin: 0px;padding: 0px;font-weight: 450;font-size: 14px;line-height: 21px;color: var(--dark-grey2);font-family: Lato, sans-serif;font-style: normal;letter-spacing: normal;text-align: start;text-indent: 0px;text-transform: none\">Produto: Elimina Riscos Automotivo<br \/>\nMarca: Proauto<br \/>\nConte\u00fado: 150g<br \/>\nCaracter\u00edsticas: Remove riscos e arranh\u00f5es superficiais<br \/>\nItens Inclusos: 1 Elimina Riscos Automotiv0<br \/>\nDimens\u00f5es do produto (A x L x P): 15,3 x 5 x 5cm<br \/>\nPeso: 0,150kg<\/span><\/p>\n","protected":false},"featured_media":25105,"template":"","meta":{"_joinchat":[]},"product_brand":[],"product_cat":[142],"product_tag":[],"class_list":{"0":"post-8219","1":"product","2":"type-product","3":"status-publish","4":"has-post-thumbnail","6":"product_cat-utilidades-para-automoveis","8":"first","9":"outofstock","10":"shipping-taxable","11":"purchasable","12":"product-type-simple"},"_links":{"self":[{"href":"https:\/\/www.multicasa.com.br\/inicio\/wp-json\/wp\/v2\/product\/8219","targetHints":{"allow":["GET"]}}],"collection":[{"href":"https:\/\/www.multicasa.com.br\/inicio\/wp-json\/wp\/v2\/product"}],"about":[{"href":"https:\/\/www.multicasa.com.br\/inicio\/wp-json\/wp\/v2\/types\/product"}],"wp:featuredmedia":[{"embeddable":true,"href":"https:\/\/www.multicasa.com.br\/inicio\/wp-json\/wp\/v2\/media\/25105"}],"wp:attachment":[{"href":"https:\/\/www.multicasa.com.br\/inicio\/wp-json\/wp\/v2\/media?parent=8219"}],"wp:term":[{"taxonomy":"product_brand","embeddable":true,"href":"https:\/\/www.multicasa.com.br\/inicio\/wp-json\/wp\/v2\/product_brand?post=8219"},{"taxonomy":"product_cat","embeddable":true,"href":"https:\/\/www.multicasa.com.br\/inicio\/wp-json\/wp\/v2\/product_cat?post=8219"},{"taxonomy":"product_tag","embeddable":true,"href":"https:\/\/www.multicasa.com.br\/inicio\/wp-json\/wp\/v2\/product_tag?post=8219"}],"curies":[{"name":"wp","href":"https:\/\/api.w.org\/{rel}","templated":true}]}}