{"id":8323,"date":"2025-06-20T17:31:49","date_gmt":"2025-06-20T21:31:49","guid":{"rendered":"https:\/\/www.multicasa.com.br\/inicio\/?post_type=product&#038;p=8323"},"modified":"2025-06-20T17:32:32","modified_gmt":"2025-06-20T21:32:32","slug":"fone-de-ouvido-intra-auricular-com-microfone-multilaser-1m","status":"publish","type":"product","link":"https:\/\/www.multicasa.com.br\/inicio\/produto\/fone-de-ouvido-intra-auricular-com-microfone-multilaser-1m\/","title":{"rendered":"Fone de Ouvido Intra-auricular com Microfone Multilaser 1m"},"content":{"rendered":"<p>Ou\u00e7a suas m\u00fasicas favoritas em qualquer lugar usando o fone de ouvido intra-auricular com microfone da Multilaser. Com isolamento ac\u00fastico e microfone hands free, tem cabo flat com 1m de extens\u00e3o que garante flexibilidade. Em cores vibrantes e divertidas, possui borrachinhas para n\u00e3o machucar seu ouvido e acompanham 2 pares extras em tamanhos diferentes para melhor adapta\u00e7\u00e3o. Seu fone de ouvido com microfone possui conector P2 de 3,5 mm, e permite que voc\u00ea atenda chamadas sem precisar tir\u00e1-lo.<\/p>\n","protected":false},"excerpt":{"rendered":"<h4 style=\"margin: 0px;padding: 0px 0px 16px;font-family: Lato, sans-serif;font-weight: bold;line-height: 3rem;color: var(--dark-grey3);font-size: 22px;font-style: normal;letter-spacing: normal;text-align: start;text-indent: 0px;text-transform: none\">Informa\u00e7\u00f5es t\u00e9cnicas<\/h4>\n<p><span style=\"margin: 0px;padding: 0px;font-weight: 450;font-size: 14px;line-height: 21px;color: var(--dark-grey2);font-family: Lato, sans-serif;font-style: normal;letter-spacing: normal;text-align: start;text-indent: 0px;text-transform: none\">Produto: Fone de ouvido<br \/>\nTipo: Intra Auricular<br \/>\nMarca: Multilaser<br \/>\nMaterial: Pl\u00e1stico<br \/>\nCobre<br \/>\nCor: Sortida<br \/>\nCaracter\u00edsticas: Possui microfone<br \/>\nConector P2 3,5mm<br \/>\nImped\u00e2ncia 32 ohm<br \/>\nResposta em frequ\u00eancia: 20~20hz<br \/>\nSensibilidade 95\u00b13DB<br \/>\nCaixa ac\u00fastica 10mm<br \/>\nItens Inclusos: 1 fone de ouvido<br \/>\nDimens\u00f5es do produto (C): Cabo &#8211; 1m<br \/>\n<\/span><\/p>\n","protected":false},"featured_media":8386,"template":"","meta":{"_joinchat":[]},"product_brand":[],"product_cat":[153],"product_tag":[],"class_list":{"0":"post-8323","1":"product","2":"type-product","3":"status-publish","4":"has-post-thumbnail","6":"product_cat-eletronica-e-cia","8":"first","9":"outofstock","10":"shipping-taxable","11":"product-type-simple"},"_links":{"self":[{"href":"https:\/\/www.multicasa.com.br\/inicio\/wp-json\/wp\/v2\/product\/8323","targetHints":{"allow":["GET"]}}],"collection":[{"href":"https:\/\/www.multicasa.com.br\/inicio\/wp-json\/wp\/v2\/product"}],"about":[{"href":"https:\/\/www.multicasa.com.br\/inicio\/wp-json\/wp\/v2\/types\/product"}],"wp:featuredmedia":[{"embeddable":true,"href":"https:\/\/www.multicasa.com.br\/inicio\/wp-json\/wp\/v2\/media\/8386"}],"wp:attachment":[{"href":"https:\/\/www.multicasa.com.br\/inicio\/wp-json\/wp\/v2\/media?parent=8323"}],"wp:term":[{"taxonomy":"product_brand","embeddable":true,"href":"https:\/\/www.multicasa.com.br\/inicio\/wp-json\/wp\/v2\/product_brand?post=8323"},{"taxonomy":"product_cat","embeddable":true,"href":"https:\/\/www.multicasa.com.br\/inicio\/wp-json\/wp\/v2\/product_cat?post=8323"},{"taxonomy":"product_tag","embeddable":true,"href":"https:\/\/www.multicasa.com.br\/inicio\/wp-json\/wp\/v2\/product_tag?post=8323"}],"curies":[{"name":"wp","href":"https:\/\/api.w.org\/{rel}","templated":true}]}}