{"id":8394,"date":"2025-06-20T17:32:34","date_gmt":"2025-06-20T21:32:34","guid":{"rendered":"https:\/\/www.multicasa.com.br\/inicio\/?post_type=product&#038;p=8394"},"modified":"2025-06-20T17:33:09","modified_gmt":"2025-06-20T21:33:09","slug":"kit-chave-allen-de-15mm-a-100mm-10-pecas-stanley","status":"publish","type":"product","link":"https:\/\/www.multicasa.com.br\/inicio\/produto\/kit-chave-allen-de-15mm-a-100mm-10-pecas-stanley\/","title":{"rendered":"Kit Chave Allen de 1,5mm a 10,0mm 10 Pe\u00e7as Stanley"},"content":{"rendered":"<p>O Jogo de Chaves Allen \u00e9 fabricado em A\u00e7o Cromo Van\u00e1dio em formato L, proporcionando efeito alavanca e minimizando o esfor\u00e7o f\u00edsico do usu\u00e1rio. Possui pontas com bisel para ajuste r\u00e1pido e cont\u00e9m 10 pe\u00e7as que v\u00e3o de 1,5 mm a 10 mm, o estojo de pl\u00e1stico acompanha.<\/p>\n","protected":false},"excerpt":{"rendered":"<h4 style=\"margin: 0px;padding: 0px 0px 16px;font-family: Lato, sans-serif;font-weight: bold;line-height: 3rem;color: var(--dark-grey3);font-size: 22px;font-style: normal;letter-spacing: normal;text-align: start;text-indent: 0px;text-transform: none\">Informa\u00e7\u00f5es t\u00e9cnicas<\/h4>\n<p><span style=\"margin: 0px;padding: 0px;font-weight: 450;font-size: 14px;line-height: 21px;color: var(--dark-grey2);font-family: Lato, sans-serif;font-style: normal;letter-spacing: normal;text-align: start;text-indent: 0px;text-transform: none\">Produto: Kit de Chave Allen<br \/>\nTipo: L<br \/>\nMarca: Stanley<br \/>\nMaterial: A\u00e7o cromo van\u00e1dio<br \/>\nCor: Grafite<br \/>\nCaracter\u00edsticas: Pontas com bisel para ajuste r\u00e1pido<br \/>\nQuantidade de pe\u00e7as: 10 pe\u00e7as<br \/>\nItens inclusos: 1 estojo de pl\u00e1stico<br \/>\n1 Chave de 1.5mm<br \/>\n1 Chave de 2.0mm<br \/>\n1 Chave de 2.5mm<br \/>\n1 Chave de 3.0mm<br \/>\n1 Chave de 4.0mm<br \/>\n1 Chave de 5.0mm<br \/>\n1 Chave de 5.5mm<br \/>\n1 Chave de 6.0mm<br \/>\n1 Chave de 8.0mm<br \/>\n1 Chave de 10.0mm<br \/>\nDimens\u00f5es do Produto (A X L): 14 x 8cm<br \/>\nPeso: 0.30Kg<\/span><\/p>\n","protected":false},"featured_media":8449,"template":"","meta":{"_joinchat":[]},"product_brand":[],"product_cat":[137],"product_tag":[],"class_list":{"0":"post-8394","1":"product","2":"type-product","3":"status-publish","4":"has-post-thumbnail","6":"product_cat-ferramentas-manuais","8":"first","9":"outofstock","10":"shipping-taxable","11":"product-type-simple"},"_links":{"self":[{"href":"https:\/\/www.multicasa.com.br\/inicio\/wp-json\/wp\/v2\/product\/8394","targetHints":{"allow":["GET"]}}],"collection":[{"href":"https:\/\/www.multicasa.com.br\/inicio\/wp-json\/wp\/v2\/product"}],"about":[{"href":"https:\/\/www.multicasa.com.br\/inicio\/wp-json\/wp\/v2\/types\/product"}],"wp:featuredmedia":[{"embeddable":true,"href":"https:\/\/www.multicasa.com.br\/inicio\/wp-json\/wp\/v2\/media\/8449"}],"wp:attachment":[{"href":"https:\/\/www.multicasa.com.br\/inicio\/wp-json\/wp\/v2\/media?parent=8394"}],"wp:term":[{"taxonomy":"product_brand","embeddable":true,"href":"https:\/\/www.multicasa.com.br\/inicio\/wp-json\/wp\/v2\/product_brand?post=8394"},{"taxonomy":"product_cat","embeddable":true,"href":"https:\/\/www.multicasa.com.br\/inicio\/wp-json\/wp\/v2\/product_cat?post=8394"},{"taxonomy":"product_tag","embeddable":true,"href":"https:\/\/www.multicasa.com.br\/inicio\/wp-json\/wp\/v2\/product_tag?post=8394"}],"curies":[{"name":"wp","href":"https:\/\/api.w.org\/{rel}","templated":true}]}}