{"id":8398,"date":"2025-06-20T17:32:34","date_gmt":"2025-06-20T21:32:34","guid":{"rendered":"https:\/\/www.multicasa.com.br\/inicio\/?post_type=product&#038;p=8398"},"modified":"2025-06-20T17:33:19","modified_gmt":"2025-06-20T21:33:19","slug":"kit-de-parafusar-chave-catraca-40-pecas-black-decker","status":"publish","type":"product","link":"https:\/\/www.multicasa.com.br\/inicio\/produto\/kit-de-parafusar-chave-catraca-40-pecas-black-decker\/","title":{"rendered":"Kit de Parafusar Chave Catraca 40 pe\u00e7as Black + Decker"},"content":{"rendered":"<p>O kit de parafusar de Chave Catraca 40 pe\u00e7as Black + Decker \u00e9 ideal para quem busca simplicidade e praticidade. \u00c9 composto por uma chave reta e 18 bits para parafusar (fenda, philips, Allen e hexalobular) . Acompanha estojo pl\u00e1stico, 7 tamanhos diferentes de soquetes, 1 chave para parafusar e outras 18 pontas para parafusar de 1 (25mm) BITS: (2) PH1, (2) PH2, (2) PH3, SL4, SL6, H3, H4, H5, H6, T10, T15, T20, T25, T30, T40. Uma chave tipo catraca e 32 pontas divididas entre estrela e Fenda s\u00e3o respons\u00e1veis por auxiliar em diversos trabalhos de manuten\u00e7\u00e3o.<\/p>\n","protected":false},"excerpt":{"rendered":"<h4 style=\"margin: 0px;padding: 0px 0px 16px;font-family: Lato, sans-serif;font-weight: bold;line-height: 3rem;color: var(--dark-grey3);font-size: 22px;font-style: normal;letter-spacing: normal;text-align: start;text-indent: 0px;text-transform: none\">Informa\u00e7\u00f5es t\u00e9cnicas<\/h4>\n<p><span style=\"margin: 0px;padding: 0px;font-weight: 450;font-size: 14px;line-height: 21px;color: var(--dark-grey2);font-family: Lato, sans-serif;font-style: normal;letter-spacing: normal;text-align: start;text-indent: 0px;text-transform: none\">Produto: Kit de Parafusar<br \/>\nMarca: Black &amp; Decker<br \/>\nCor: Preto e laranja<br \/>\nQuantidade de pe\u00e7as: 40<br \/>\nItens Inclusos: 1 Estojo pl\u00e1stico<br \/>\n32 bits fenda e fenda cruzada<br \/>\n7 soquetes<br \/>\n1 catraca<br \/>\n<\/span><\/p>\n","protected":false},"featured_media":8460,"template":"","meta":{"_joinchat":[]},"product_brand":[],"product_cat":[137],"product_tag":[],"class_list":{"0":"post-8398","1":"product","2":"type-product","3":"status-publish","4":"has-post-thumbnail","6":"product_cat-ferramentas-manuais","8":"first","9":"outofstock","10":"shipping-taxable","11":"product-type-simple"},"_links":{"self":[{"href":"https:\/\/www.multicasa.com.br\/inicio\/wp-json\/wp\/v2\/product\/8398","targetHints":{"allow":["GET"]}}],"collection":[{"href":"https:\/\/www.multicasa.com.br\/inicio\/wp-json\/wp\/v2\/product"}],"about":[{"href":"https:\/\/www.multicasa.com.br\/inicio\/wp-json\/wp\/v2\/types\/product"}],"wp:featuredmedia":[{"embeddable":true,"href":"https:\/\/www.multicasa.com.br\/inicio\/wp-json\/wp\/v2\/media\/8460"}],"wp:attachment":[{"href":"https:\/\/www.multicasa.com.br\/inicio\/wp-json\/wp\/v2\/media?parent=8398"}],"wp:term":[{"taxonomy":"product_brand","embeddable":true,"href":"https:\/\/www.multicasa.com.br\/inicio\/wp-json\/wp\/v2\/product_brand?post=8398"},{"taxonomy":"product_cat","embeddable":true,"href":"https:\/\/www.multicasa.com.br\/inicio\/wp-json\/wp\/v2\/product_cat?post=8398"},{"taxonomy":"product_tag","embeddable":true,"href":"https:\/\/www.multicasa.com.br\/inicio\/wp-json\/wp\/v2\/product_tag?post=8398"}],"curies":[{"name":"wp","href":"https:\/\/api.w.org\/{rel}","templated":true}]}}